{"id":46,"date":"2021-02-23T21:05:12","date_gmt":"2021-02-23T20:05:12","guid":{"rendered":"https:\/\/paroisses-malabry.fr\/?page_id=46"},"modified":"2022-04-08T21:45:03","modified_gmt":"2022-04-08T19:45:03","slug":"nos-eglises","status":"publish","type":"page","link":"https:\/\/paroisses-chatenay.fr\/stebathilde\/accueil\/nos-eglises\/","title":{"rendered":"Les \u00e9glises des 3-Paroisses"},"content":{"rendered":"\n<div class=\"wp-block-media-text alignwide is-stacked-on-mobile\" style=\"grid-template-columns:18% auto\"><figure class=\"wp-block-media-text__media\"><img loading=\"lazy\" decoding=\"async\" width=\"390\" height=\"486\" src=\"https:\/\/paroisses-chatenay.fr\/stebathilde\/wp-content\/uploads\/2021\/05\/StGermain-2.jpg\" alt=\"\" class=\"wp-image-1110 size-full\" srcset=\"https:\/\/paroisses-chatenay.fr\/stebathilde\/wp-content\/uploads\/2021\/05\/StGermain-2.jpg 390w, https:\/\/paroisses-chatenay.fr\/stebathilde\/wp-content\/uploads\/2021\/05\/StGermain-2-241x300.jpg 241w\" sizes=\"auto, (max-width: 390px) 100vw, 390px\" \/><\/figure><div class=\"wp-block-media-text__content\">\n<p class=\"has-medium-font-size\"><strong>Paroisse Saint Germain l\u2019Auxerrois<\/strong><br>2 rue du Lavoir 92290 Ch\u00e2tenay-Malabry<br>Tel. 01 46 61 04 81<br>fax 01 46 61 27 99<br><a href=\"http:\/\/www.saint.germain.free.fr\" target=\"_blank\" rel=\"noreferrer noopener\">http:\/\/www.saint.germain.free.fr<\/a><br>E-mail: <a href=\"mailto:saint.germain@free.fr\">saint.germain@free.fr<\/a><\/p>\n<\/div><\/div>\n\n\n\n<div class=\"wp-block-media-text alignwide has-media-on-the-right is-stacked-on-mobile\" style=\"grid-template-columns:auto 21%\"><figure class=\"wp-block-media-text__media\"><img loading=\"lazy\" decoding=\"async\" width=\"390\" height=\"303\" src=\"https:\/\/paroisses-chatenay.fr\/stebathilde\/wp-content\/uploads\/2021\/05\/ChatenaySteTherese-2.jpg\" alt=\"\" class=\"wp-image-1109 size-full\" srcset=\"https:\/\/paroisses-chatenay.fr\/stebathilde\/wp-content\/uploads\/2021\/05\/ChatenaySteTherese-2.jpg 390w, https:\/\/paroisses-chatenay.fr\/stebathilde\/wp-content\/uploads\/2021\/05\/ChatenaySteTherese-2-300x233.jpg 300w\" sizes=\"auto, (max-width: 390px) 100vw, 390px\" \/><\/figure><div class=\"wp-block-media-text__content\">\n<p class=\"has-medium-font-size\"><strong>Paroisse Sainte Th\u00e9rese d\u2019Avila,<\/strong><br>Sainte Monique de la Butte Rouge<br>281 avenue de la division Leclerc<br>92290 Ch\u00e2tenay-Malabry<br>Tel. 01 46 31 41 65<br><a rel=\"noreferrer noopener\" href=\"http:\/\/diocese92.fr\/\" target=\"_blank\">http:\/\/catholique-nanterre.cef.fr\/<\/a><\/p>\n<\/div><\/div>\n\n\n\n<div class=\"wp-block-media-text alignwide is-stacked-on-mobile\" style=\"grid-template-columns:27% auto\"><figure class=\"wp-block-media-text__media\"><img loading=\"lazy\" decoding=\"async\" width=\"1024\" height=\"768\" src=\"https:\/\/paroisses-chatenay.fr\/stebathilde\/wp-content\/uploads\/2021\/05\/IMG_20210427_110147-1024x768.jpg\" alt=\"\" class=\"wp-image-859 size-full\" srcset=\"https:\/\/paroisses-chatenay.fr\/stebathilde\/wp-content\/uploads\/2021\/05\/IMG_20210427_110147-1024x768.jpg 1024w, https:\/\/paroisses-chatenay.fr\/stebathilde\/wp-content\/uploads\/2021\/05\/IMG_20210427_110147-300x225.jpg 300w, https:\/\/paroisses-chatenay.fr\/stebathilde\/wp-content\/uploads\/2021\/05\/IMG_20210427_110147-768x576.jpg 768w, https:\/\/paroisses-chatenay.fr\/stebathilde\/wp-content\/uploads\/2021\/05\/IMG_20210427_110147-1536x1152.jpg 1536w, https:\/\/paroisses-chatenay.fr\/stebathilde\/wp-content\/uploads\/2021\/05\/IMG_20210427_110147-2048x1536.jpg 2048w\" sizes=\"auto, (max-width: 1024px) 100vw, 1024px\" \/><\/figure><div class=\"wp-block-media-text__content\">\n<p class=\"has-medium-font-size\"><strong>Paroisse Sainte Bathilde<\/strong><\/p>\n\n\n\n<p class=\"has-medium-font-size\">43 avenue du Plessis, 92290 Chatenay Malabry<br>T\u00e9l. : 01 46 61 14 55 Fax. : 01 43 50 47 60<\/p>\n<\/div><\/div>\n\n\n\n<hr class=\"wp-block-separator\"\/>\n\n\n\n<h2 class=\"wp-block-heading\" id=\"paroisses-voisines\">Paroisses Voisines<\/h2>\n\n\n\n<hr class=\"wp-block-separator\"\/>\n\n\n\n<div class=\"wp-block-media-text alignwide is-stacked-on-mobile\" style=\"grid-template-columns:19% auto\"><figure class=\"wp-block-media-text__media\"><img loading=\"lazy\" decoding=\"async\" width=\"420\" height=\"434\" src=\"https:\/\/paroisses-chatenay.fr\/stebathilde\/wp-content\/uploads\/2021\/05\/StJeanBaptisteSceaux-1.jpg\" alt=\"\" class=\"wp-image-1111 size-full\" srcset=\"https:\/\/paroisses-chatenay.fr\/stebathilde\/wp-content\/uploads\/2021\/05\/StJeanBaptisteSceaux-1.jpg 420w, https:\/\/paroisses-chatenay.fr\/stebathilde\/wp-content\/uploads\/2021\/05\/StJeanBaptisteSceaux-1-290x300.jpg 290w\" sizes=\"auto, (max-width: 420px) 100vw, 420px\" \/><\/figure><div class=\"wp-block-media-text__content\">\n<p class=\"has-medium-font-size\"><strong>Paroisse Saint Jean Baptiste<\/strong><br>1 rue du Docteur Berger 92330 Sceaux<br>Tel. 01 41 13 06 06<br><a href=\"http:\/\/paroisse-sceaux.fr\/\" target=\"_blank\" rel=\"noreferrer noopener\">http:\/\/paroisse-sceaux.fr\/<\/a><\/p>\n<\/div><\/div>\n\n\n\n<div class=\"wp-block-media-text alignwide has-media-on-the-right is-stacked-on-mobile\" style=\"grid-template-columns:auto 23%\"><figure class=\"wp-block-media-text__media\"><img loading=\"lazy\" decoding=\"async\" width=\"500\" height=\"376\" src=\"https:\/\/paroisses-chatenay.fr\/stebathilde\/wp-content\/uploads\/2021\/05\/SteMagdeleinePlessis.jpg\" alt=\"\" class=\"wp-image-1114 size-full\" srcset=\"https:\/\/paroisses-chatenay.fr\/stebathilde\/wp-content\/uploads\/2021\/05\/SteMagdeleinePlessis.jpg 500w, https:\/\/paroisses-chatenay.fr\/stebathilde\/wp-content\/uploads\/2021\/05\/SteMagdeleinePlessis-300x226.jpg 300w\" sizes=\"auto, (max-width: 500px) 100vw, 500px\" \/><\/figure><div class=\"wp-block-media-text__content\">\n<p class=\"has-medium-font-size\"><strong>Paroisse Sainte Magdeleine<\/strong><br>6 rue F. Mansard<br>92350 Le Plessis Robinson<br>T\u00e9l: 01 46 30 03 06<br><a href=\"http:\/\/www.paroisses-plessis-clamart.fr\">http:\/\/www.paroisses-plessis-clamart.fr<\/a><\/p>\n<\/div><\/div>\n\n\n\n<div class=\"wp-block-media-text alignwide is-stacked-on-mobile\" style=\"grid-template-columns:19% auto\"><figure class=\"wp-block-media-text__media\"><img loading=\"lazy\" decoding=\"async\" width=\"597\" height=\"899\" src=\"https:\/\/paroisses-chatenay.fr\/stebathilde\/wp-content\/uploads\/2021\/05\/StPierrePaulFontenay.jpg\" alt=\"\" class=\"wp-image-1117 size-full\" srcset=\"https:\/\/paroisses-chatenay.fr\/stebathilde\/wp-content\/uploads\/2021\/05\/StPierrePaulFontenay.jpg 597w, https:\/\/paroisses-chatenay.fr\/stebathilde\/wp-content\/uploads\/2021\/05\/StPierrePaulFontenay-199x300.jpg 199w\" sizes=\"auto, (max-width: 597px) 100vw, 597px\" \/><\/figure><div class=\"wp-block-media-text__content\">\n<p class=\"has-medium-font-size\"><strong>Paroisse Saint Pierre-Saint Paul<\/strong><br>1 avenue du Parc 92260 Fontenay aux Roses<br>T\u00e9l: 01 46 61 11 70<br><a rel=\"noreferrer noopener\" href=\"https:\/\/sites.google.com\/view\/saintpierresaintpaulfontenay\/accueil\" target=\"_blank\">https:\/\/sites.google.com\/view\/saintpierresaintpaulfontenay\/accueil<\/a><\/p>\n<\/div><\/div>\n\n\n\n<div class=\"wp-block-media-text alignwide has-media-on-the-right is-stacked-on-mobile\" style=\"grid-template-columns:auto 17%\"><figure class=\"wp-block-media-text__media\"><img loading=\"lazy\" decoding=\"async\" width=\"420\" height=\"583\" src=\"https:\/\/paroisses-chatenay.fr\/stebathilde\/wp-content\/uploads\/2021\/05\/StStanislasFontenay.jpg\" alt=\"\" class=\"wp-image-1121 size-full\" srcset=\"https:\/\/paroisses-chatenay.fr\/stebathilde\/wp-content\/uploads\/2021\/05\/StStanislasFontenay.jpg 420w, https:\/\/paroisses-chatenay.fr\/stebathilde\/wp-content\/uploads\/2021\/05\/StStanislasFontenay-216x300.jpg 216w\" sizes=\"auto, (max-width: 420px) 100vw, 420px\" \/><\/figure><div class=\"wp-block-media-text__content\">\n<p class=\"has-medium-font-size\"><strong>Paroisse Saint Stanislas des Blagis<\/strong><br>104 avenue Gabriel P\u00e9ri 92260 Fontenay aux Roses<br>T\u00e9l : 01 41 87 09 00<br><a href=\"http:\/\/stanislas-blagis-catholique.fr\">http:\/\/stanislas-blagis-catholique.fr<\/a><\/p>\n<\/div><\/div>\n\n\n\n<div class=\"wp-block-media-text alignwide is-stacked-on-mobile\" style=\"grid-template-columns:24% auto\"><figure class=\"wp-block-media-text__media\"><img loading=\"lazy\" decoding=\"async\" width=\"638\" height=\"466\" src=\"https:\/\/paroisses-chatenay.fr\/stebathilde\/wp-content\/uploads\/2021\/05\/SteRitaFontenay.jpg\" alt=\"\" class=\"wp-image-1124 size-full\" srcset=\"https:\/\/paroisses-chatenay.fr\/stebathilde\/wp-content\/uploads\/2021\/05\/SteRitaFontenay.jpg 638w, https:\/\/paroisses-chatenay.fr\/stebathilde\/wp-content\/uploads\/2021\/05\/SteRitaFontenay-300x219.jpg 300w\" sizes=\"auto, (max-width: 638px) 100vw, 638px\" \/><\/figure><div class=\"wp-block-media-text__content\">\n<p class=\"has-medium-font-size\"><strong>Chapelle Sainte Rita<\/strong><br>7 rue Gentil-Bernard<br>92260 Fontenay aux Roses<br>T\u00e9l: 01 41 13 36 00<br><a href=\"http:\/\/www.residence-universitaire-lanteri.com\/fre\/chapelle-sainte-rita\" target=\"_blank\" rel=\"noreferrer noopener\">http:\/\/www.residence-universitaire-lanteri.com\/fre\/chapelle-sainte-rita<\/a><\/p>\n<\/div><\/div>\n\n\n\n<div class=\"wp-block-media-text alignwide has-media-on-the-right is-stacked-on-mobile\" style=\"grid-template-columns:auto 24%\"><figure class=\"wp-block-media-text__media\"><img loading=\"lazy\" decoding=\"async\" width=\"1024\" height=\"768\" src=\"https:\/\/paroisses-chatenay.fr\/stebathilde\/wp-content\/uploads\/2021\/07\/Orthodoxe-1024x768.jpg\" alt=\"\" class=\"wp-image-1675 size-full\" srcset=\"https:\/\/paroisses-chatenay.fr\/stebathilde\/wp-content\/uploads\/2021\/07\/Orthodoxe-1024x768.jpg 1024w, https:\/\/paroisses-chatenay.fr\/stebathilde\/wp-content\/uploads\/2021\/07\/Orthodoxe-300x225.jpg 300w, https:\/\/paroisses-chatenay.fr\/stebathilde\/wp-content\/uploads\/2021\/07\/Orthodoxe-768x576.jpg 768w, https:\/\/paroisses-chatenay.fr\/stebathilde\/wp-content\/uploads\/2021\/07\/Orthodoxe.jpg 1200w\" sizes=\"auto, (max-width: 1024px) 100vw, 1024px\" \/><\/figure><div class=\"wp-block-media-text__content\">\n<p class=\"has-medium-font-size\"><strong>Paroisse orthodoxe<\/strong><br>Communaut\u00e9 orthodoxe Saint Pierre \u2013 Saint Paul<br>43 avenue du Plessis&nbsp; 92290 Ch\u00e2tenay-Malabry<br>Tel.&nbsp; P\u00e8re Michel Evdokimov<br>T\u00e9l: 01 46 60 16 29<br><a href=\"http:\/\/prokimenon.onlc.fr\/\">http:\/\/prokimenon.onlc.fr\/<\/a><\/p>\n<\/div><\/div>\n","protected":false},"excerpt":{"rendered":"<p>Paroisse Saint Germain l\u2019Auxerrois2 rue du Lavoir 92290 Ch\u00e2tenay-MalabryTel. 01 46 61 04 81fax 01 46 61 27 99http:\/\/www.saint.germain.free.frE-mail: saint.germain@free.fr<\/p>\n","protected":false},"author":1,"featured_media":0,"parent":4,"menu_order":0,"comment_status":"closed","ping_status":"closed","template":"","meta":{"iawp_total_views":567,"footnotes":""},"class_list":["post-46","page","type-page","status-publish","hentry"],"_links":{"self":[{"href":"https:\/\/paroisses-chatenay.fr\/stebathilde\/wp-json\/wp\/v2\/pages\/46","targetHints":{"allow":["GET"]}}],"collection":[{"href":"https:\/\/paroisses-chatenay.fr\/stebathilde\/wp-json\/wp\/v2\/pages"}],"about":[{"href":"https:\/\/paroisses-chatenay.fr\/stebathilde\/wp-json\/wp\/v2\/types\/page"}],"author":[{"embeddable":true,"href":"https:\/\/paroisses-chatenay.fr\/stebathilde\/wp-json\/wp\/v2\/users\/1"}],"replies":[{"embeddable":true,"href":"https:\/\/paroisses-chatenay.fr\/stebathilde\/wp-json\/wp\/v2\/comments?post=46"}],"version-history":[{"count":38,"href":"https:\/\/paroisses-chatenay.fr\/stebathilde\/wp-json\/wp\/v2\/pages\/46\/revisions"}],"predecessor-version":[{"id":3357,"href":"https:\/\/paroisses-chatenay.fr\/stebathilde\/wp-json\/wp\/v2\/pages\/46\/revisions\/3357"}],"up":[{"embeddable":true,"href":"https:\/\/paroisses-chatenay.fr\/stebathilde\/wp-json\/wp\/v2\/pages\/4"}],"wp:attachment":[{"href":"https:\/\/paroisses-chatenay.fr\/stebathilde\/wp-json\/wp\/v2\/media?parent=46"}],"curies":[{"name":"wp","href":"https:\/\/api.w.org\/{rel}","templated":true}]}}

Les églises des 3-Paroisses

<div class="wp-block-media-text alignwide is-stacked-on-mobile" style="grid-template-columns:18% auto"><figure class="wp-block-media-text__media"><img loading="lazy" decoding="async" width="390" height="486" src="https://paroisses-chatenay.fr/stebathilde/wp-content/uploads/2021/05/StGermain-2.jpg" alt="" class="wp-image-1110 size-full" srcset="https://paroisses-chatenay.fr/stebathilde/wp-content/uploads/2021/05/StGermain-2.jpg 390w, https://paroisses-chatenay.fr/stebathilde/wp-content/uploads/2021/05/StGermain-2-241x300.jpg 241w" sizes="auto, (max-width: 390px) 100vw, 390px" /></figure><div class="wp-block-media-text__content">
<p class="has-medium-font-size"><strong>Paroisse Saint Germain l’Auxerrois</strong><br>2 rue du Lavoir 92290 Châtenay-Malabry<br>Tel. 01 46 61 04 81<br>fax 01 46 61 27 99<br><a href="http://www.saint.germain.free.fr" target="_blank" rel="noreferrer noopener">http://www.saint.germain.free.fr</a><br>E-mail: <a href="mailto:saint.germain@free.fr">saint.germain@free.fr</a></p>
</div></div>



<div class="wp-block-media-text alignwide has-media-on-the-right is-stacked-on-mobile" style="grid-template-columns:auto 21%"><figure class="wp-block-media-text__media"><img loading="lazy" decoding="async" width="390" height="303" src="https://paroisses-chatenay.fr/stebathilde/wp-content/uploads/2021/05/ChatenaySteTherese-2.jpg" alt="" class="wp-image-1109 size-full" srcset="https://paroisses-chatenay.fr/stebathilde/wp-content/uploads/2021/05/ChatenaySteTherese-2.jpg 390w, https://paroisses-chatenay.fr/stebathilde/wp-content/uploads/2021/05/ChatenaySteTherese-2-300x233.jpg 300w" sizes="auto, (max-width: 390px) 100vw, 390px" /></figure><div class="wp-block-media-text__content">
<p class="has-medium-font-size"><strong>Paroisse Sainte Thérese d’Avila,</strong><br>Sainte Monique de la Butte Rouge<br>281 avenue de la division Leclerc<br>92290 Châtenay-Malabry<br>Tel. 01 46 31 41 65<br><a rel="noreferrer noopener" href="http://diocese92.fr/" target="_blank">http://catholique-nanterre.cef.fr/</a></p>
</div></div>



<div class="wp-block-media-text alignwide is-stacked-on-mobile" style="grid-template-columns:27% auto"><figure class="wp-block-media-text__media"><img loading="lazy" decoding="async" width="1024" height="768" src="https://paroisses-chatenay.fr/stebathilde/wp-content/uploads/2021/05/IMG_20210427_110147-1024x768.jpg" alt="" class="wp-image-859 size-full" srcset="https://paroisses-chatenay.fr/stebathilde/wp-content/uploads/2021/05/IMG_20210427_110147-1024x768.jpg 1024w, https://paroisses-chatenay.fr/stebathilde/wp-content/uploads/2021/05/IMG_20210427_110147-300x225.jpg 300w, https://paroisses-chatenay.fr/stebathilde/wp-content/uploads/2021/05/IMG_20210427_110147-768x576.jpg 768w, https://paroisses-chatenay.fr/stebathilde/wp-content/uploads/2021/05/IMG_20210427_110147-1536x1152.jpg 1536w, https://paroisses-chatenay.fr/stebathilde/wp-content/uploads/2021/05/IMG_20210427_110147-2048x1536.jpg 2048w" sizes="auto, (max-width: 1024px) 100vw, 1024px" /></figure><div class="wp-block-media-text__content">
<p class="has-medium-font-size"><strong>Paroisse Sainte Bathilde</strong></p>



<p class="has-medium-font-size">43 avenue du Plessis, 92290 Chatenay Malabry<br>Tél. : 01 46 61 14 55 Fax. : 01 43 50 47 60</p>
</div></div>



<hr class="wp-block-separator"/>



<h2 class="wp-block-heading" id="paroisses-voisines">Paroisses Voisines</h2>



<hr class="wp-block-separator"/>



<div class="wp-block-media-text alignwide is-stacked-on-mobile" style="grid-template-columns:19% auto"><figure class="wp-block-media-text__media"><img loading="lazy" decoding="async" width="420" height="434" src="https://paroisses-chatenay.fr/stebathilde/wp-content/uploads/2021/05/StJeanBaptisteSceaux-1.jpg" alt="" class="wp-image-1111 size-full" srcset="https://paroisses-chatenay.fr/stebathilde/wp-content/uploads/2021/05/StJeanBaptisteSceaux-1.jpg 420w, https://paroisses-chatenay.fr/stebathilde/wp-content/uploads/2021/05/StJeanBaptisteSceaux-1-290x300.jpg 290w" sizes="auto, (max-width: 420px) 100vw, 420px" /></figure><div class="wp-block-media-text__content">
<p class="has-medium-font-size"><strong>Paroisse Saint Jean Baptiste</strong><br>1 rue du Docteur Berger 92330 Sceaux<br>Tel. 01 41 13 06 06<br><a href="http://paroisse-sceaux.fr/" target="_blank" rel="noreferrer noopener">http://paroisse-sceaux.fr/</a></p>
</div></div>



<div class="wp-block-media-text alignwide has-media-on-the-right is-stacked-on-mobile" style="grid-template-columns:auto 23%"><figure class="wp-block-media-text__media"><img loading="lazy" decoding="async" width="500" height="376" src="https://paroisses-chatenay.fr/stebathilde/wp-content/uploads/2021/05/SteMagdeleinePlessis.jpg" alt="" class="wp-image-1114 size-full" srcset="https://paroisses-chatenay.fr/stebathilde/wp-content/uploads/2021/05/SteMagdeleinePlessis.jpg 500w, https://paroisses-chatenay.fr/stebathilde/wp-content/uploads/2021/05/SteMagdeleinePlessis-300x226.jpg 300w" sizes="auto, (max-width: 500px) 100vw, 500px" /></figure><div class="wp-block-media-text__content">
<p class="has-medium-font-size"><strong>Paroisse Sainte Magdeleine</strong><br>6 rue F. Mansard<br>92350 Le Plessis Robinson<br>Tél: 01 46 30 03 06<br><a href="http://www.paroisses-plessis-clamart.fr">http://www.paroisses-plessis-clamart.fr</a></p>
</div></div>



<div class="wp-block-media-text alignwide is-stacked-on-mobile" style="grid-template-columns:19% auto"><figure class="wp-block-media-text__media"><img loading="lazy" decoding="async" width="597" height="899" src="https://paroisses-chatenay.fr/stebathilde/wp-content/uploads/2021/05/StPierrePaulFontenay.jpg" alt="" class="wp-image-1117 size-full" srcset="https://paroisses-chatenay.fr/stebathilde/wp-content/uploads/2021/05/StPierrePaulFontenay.jpg 597w, https://paroisses-chatenay.fr/stebathilde/wp-content/uploads/2021/05/StPierrePaulFontenay-199x300.jpg 199w" sizes="auto, (max-width: 597px) 100vw, 597px" /></figure><div class="wp-block-media-text__content">
<p class="has-medium-font-size"><strong>Paroisse Saint Pierre-Saint Paul</strong><br>1 avenue du Parc 92260 Fontenay aux Roses<br>Tél: 01 46 61 11 70<br><a rel="noreferrer noopener" href="https://sites.google.com/view/saintpierresaintpaulfontenay/accueil" target="_blank">https://sites.google.com/view/saintpierresaintpaulfontenay/accueil</a></p>
</div></div>



<div class="wp-block-media-text alignwide has-media-on-the-right is-stacked-on-mobile" style="grid-template-columns:auto 17%"><figure class="wp-block-media-text__media"><img loading="lazy" decoding="async" width="420" height="583" src="https://paroisses-chatenay.fr/stebathilde/wp-content/uploads/2021/05/StStanislasFontenay.jpg" alt="" class="wp-image-1121 size-full" srcset="https://paroisses-chatenay.fr/stebathilde/wp-content/uploads/2021/05/StStanislasFontenay.jpg 420w, https://paroisses-chatenay.fr/stebathilde/wp-content/uploads/2021/05/StStanislasFontenay-216x300.jpg 216w" sizes="auto, (max-width: 420px) 100vw, 420px" /></figure><div class="wp-block-media-text__content">
<p class="has-medium-font-size"><strong>Paroisse Saint Stanislas des Blagis</strong><br>104 avenue Gabriel Péri 92260 Fontenay aux Roses<br>Tél : 01 41 87 09 00<br><a href="http://stanislas-blagis-catholique.fr">http://stanislas-blagis-catholique.fr</a></p>
</div></div>



<div class="wp-block-media-text alignwide is-stacked-on-mobile" style="grid-template-columns:24% auto"><figure class="wp-block-media-text__media"><img loading="lazy" decoding="async" width="638" height="466" src="https://paroisses-chatenay.fr/stebathilde/wp-content/uploads/2021/05/SteRitaFontenay.jpg" alt="" class="wp-image-1124 size-full" srcset="https://paroisses-chatenay.fr/stebathilde/wp-content/uploads/2021/05/SteRitaFontenay.jpg 638w, https://paroisses-chatenay.fr/stebathilde/wp-content/uploads/2021/05/SteRitaFontenay-300x219.jpg 300w" sizes="auto, (max-width: 638px) 100vw, 638px" /></figure><div class="wp-block-media-text__content">
<p class="has-medium-font-size"><strong>Chapelle Sainte Rita</strong><br>7 rue Gentil-Bernard<br>92260 Fontenay aux Roses<br>Tél: 01 41 13 36 00<br><a href="http://www.residence-universitaire-lanteri.com/fre/chapelle-sainte-rita" target="_blank" rel="noreferrer noopener">http://www.residence-universitaire-lanteri.com/fre/chapelle-sainte-rita</a></p>
</div></div>



<div class="wp-block-media-text alignwide has-media-on-the-right is-stacked-on-mobile" style="grid-template-columns:auto 24%"><figure class="wp-block-media-text__media"><img loading="lazy" decoding="async" width="1024" height="768" src="https://paroisses-chatenay.fr/stebathilde/wp-content/uploads/2021/07/Orthodoxe-1024x768.jpg" alt="" class="wp-image-1675 size-full" srcset="https://paroisses-chatenay.fr/stebathilde/wp-content/uploads/2021/07/Orthodoxe-1024x768.jpg 1024w, https://paroisses-chatenay.fr/stebathilde/wp-content/uploads/2021/07/Orthodoxe-300x225.jpg 300w, https://paroisses-chatenay.fr/stebathilde/wp-content/uploads/2021/07/Orthodoxe-768x576.jpg 768w, https://paroisses-chatenay.fr/stebathilde/wp-content/uploads/2021/07/Orthodoxe.jpg 1200w" sizes="auto, (max-width: 1024px) 100vw, 1024px" /></figure><div class="wp-block-media-text__content">
<p class="has-medium-font-size"><strong>Paroisse orthodoxe</strong><br>Communauté orthodoxe Saint Pierre – Saint Paul<br>43 avenue du Plessis&nbsp; 92290 Châtenay-Malabry<br>Tel.&nbsp; Père Michel Evdokimov<br>Tél: 01 46 60 16 29<br><a href="http://prokimenon.onlc.fr/">http://prokimenon.onlc.fr/</a></p>
</div></div>

<p>Paroisse Saint Germain l’Auxerrois2 rue du Lavoir 92290 Châtenay-MalabryTel. 01 46 61 04 81fax 01 46 61 27 99http://www.saint.germain.free.frE-mail: saint.germain@free.fr</p>
