{"id":583,"date":"2021-05-01T12:22:54","date_gmt":"2021-05-01T11:22:54","guid":{"rendered":"https:\/\/paroisses-malabry.fr\/?page_id=583"},"modified":"2025-03-03T17:31:25","modified_gmt":"2025-03-03T15:31:25","slug":"les-equipes","status":"publish","type":"page","link":"https:\/\/paroisses-chatenay.fr\/stebathilde\/les-equipes\/","title":{"rendered":"Les \u00c9quipes"},"content":{"rendered":"\n<figure class=\"wp-block-table is-style-stripes\"><table><thead><tr><th>D\u00e9nomination<\/th><th>Membres<\/th><\/tr><\/thead><tbody><tr><td><a href=\"https:\/\/paroisses-chatenay.fr\/stebathilde\/equipe-paroissiale-de-coordination-epc\/\">\u00c9quipe Paroissiale de Coordination (EPC)<\/a><\/td><td>P\u00e8re Dominique Doyh\u00e9nart : 06 42 54 84 23\u00a0<br> <a href=\"mailto:dd92sud@gmail.com\">dd92sud@gmail.com<\/a><br><br>Ghislaine Vergnolle\u00a0: 06 59 46 59 35<br><a href=\"mailto:manlan_akissi@yahoo.fr\"><a href=\"mailto:fgvergnolle@gmail.com\">fgvergnolle@gmail.com<\/a><\/a><br><br>Catherine Joncour : 01 46 60 60 10\u00a0 <br><a href=\"mailto:catjonc@gmail.com\">catjonc@gmail.com<\/a><br><br>Philippe Herv\u00e9 : 01 43 50 09 83 \u00a0<br><a href=\"mailto:rvphilippe@gmail.com\">rvphilippe@gmail.com<\/a><\/td><\/tr><tr><td><a href=\"https:\/\/paroisses-chatenay.fr\/stebathilde\/conseil-paroissial-des-affaires-economiques-cpae\/\">Conseil Paroissial Aux Affaires \u00c9conomiques (CPAE)<\/a><\/td><td>P\u00e8re Dominique Doyh\u00e9nart<br><a href=\"mailto:dd92sud@gmail.com\">dd92sud@gmail.com<\/a><br><br>Jacques Dougny<br><a href=\"mailto:jacques.dougny@wanadoo.fr\">jacques.dougny@wanadoo.fr<\/a><br><br>Charles Pillard : \u00a0\u00a006 82 93 41 22\u00a0 \u00a0 \u00a0 \u00a0<br><a href=\"mailto:famillepillard@orange.fr\">famillepillard@orange.fr<\/a><br><br>Philippe Herv\u00e9\u00a0<br><a href=\"mailto:rvphilippe@gmail.com\">rvphilippe@gmail.com<\/a><br><br>Yves Thaler<br><a href=\"mailto:jfvasseur@wanadoo.fr\">ythaler@free.fr<\/a><\/td><\/tr><tr><td><a href=\"https:\/\/paroisses-chatenay.fr\/stebathilde\/accueil-2\/\">Accueil<\/a><\/td><td>Bernard Thiault : 01 46 60 09 60<br><a href=\"mailto:bernardthiault@sfr.fr\">bernardthiault@sfr.fr<\/a><\/td><\/tr><tr><td>Liturgie<\/td><td>Catherine JONCOUR : 01 46 60 60 10<br><a href=\"mailto:catjonc@gmail.com\">catjonc@gmail.com<\/a><\/td><\/tr><tr><td><a href=\"https:\/\/paroisses-chatenay.fr\/stebathilde\/animation-des-chants\/\">Animation des Chants<\/a><\/td><td>Juliette Foulhoux&nbsp;<br><a href=\"mailto:juliette.foulhoux@gmail.com\">juliette.foulhoux@gmail.com<\/a><\/td><\/tr><tr><td>Communication<\/td><td>Genevi\u00e8ve Reymann : 06 71 71 42 49&nbsp; <br><a href=\"mailto:greymann@sfr.fr\">greymann@sfr.fr<\/a><\/td><\/tr><tr><td>Fleurs<\/td><td>Coralie Martins : 06 02 41 38 28\u00a0 <br><a href=\"mailto:pitaibo.maury@laposte.net\">coraliemartins73@gmail.com<\/a><\/td><\/tr><tr><td><a href=\"https:\/\/paroisses-chatenay.fr\/stebathilde\/bulletins-mensuels\/\">Bulletin mensuel<\/a><\/td><td><\/td><\/tr><tr><td>Web<\/td><td>Samuel Dingninou<br><a href=\"mailto:adodo74@gmail.com\">adodo74@gmail.com<\/a><\/td><\/tr><tr><td><\/td><td><\/td><\/tr><tr><td>Bapt\u00eame des enfants<\/td><td>Jocelyne et Ange Miezan\u00a0: 06 17 15 18 04\u00a0 <br><a href=\"mailto:manlan_akissi@yahoo.fr\">manlan_akissi@yahoo.fr<\/a><\/td><\/tr><tr><td>Cat\u00e9chisme<\/td><td>H\u00e9l\u00e8ne Boureau : 01 43 50 23 98 \u00a0\u00a0\u00a0\u00a0\u00a0\u00a0\u00a0\u00a0\u00a0\u00a0 <br><a href=\"mailto:helene.boureau@gmail.com\">helene.boureau@gmail.com<\/a><\/td><\/tr><tr><td><\/td><td><\/td><\/tr><tr><td>Pr\u00e9paration au mariage<\/td><td>P\u00e8re Dominique Doyh\u00e9nart : 06 42 54 84 23\u00a0 <br><a href=\"mailto:dd92sud@gmail.com\">dd92sud@gmail.com<\/a><\/td><\/tr><tr><td>Accompagnement des familles en deuil<br><br>Solidarit\u00e9 Sainte Bathilde<\/td><td>Annie Triomphe :\u00a006 85 40 25 61\u00a0 <br><a href=\"mailto:annietriomphe@gmail.com\">annietriomphe@gmail.com<\/a><br><br>Genevi\u00e8ve Reymann : 06 71 71 42 49<br><a href=\"mailto:greymann@sfr.fr\">greymann@sfr.fr<\/a><\/td><\/tr><tr><td>Entretien &amp; Espaces Verts<\/td><td>Charles Pillard : \u00a0\u00a006 82 93 41 22\u00a0 \u00a0 \u00a0 \u00a0<br><a href=\"mailto:famillepillard@orange.fr\">famillepillard@orange.fr<\/a><\/td><\/tr><tr><td><\/td><td><\/td><\/tr><\/tbody><\/table><\/figure>\n","protected":false},"excerpt":{"rendered":"<p>D\u00e9nomination Membres \u00c9quipe Paroissiale de Coordination (EPC) P\u00e8re Dominique Doyh\u00e9nart : 06 42 54 84 23\u00a0 dd92sud@gmail.com Ghislaine Vergnolle\u00a0: 06<\/p>\n","protected":false},"author":3,"featured_media":0,"parent":0,"menu_order":0,"comment_status":"closed","ping_status":"closed","template":"","meta":{"iawp_total_views":305,"footnotes":""},"class_list":["post-583","page","type-page","status-publish","hentry"],"_links":{"self":[{"href":"https:\/\/paroisses-chatenay.fr\/stebathilde\/wp-json\/wp\/v2\/pages\/583","targetHints":{"allow":["GET"]}}],"collection":[{"href":"https:\/\/paroisses-chatenay.fr\/stebathilde\/wp-json\/wp\/v2\/pages"}],"about":[{"href":"https:\/\/paroisses-chatenay.fr\/stebathilde\/wp-json\/wp\/v2\/types\/page"}],"author":[{"embeddable":true,"href":"https:\/\/paroisses-chatenay.fr\/stebathilde\/wp-json\/wp\/v2\/users\/3"}],"replies":[{"embeddable":true,"href":"https:\/\/paroisses-chatenay.fr\/stebathilde\/wp-json\/wp\/v2\/comments?post=583"}],"version-history":[{"count":34,"href":"https:\/\/paroisses-chatenay.fr\/stebathilde\/wp-json\/wp\/v2\/pages\/583\/revisions"}],"predecessor-version":[{"id":5853,"href":"https:\/\/paroisses-chatenay.fr\/stebathilde\/wp-json\/wp\/v2\/pages\/583\/revisions\/5853"}],"wp:attachment":[{"href":"https:\/\/paroisses-chatenay.fr\/stebathilde\/wp-json\/wp\/v2\/media?parent=583"}],"curies":[{"name":"wp","href":"https:\/\/api.w.org\/{rel}","templated":true}]}}