{"id":587,"date":"2021-05-01T12:24:13","date_gmt":"2021-05-01T11:24:13","guid":{"rendered":"https:\/\/paroisses-malabry.fr\/?page_id=587"},"modified":"2026-04-10T09:54:17","modified_gmt":"2026-04-10T07:54:17","slug":"bulletins-mensuels","status":"publish","type":"page","link":"https:\/\/paroisses-chatenay.fr\/stebathilde\/bulletins-mensuels\/","title":{"rendered":"Bulletins"},"content":{"rendered":"\n<p>Chers lecteurs<\/p>\n\n\n\n<p>Vous trouverez ci-apr\u00e8s les derniers bulletins de la Paroisse (Ste Bathilde et J3P) ainsi que les archives. Cliquer sur celui qui vous int\u00e9resse il s\u2019ouvrira dans un format&nbsp; imprimable ou enregistrable selon votre pr\u00e9f\u00e9rence.<br>Vous retrouverez \u00e9galement \u00ab&nbsp;<a href=\"https:\/\/diocese92.fr\/-Publications-\">La Lettre<\/a>&nbsp;\u00bb, Bulletin de l\u2019\u00c9glise Catholique des Hauts-de-Seine, ainsi que sa version pour les enfants \u00ab&nbsp;La Mini-Lettre&nbsp;\u00bb.<\/p>\n\n\n\n<p>Si vous souhaitez nous transmettre des annonces \u00e0 int\u00e9grer au prochain bulletin cela est bien sur possible. Vous pouvez transmettre vos documents \u00e0 l&rsquo;accueil \u00e0 l\u2019adresse courriel suivante : <a href=\"mailto:accueil.stebathilde@gmail.com\">accueil.stebathilde@gmail.com<\/a><\/p>\n\n\n\n<p>Bonne lecture \u00e0 Tous.<\/p>\n\n\n\n<figure class=\"wp-block-table alignwide\"><table class=\"has-background\" style=\"background-color:#e7f5fe\"><thead><tr><th>Journal des 3-Paroisses<\/th><th>Bulletin de Sainte Bathilde<\/th><th><\/th><\/tr><\/thead><tbody><tr><td><a href=\"https:\/\/paroisses-chatenay.fr\/stebathilde\/wp-content\/uploads\/2026\/04\/J3P_n\u00b0115.pdf\" target=\"_blank\" rel=\"noreferrer noopener\">N<sup>o<\/sup>115<\/a><\/td><td><a href=\"https:\/\/paroisses-chatenay.fr\/stebathilde\/wp-content\/uploads\/2026\/04\/bulletin-avril-mai-2026.pdf\" target=\"_blank\" rel=\"noreferrer noopener\">2026-04<\/a><\/td><td><\/td><\/tr><tr><td><a href=\"https:\/\/paroisses-chatenay.fr\/stebathilde\/wp-content\/uploads\/2026\/03\/J3P_n\u00b0114_V2.pdf\" target=\"_blank\" rel=\"noreferrer noopener\">N<sup>o<\/sup>114<\/a><\/td><td><a href=\"https:\/\/paroisses-chatenay.fr\/stebathilde\/wp-content\/uploads\/2026\/03\/Bul-mars-avril-tirage.pdf\" target=\"_blank\" rel=\"noreferrer noopener\">2026-03<\/a><\/td><td><\/td><\/tr><tr><td><a href=\"https:\/\/paroisses-chatenay.fr\/stebathilde\/wp-content\/uploads\/2026\/02\/J3P_n\u00b0113.pdf\" target=\"_blank\" rel=\"noreferrer noopener\">N<sup>o<\/sup>113<\/a><\/td><td><a href=\"https:\/\/paroisses-chatenay.fr\/stebathilde\/wp-content\/uploads\/2026\/02\/bul-fev-mars.pdf\" target=\"_blank\" rel=\"noreferrer noopener\">2026-02<\/a><\/td><td><\/td><\/tr><tr><td><a href=\"https:\/\/paroisses-chatenay.fr\/stebathilde\/wp-content\/uploads\/2026\/01\/J3P_n\u00b0112.pdf\" target=\"_blank\" rel=\"noreferrer noopener\">N<sup>o<\/sup>112<\/a><\/td><td><a href=\"https:\/\/paroisses-chatenay.fr\/stebathilde\/wp-content\/uploads\/2026\/01\/Bul-janv-fev-26-def.pdf\" target=\"_blank\" rel=\"noreferrer noopener\">2026-01<\/a><\/td><td><\/td><\/tr><tr><td><a href=\"https:\/\/paroisses-chatenay.fr\/stebathilde\/wp-content\/uploads\/2025\/12\/J3P_n\u00b0111.pdf\" target=\"_blank\" rel=\"noreferrer noopener\">N<sup>o<\/sup>111<\/a><\/td><td><a href=\"https:\/\/paroisses-chatenay.fr\/stebathilde\/wp-content\/uploads\/2025\/12\/Bul-dec-janv1.pdf\" target=\"_blank\" rel=\"noreferrer noopener\">2025-12<\/a><\/td><td><\/td><\/tr><tr><td><a href=\"https:\/\/paroisses-chatenay.fr\/stebathilde\/wp-content\/uploads\/2025\/11\/J3P_n\u00b0110.pdf\" target=\"_blank\" rel=\"noreferrer noopener\">N<sup>o<\/sup>110<\/a><\/td><td><a href=\"https:\/\/paroisses-chatenay.fr\/stebathilde\/wp-content\/uploads\/2025\/11\/Bul-nov-dec-1.pdf\" target=\"_blank\" rel=\"noreferrer noopener\">2025-11<\/a><\/td><td><\/td><\/tr><tr><td><a href=\"https:\/\/paroisses-chatenay.fr\/stebathilde\/wp-content\/uploads\/2025\/10\/J3P_n\u00b0109.pdf\" target=\"_blank\" rel=\"noreferrer noopener\">N<sup>o<\/sup>109<\/a><\/td><td><a href=\"https:\/\/paroisses-chatenay.fr\/stebathilde\/wp-content\/uploads\/2025\/10\/Bul-oct_nov-DEF.pdf\" target=\"_blank\" rel=\"noreferrer noopener\">2025-10<\/a><\/td><td><\/td><\/tr><tr><td><a href=\"https:\/\/paroisses-chatenay.fr\/stebathilde\/wp-content\/uploads\/2025\/09\/J3P-n\u00b0108.pdf\" target=\"_blank\" rel=\"noreferrer noopener\">N<sup>o<\/sup>108<\/a><\/td><td><a href=\"https:\/\/paroisses-chatenay.fr\/stebathilde\/wp-content\/uploads\/2025\/09\/Bul-sept-oct-1.pdf\" target=\"_blank\" rel=\"noreferrer noopener\">2025-09<\/a><\/td><td><\/td><\/tr><tr><td><a href=\"https:\/\/paroisses-chatenay.fr\/stebathilde\/wp-content\/uploads\/2025\/06\/J3P_n\u00b0107_2025.06.23-09.14.pdf\" target=\"_blank\" rel=\"noreferrer noopener\">N<sup>o<\/sup>107<\/a><\/td><td><a href=\"https:\/\/paroisses-chatenay.fr\/stebathilde\/wp-content\/uploads\/2025\/06\/ete-2025-def.pdf\" target=\"_blank\" rel=\"noreferrer noopener\">2025-06<\/a><\/td><td><a href=\"https:\/\/paroisses-chatenay.fr\/stebathilde\/wp-content\/uploads\/2025\/06\/Deniers-Ste-Bathilde.pdf\" target=\"_blank\" rel=\"noreferrer noopener\">Deniers Ste Bathilde<\/a><\/td><\/tr><tr><td><a href=\"https:\/\/paroisses-chatenay.fr\/stebathilde\/wp-content\/uploads\/2025\/05\/J3P_n\u00b0106-_2025.05.18-06.23.pdf\" target=\"_blank\" rel=\"noreferrer noopener\">N<sup>o<\/sup>106<\/a><\/td><td><a href=\"https:\/\/paroisses-chatenay.fr\/stebathilde\/wp-content\/uploads\/2025\/05\/Bulletin-mai-juin-def.pdf\" target=\"_blank\" rel=\"noreferrer noopener\">2025-05<\/a><\/td><td><\/td><\/tr><tr><td><a href=\"https:\/\/paroisses-chatenay.fr\/stebathilde\/wp-content\/uploads\/2025\/04\/J3P-n\u00b0105-2025.04.07-05.18-pptx.pdf\" target=\"_blank\" rel=\"noreferrer noopener\">N<sup>o<\/sup>105<\/a><\/td><td><a href=\"https:\/\/paroisses-chatenay.fr\/stebathilde\/wp-content\/uploads\/2025\/04\/Bul-avril-mai-25.pdf\" target=\"_blank\" rel=\"noreferrer noopener\">2025-04<\/a><\/td><td><a href=\"https:\/\/paroisses-chatenay.fr\/stebathilde\/wp-content\/uploads\/2025\/04\/Comptes_Paroissiaux_a2025_def.pdf\" target=\"_blank\" rel=\"noreferrer noopener\">Comptes Paroissiaux 2024\/2025<\/a><\/td><\/tr><tr><td><a href=\"https:\/\/paroisses-chatenay.fr\/stebathilde\/wp-content\/uploads\/2025\/03\/J3P_n\u00b0104_-_2025.03.11-04.06._pptx.pdf\" target=\"_blank\" rel=\"noreferrer noopener\">No104<\/a><\/td><td><a href=\"https:\/\/paroisses-chatenay.fr\/stebathilde\/wp-content\/uploads\/2025\/03\/Bulmars-avril-25.pdf\" target=\"_blank\" rel=\"noreferrer noopener\">2025-03<\/a><\/td><td><\/td><\/tr><tr><td><a href=\"https:\/\/paroisses-chatenay.fr\/stebathilde\/wp-content\/uploads\/2025\/02\/J3P_n\u00b0103_-_2025.02.10-03.10_pptx.pdf\" target=\"_blank\" rel=\"noreferrer noopener\">No103<\/a><\/td><td><a href=\"https:\/\/paroisses-chatenay.fr\/stebathilde\/wp-content\/uploads\/2025\/02\/Bul-fev-mars-25.pdf\" target=\"_blank\" rel=\"noreferrer noopener\">2025-02<\/a><\/td><td><\/td><\/tr><tr><td><a href=\"https:\/\/paroisses-chatenay.fr\/stebathilde\/wp-content\/uploads\/2025\/01\/J3P_n\u00b0102_-_2025.01.20-02.10.pdf\" target=\"_blank\" rel=\"noreferrer noopener\">N<sup>o<\/sup>102<\/a><\/td><td><a href=\"https:\/\/paroisses-chatenay.fr\/stebathilde\/wp-content\/uploads\/2025\/01\/bul-janv-fev.pdf\" target=\"_blank\" rel=\"noreferrer noopener\">2025-01<\/a><\/td><td><a href=\"https:\/\/paroisses-chatenay.fr\/stebathilde\/wp-content\/uploads\/2025\/01\/Message-eveque.pdf\" target=\"_blank\" rel=\"noreferrer noopener\">Message de l&rsquo;\u00e9v\u00eaque<\/a><\/td><\/tr><tr><td><a href=\"https:\/\/paroisses-chatenay.fr\/stebathilde\/wp-content\/uploads\/2024\/12\/J3P-n\u00b0-101-2024.12.09-2025.01.20.pdf\" target=\"_blank\" rel=\"noreferrer noopener\">N<sup>o<\/sup>101<\/a><\/td><td><a href=\"https:\/\/paroisses-chatenay.fr\/stebathilde\/wp-content\/uploads\/2024\/12\/Bull-dec24-janv25.pdf\" target=\"_blank\" rel=\"noreferrer noopener\">2024-12<\/a><\/td><td><\/td><\/tr><tr><td><a href=\"https:\/\/paroisses-chatenay.fr\/stebathilde\/wp-content\/uploads\/2024\/11\/J3P-n\u00b0-100-2024.11.18-12.08.pdf\" target=\"_blank\" rel=\"noreferrer noopener\">N<sup>o<\/sup>100<\/a><\/td><td><a href=\"https:\/\/paroisses-chatenay.fr\/stebathilde\/wp-content\/uploads\/2024\/11\/Bull-nov-dec-24.pdf\" target=\"_blank\" rel=\"noreferrer noopener\">2024-11<\/a><\/td><td><\/td><\/tr><tr><td><a href=\"https:\/\/paroisses-chatenay.fr\/stebathilde\/wp-content\/uploads\/2024\/10\/J3P-n\u00b0-99-2024.10.06-11.17.pdf\" target=\"_blank\" rel=\"noreferrer noopener\">N<sup>o<\/sup>99<\/a><\/td><td><a href=\"https:\/\/paroisses-chatenay.fr\/stebathilde\/wp-content\/uploads\/2024\/10\/Bull-oct-nov-24.pdf\" target=\"_blank\" rel=\"noreferrer noopener\">2024-10<\/a><\/td><td><\/td><\/tr><tr><td><a href=\"https:\/\/paroisses-chatenay.fr\/stebathilde\/wp-content\/uploads\/2024\/09\/J3P-n\u00b0-98-V2-2024.09.09-10.06-2024.pdf\" target=\"_blank\" rel=\"noreferrer noopener\">N<sup>o<\/sup>98<\/a><\/td><td><a href=\"https:\/\/paroisses-chatenay.fr\/stebathilde\/wp-content\/uploads\/2024\/09\/Bul-sept-oct-24.pdf\" target=\"_blank\" rel=\"noreferrer noopener\">2024-09<\/a><\/td><td><\/td><\/tr><tr><td><a href=\"https:\/\/paroisses-chatenay.fr\/stebathilde\/wp-content\/uploads\/2024\/06\/J3P-n\u00b0-97-1er-juillet-au-8-septembre-2024.pdf\" target=\"_blank\" rel=\"noreferrer noopener\">N<sup>o<\/sup>97<\/a><\/td><td><a href=\"https:\/\/paroisses-chatenay.fr\/stebathilde\/wp-content\/uploads\/2024\/06\/Bul-juillet-aout-def.pdf\" target=\"_blank\" rel=\"noreferrer noopener\">2024-07\/08<\/a><\/td><td><\/td><\/tr><tr><td><a href=\"https:\/\/paroisses-chatenay.fr\/stebathilde\/wp-content\/uploads\/2024\/05\/J3P-n\u00b0-96-27-mai-au-30-juin-2024.pdf\" target=\"_blank\" rel=\"noreferrer noopener\">N<sup>o<\/sup>96<\/a><\/td><td><a href=\"https:\/\/paroisses-chatenay.fr\/stebathilde\/wp-content\/uploads\/2024\/05\/Bul-mai-juin_Def2.pdf\" target=\"_blank\" rel=\"noreferrer noopener\">2024-06<\/a><\/td><td><\/td><\/tr><tr><td><a href=\"https:\/\/paroisses-chatenay.fr\/stebathilde\/wp-content\/uploads\/2024\/04\/J3P-n\u00b0-95-29-avril-au-26-mai-2024-V2.pdf\" target=\"_blank\" rel=\"noreferrer noopener\">N<sup>o<\/sup>95<\/a><\/td><td><a href=\"https:\/\/paroisses-chatenay.fr\/stebathilde\/wp-content\/uploads\/2024\/04\/Bul-avril-mai-def.pdf\" target=\"_blank\" rel=\"noreferrer noopener\">2024-05<\/a><\/td><td><\/td><\/tr><tr><td><a href=\"https:\/\/paroisses-chatenay.fr\/stebathilde\/wp-content\/uploads\/2024\/03\/J3P-n\u00b094-25.03.-28.04.2024.pdf\" target=\"_blank\" rel=\"noreferrer noopener\">N<sup>o<\/sup>94<\/a><\/td><td><a href=\"https:\/\/paroisses-chatenay.fr\/stebathilde\/wp-content\/uploads\/2024\/03\/Bul-mars-avril_complet-V1.pdf\" target=\"_blank\" rel=\"noreferrer noopener\">2024-04<\/a><\/td><td><\/td><\/tr><tr><td><a href=\"https:\/\/paroisses-chatenay.fr\/stebathilde\/wp-content\/uploads\/2024\/03\/J3P-n\u00b093-04.03-24.03.2024.pdf\" target=\"_blank\" rel=\"noreferrer noopener\">N<sup>o<\/sup>93<\/a><\/td><td><a href=\"https:\/\/paroisses-chatenay.fr\/stebathilde\/wp-content\/uploads\/2024\/03\/Bul-mars-2024.def_.pdf\" target=\"_blank\" rel=\"noreferrer noopener\">2024-03<\/a><\/td><td><\/td><\/tr><tr><td><a href=\"https:\/\/paroisses-chatenay.fr\/stebathilde\/wp-content\/uploads\/2024\/02\/J3P-n92-05.02.24-03.03.24.pdf\" target=\"_blank\" rel=\"noreferrer noopener\">N<sup>o<\/sup>92<\/a><\/td><td><a href=\"https:\/\/paroisses-chatenay.fr\/stebathilde\/wp-content\/uploads\/2024\/02\/Bul-fev-mars-p1-2-def.pdf\" target=\"_blank\" rel=\"noreferrer noopener\">2024-02<\/a><\/td><td><\/td><\/tr><tr><td><a href=\"https:\/\/paroisses-chatenay.fr\/stebathilde\/wp-content\/uploads\/2024\/01\/J3P-n91-15.01-04.02.24.pdf\" target=\"_blank\" rel=\"noreferrer noopener\">N<sup>o<\/sup>91<\/a><\/td><td><a href=\"https:\/\/paroisses-chatenay.fr\/stebathilde\/wp-content\/uploads\/2024\/01\/Bul-janv-fev-2024.pdf\" target=\"_blank\" rel=\"noreferrer noopener\">2024-01<\/a><\/td><td><\/td><\/tr><tr><td><a href=\"https:\/\/paroisses-chatenay.fr\/stebathilde\/wp-content\/uploads\/2023\/12\/J3P-n\u00b090-11.12.23-01.14.24.pdf\" target=\"_blank\" rel=\"noreferrer noopener\">N<sup>o<\/sup>90<\/a><\/td><td><a href=\"https:\/\/paroisses-chatenay.fr\/stebathilde\/wp-content\/uploads\/2023\/12\/bulletin-dec-janv-2023.pdf\" target=\"_blank\" rel=\"noreferrer noopener\">2023-12<\/a><\/td><td><\/td><\/tr><tr><td><a href=\"https:\/\/paroisses-chatenay.fr\/stebathilde\/wp-content\/uploads\/2023\/11\/J3P-n\u00b0-89-2023.11.20-12.10.pdf\" target=\"_blank\" rel=\"noreferrer noopener\">N<sup>o<\/sup>89<\/a><\/td><td><a href=\"https:\/\/paroisses-chatenay.fr\/stebathilde\/wp-content\/uploads\/2023\/11\/Ste-Bath-Bul-Nov-2023.pdf\" target=\"_blank\" rel=\"noreferrer noopener\">2023-11<\/a><\/td><td><\/td><\/tr><tr><td><a href=\"https:\/\/paroisses-chatenay.fr\/stebathilde\/wp-content\/uploads\/2023\/10\/J3P-n\u00b0-88-2023.10.08-11.19.pdf\" target=\"_blank\" rel=\"noreferrer noopener\">N<sup>o<\/sup>88<\/a><\/td><td><a href=\"https:\/\/paroisses-chatenay.fr\/stebathilde\/wp-content\/uploads\/2023\/10\/bulletin-oct-nov-page-2023.pdf\" target=\"_blank\" rel=\"noreferrer noopener\">2023-10<\/a><\/td><td><\/td><\/tr><tr><td><a href=\"https:\/\/paroisses-chatenay.fr\/stebathilde\/wp-content\/uploads\/2023\/09\/J3P-n\u00b0-87-2023.09.11-10.08.pdf\" data-type=\"link\" data-id=\"https:\/\/paroisses-chatenay.fr\/stebathilde\/wp-content\/uploads\/2023\/09\/J3P-n\u00b0-87-2023.09.11-10.08.pdf\" target=\"_blank\" rel=\"noreferrer noopener\">N<sup>o<\/sup>87<\/a><\/td><td><a href=\"https:\/\/paroisses-chatenay.fr\/stebathilde\/wp-content\/uploads\/2023\/09\/Bulletin-septembre-23.pdf\" target=\"_blank\" rel=\"noreferrer noopener\">2023-09<\/a><\/td><td><\/td><\/tr><tr><td><a href=\"https:\/\/paroisses-chatenay.fr\/stebathilde\/wp-content\/uploads\/2023\/07\/J3P-n\u00b0-86-2023.06.26-09.10-V1.pdf\" target=\"_blank\" rel=\"noreferrer noopener\">N<sup>o<\/sup>86<\/a><\/td><td><a href=\"https:\/\/paroisses-chatenay.fr\/stebathilde\/wp-content\/uploads\/2023\/07\/bul-juillet-aout_def.pdf\" target=\"_blank\" rel=\"noreferrer noopener\">2023-07\/08<\/a><\/td><td><\/td><\/tr><tr><td><a href=\"https:\/\/paroisses-chatenay.fr\/stebathilde\/wp-content\/uploads\/2023\/05\/J3P-n-85-2023.05.22.pdf\" target=\"_blank\" rel=\"noreferrer noopener\">N<sup>o<\/sup>85<\/a><\/td><td><a href=\"https:\/\/paroisses-chatenay.fr\/stebathilde\/wp-content\/uploads\/2023\/05\/Bulletin-juin-23.pdf\" target=\"_blank\" rel=\"noreferrer noopener\">2023-05<\/a><\/td><td><\/td><\/tr><tr><td><a href=\"https:\/\/paroisses-chatenay.fr\/stebathilde\/wp-content\/uploads\/2023\/04\/J3P-n\u00b0-84-2023.04.17.pdf\" target=\"_blank\" rel=\"noreferrer noopener\">N<sup>o<\/sup>84<\/a><\/td><td><a rel=\"noreferrer noopener\" href=\"https:\/\/paroisses-chatenay.fr\/stebathilde\/wp-content\/uploads\/2023\/04\/Bul-avril-mai-comptes.pdf\" target=\"_blank\">2023-04<\/a>  (+ Comptes 2022 et Budget 2023)<\/td><td><\/td><\/tr><\/tbody><\/table><\/figure>\n","protected":false},"excerpt":{"rendered":"<p>Chers lecteurs Vous trouverez ci-apr\u00e8s les derniers bulletins de la Paroisse (Ste Bathilde et J3P) ainsi que les archives. Cliquer<\/p>\n","protected":false},"author":2,"featured_media":0,"parent":0,"menu_order":0,"comment_status":"closed","ping_status":"closed","template":"","meta":{"iawp_total_views":608,"footnotes":""},"class_list":["post-587","page","type-page","status-publish","hentry"],"_links":{"self":[{"href":"https:\/\/paroisses-chatenay.fr\/stebathilde\/wp-json\/wp\/v2\/pages\/587","targetHints":{"allow":["GET"]}}],"collection":[{"href":"https:\/\/paroisses-chatenay.fr\/stebathilde\/wp-json\/wp\/v2\/pages"}],"about":[{"href":"https:\/\/paroisses-chatenay.fr\/stebathilde\/wp-json\/wp\/v2\/types\/page"}],"author":[{"embeddable":true,"href":"https:\/\/paroisses-chatenay.fr\/stebathilde\/wp-json\/wp\/v2\/users\/2"}],"replies":[{"embeddable":true,"href":"https:\/\/paroisses-chatenay.fr\/stebathilde\/wp-json\/wp\/v2\/comments?post=587"}],"version-history":[{"count":189,"href":"https:\/\/paroisses-chatenay.fr\/stebathilde\/wp-json\/wp\/v2\/pages\/587\/revisions"}],"predecessor-version":[{"id":6282,"href":"https:\/\/paroisses-chatenay.fr\/stebathilde\/wp-json\/wp\/v2\/pages\/587\/revisions\/6282"}],"wp:attachment":[{"href":"https:\/\/paroisses-chatenay.fr\/stebathilde\/wp-json\/wp\/v2\/media?parent=587"}],"curies":[{"name":"wp","href":"https:\/\/api.w.org\/{rel}","templated":true}]}}