{"id":901,"date":"2021-05-15T20:29:34","date_gmt":"2021-05-15T19:29:34","guid":{"rendered":"https:\/\/paroisses-malabry.fr\/?page_id=901"},"modified":"2023-02-23T20:18:16","modified_gmt":"2023-02-23T18:18:16","slug":"equipe-paroissiale-de-coordination-epc","status":"publish","type":"page","link":"https:\/\/paroisses-chatenay.fr\/stebathilde\/equipe-paroissiale-de-coordination-epc\/","title":{"rendered":"\u00c9quipe Paroissiale de Coordination (EPC)"},"content":{"rendered":"\n<hr class=\"wp-block-separator has-css-opacity\"\/>\n\n\n\n<p><a href=\"mailto:dd92sud@gmail.com\">P\u00e8re Dominique Doyh\u00e9nart<\/a><br><a href=\"mailto:catjonc@gmail.com\">Catherine Joncour<\/a><br><a href=\"mailto:helene.boureau@gmail.com\">H\u00e9l\u00e8ne Boureau<\/a><br><a href=\"mailto:rvphilippe@gmail.com\">Philippe Herv\u00e9<\/a><\/p>\n\n\n\n<hr class=\"wp-block-separator has-css-opacity\"\/>\n\n\n\n<h3 class=\"wp-block-heading\"><strong>Un projet paroissial pour Sainte-Bathilde<\/strong><\/h3>\n\n\n\n<p>Le projet paroissial d\u2019\u00e9vang\u00e9lisation de Sainte-Bathilde a \u00e9t\u00e9 r\u00e9dig\u00e9 \u00e0 la suite d\u2019une consultation \u00e9crite des paroissiens<sup>[1]<\/sup>. Il appara\u00eet important \u00e0 la fois pour assurer une bonne coordination entre les groupes de la paroisse, fixer des orientations \u00e0 ses activit\u00e9s et favoriser les relations et coop\u00e9rations avec les autres paroisses du doyenn\u00e9 et le dioc\u00e8se.<\/p>\n\n\n\n<p>\u00ab&nbsp;Faire vivre l\u2019Evangile en soi et autour de soi&nbsp;\u00bb est le d\u00e9fi de l\u2019\u00e9vang\u00e9lisation que tous partagent.<\/p>\n\n\n\n<p>La paroisse Sainte-Bathilde est situ\u00e9e au carrefour de plusieurs communes et accueille ainsi des habitants de divers \u00ab&nbsp;territoires&nbsp;\u00bb. Cela repr\u00e9sente une grande richesse humaine tout en posant des difficult\u00e9s d\u2019ordre organisationnel (pastorale des jeunes).<\/p>\n\n\n\n<p>Par ailleurs, Sainte-Bathilde est caract\u00e9ris\u00e9e par une convivialit\u00e9 reconnue par beaucoup dans la paroisse et hors de la paroisse, de m\u00eame que par une \u00ab&nbsp;sp\u00e9cificit\u00e9 caritative&nbsp;\u00bb qui repose sur une longue tradition ainsi que des engagements de nombreux de ses membres dans diverses associations.<\/p>\n\n\n\n<p>La r\u00e9daction d\u2019un plan d\u2019\u00e9vang\u00e9lisation est l\u2019occasion pour la paroisse de se pencher sur ce qui fait son identit\u00e9 tout en cherchant \u00e0 \u00ab&nbsp;relancer la dynamique qui l\u2019a fait vivre&nbsp;\u00bb depuis 25 ans en sachant s\u2019adapter aux nouvelles r\u00e9alit\u00e9s de la vie de l\u2019Eglise, de la r\u00e9organisation du dioc\u00e8se, des mentalit\u00e9s et des conditions de vie de nos contemporains.<\/p>\n\n\n\n<p>Plusieurs grandes orientations ont \u00e9t\u00e9 retenues pour permettre \u00e0 la paroisse Sainte-Bathilde de mieux \u00ab&nbsp;annoncer le Christ, le prier et le servir&nbsp;\u00bb :<\/p>\n\n\n\n<p>-Former une communaut\u00e9 ouverte o\u00f9 chacun trouve sa place,<br>-Mieux s\u2019adapter aux rythmes et aux attentes de nos contemporains,<br>-Mieux vivre ensemble la liturgie et favoriser la pri\u00e8re,<br>-\u00ab&nbsp;S\u2019ouvrir au monde&nbsp;\u00bb et d\u00e9velopper le service des autres.<\/p>\n\n\n\n<p><strong>Une communaut\u00e9 ouverte o\u00f9 chacun trouve sa place<\/strong><\/p>\n\n\n\n<p><strong><em>Faire conna\u00eetre<\/em><\/strong><\/p>\n\n\n\n<p>De nombreux logements ont \u00e9t\u00e9 construits \u00e0 la p\u00e9riph\u00e9rie de Sainte-Bathilde. Mais l\u2019exp\u00e9rience prouve que bon nombre de leurs habitants ignorent m\u00eame l\u2019existence de notre \u00e9glise&nbsp; sans clocher, situ\u00e9e au fond d\u2019une impasse. Les grandes f\u00eates liturgiques ou la f\u00eate paroissiale pourraient \u00eatre l\u2019occasion de manifester ainsi une pr\u00e9sence chr\u00e9tienne au c\u0153ur du quartier (tracts ou autres initiatives) et de toucher aussi les non-pratiquants.<\/p>\n\n\n\n<p><strong><em>Accueillir<br><\/em><\/strong>C\u2019est toute la communaut\u00e9 qui doit avoir \u00e0 c\u0153ur d\u2019accueillir les nouveaux arrivants pour assurer une vie paroissiale vivante et dynamique, faisant participer toutes les tranches d\u2019\u00e2ge et les sensibilit\u00e9s. Mais on peut aussi imaginer un comit\u00e9 d\u2019accueil c\u2019est \u00e0 dire quelques personnes partageant le souci de rep\u00e9rer lors des messes ou des activit\u00e9s diverses les nouveaux venus pour les inviter \u00e0 des r\u00e9unions sp\u00e9cifiques en d\u00e9but d\u2019ann\u00e9e, les pr\u00e9senter ou les informer sur les activit\u00e9s de la paroisse.<\/p>\n\n\n\n<p><strong><em>Tisser des liens, fid\u00e9liser<br><\/em><\/strong>Demander un bapt\u00eame, un mariage, des obs\u00e8ques, est souvent l\u2019occasion pour ces paroissiens \u00ab&nbsp;occasionnels&nbsp;\u00bb de d\u00e9couvrir la paroisse. Il est regrettable que ce soit souvent sans lendemain. Il conviendra de faire preuve d\u2019inventivit\u00e9 pour que des relations plus durables puissent s\u2019\u00e9tablir.<sup>[2]<\/sup><\/p>\n\n\n\n<p>En particulier, il est important d\u2019\u00eatre \u00e0 l\u2019\u00e9coute des attentes des jeunes parents pour pouvoir leur r\u00e9pondre et leur permettre de trouver leur place dans la vie paroissiale en prenant en compte leurs contraintes familiales et professionnelles.<\/p>\n\n\n\n<p>Il ne peut y avoir de v\u00e9ritable fid\u00e9lisation des familles sans proposition de suivi des jeunes apr\u00e8s le cat\u00e9chisme dont beaucoup se perdent \u00ab&nbsp;dans la nature&nbsp;\u00bb<sup>[3]<\/sup>. On sera particuli\u00e8rement vigilant au devenir des jeunes sortant de CM2 pour que leur formation se fasse en liaison \u00e9troite avec Sainte-Bathilde.<\/p>\n\n\n\n<p><strong><em>Informer<br><\/em><\/strong>L\u2019information des nouveaux arrivants sur les possibilit\u00e9s offertes dans la paroisse, la communication entre les paroissiens et sp\u00e9cialement entre les groupes supposent des documents ou des dispositifs de nature \u00e0 informer les nouveaux arriv\u00e9s des possibilit\u00e9s offertes \u00e0 Sainte-Bathilde et de favoriser les \u00e9changes r\u00e9ciproques. C\u2019est une des conditions pour que les groupes puissent se renouveler et rester ainsi moteurs dans la vie paroissiale. On veillera \u00e0 la bonne coordination entre les \u00e9quipes d\u2019animation de la paroisse (EAP, conseil paroissial) et les groupes.<\/p>\n\n\n\n<p>Il s\u2019agira \u00e9galement de relayer plus largement les propositions du dioc\u00e8se et du doyenn\u00e9.<\/p>\n\n\n\n<p><strong>Mieux s\u2019adapter aux rythmes et aux attentes de nos contemporains<\/strong><\/p>\n\n\n\n<p><strong><em>Inventer des rassemblements festifs et conviviaux<\/em><\/strong><br>A Sainte-Bathilde, la f\u00eate, qui a lieu en hiver, est un grand moment de convivialit\u00e9.&nbsp; Il est souhaitable de mettre en place un \u00ab&nbsp;comit\u00e9 des f\u00eates paroissiales&nbsp;\u00bb charg\u00e9 d\u2019organiser d\u2019autres moments de convivialit\u00e9 attractifs&nbsp;<sup>[4]<\/sup> et visant \u00e0 permettre \u00e0 beaucoup de personnes de participer. L\u2019enjeu est de proposer des activit\u00e9s et animations \u00e0 diff\u00e9rents groupes d\u2019\u00e2ge et de maintenir un climat festif au sein de la paroisse qui mette en \u00e9vidence l\u2019aspect de l\u2019\u00e9glise, \u00ab&nbsp;lieu de vie et d\u2019amiti\u00e9 et pas uniquement lieu de c\u00e9l\u00e9brations&nbsp;\u00bb. Aujourd\u2019hui, beaucoup de chr\u00e9tiens ont une pratique irr\u00e9guli\u00e8re mais sont heureux de se retrouver dans des rassemblements spirituels et\/ou festifs.<\/p>\n\n\n\n<p><strong><em>Aider \u00e0 la formation chr\u00e9tienne<br><\/em><\/strong>La cat\u00e9ch\u00e8se est une responsabilit\u00e9 qui rel\u00e8ve de toute la communaut\u00e9 chr\u00e9tienne et comme cela est souhait\u00e9 par les \u00e9v\u00eaques de France, il est important de mettre en place une cat\u00e9ch\u00e8se renouvel\u00e9e, interg\u00e9n\u00e9rationnelle et port\u00e9e par l\u2019ensemble de la communaut\u00e9. Il s\u2019agit de favoriser les contacts entre les enfants et les plus \u00e2g\u00e9s ce qui s\u2019est toujours r\u00e9v\u00e9l\u00e9 positif&nbsp;<sup>[5]<\/sup>.<\/p>\n\n\n\n<p>Il est important de proposer aux jeunes les grands rassemblements pr\u00e9vus pour eux (Taiz\u00e9, le Frat, JMJ, p\u00e8lerinage de Chartres) en contact avec les aum\u00f4neries, de les sensibiliser et au besoin faciliter les inscriptions et d\u00e9marches.<\/p>\n\n\n\n<p>Il s\u2019agit \u00e9galement de proposer aux jeunes des d\u00e9marches sacramentelles \u00e0 d\u2019autres moments que ceux qui sont habituellement propos\u00e9s, beaucoup n\u2019ayant pu \u00eatre confirm\u00e9s, en lien avec ce qui est organis\u00e9 \u00e0 l\u2019\u00e9chelon du doyenn\u00e9.<\/p>\n\n\n\n<p>On r\u00e9fl\u00e9chira \u00e9galement \u00e0 la possibilit\u00e9 d\u2019une cat\u00e9ch\u00e8se adapt\u00e9e aux adultes souhaitant un approfondissement de leur foi.<\/p>\n\n\n\n<p><strong>Mieux vivre ensemble la liturgie, favoriser la pri\u00e8re<\/strong><\/p>\n\n\n\n<p><strong><em>Participation de chacun \u00e0 la messe dominicale<br><\/em><\/strong>On cherchera \u00e0 rendre les c\u00e9l\u00e9brations plus participatives en invitant un plus grand nombre de membres de la communaut\u00e9 de diff\u00e9rentes g\u00e9n\u00e9rations et sensibilit\u00e9s, \u00e0 participer \u00e0 leur pr\u00e9paration par exemple aux pri\u00e8res universelles. Il s\u2019agira d\u2019imaginer des initiatives vari\u00e9es qui donnent leur place aux enfants et aux jeunes.<\/p>\n\n\n\n<p>Une \u00e9quipe toujours capable de mettre en \u0153uvre une Adap en cas de besoin t\u00e9moignerait de la place des la\u00efcs dans la c\u00e9l\u00e9bration.<\/p>\n\n\n\n<p><strong><em>Des groupes de pri\u00e8res diversifi\u00e9s<\/em><\/strong>Les diff\u00e9rences de culture, de caract\u00e8re et d\u2019\u00e2ge se manifestent par des fa\u00e7ons multiples de prier.&nbsp; R\u00e9unies au nom du Christ lors des rassemblements de toute la communaut\u00e9, ces diverses sensibilit\u00e9s doivent pouvoir s\u2019exprimer diff\u00e9remment par ailleurs, dans des petits groupes de foi et de pri\u00e8re sp\u00e9cifiques selon les attentes de tous.<\/p>\n\n\n\n<p>Dans un souci de communion, on proposera de b\u00e2tir de vraies relations fraternelles de soutien mutuel dans la&nbsp; pri\u00e8re d\u2019intercession les uns pour les autres au sein de la paroisse comme au del\u00e0 de ses fronti\u00e8res.<\/p>\n\n\n\n<p>Pour que puissent venir m\u00eame les passants en qui se manifeste un d\u00e9sir de recueillement et de pri\u00e8re, la paroisse r\u00e9fl\u00e9chira \u00e0 la mise en \u0153uvre d\u2019une nouvelle organisation, mat\u00e9rielle et humaine, pour ouvrir davantage la chapelle ou l\u2019\u00e9glise.<\/p>\n\n\n\n<p>Le souci de l\u2019\u0153cum\u00e9nisme et du dialogue inter-religieux sont une tradition de notre paroisse (dont les b\u00e2timents abritent d\u2019ailleurs la chapelle orthodoxe Saint-Pierre-Saint-Paul), qui doit \u00eatre poursuivie et enrichie en essayant de susciter l\u2019int\u00e9r\u00eat des plus jeunes.<\/p>\n\n\n\n<p><strong>\u00ab&nbsp;S\u2019ouvrir au monde&nbsp;\u00bb et d\u00e9velopper le service des autres<\/strong><\/p>\n\n\n\n<p><strong><em>S\u2019ouvrir au monde<br><\/em><\/strong>Il est important aussi d\u2019aider les chr\u00e9tiens de Sainte-Bathilde \u00e0 mieux comprendre les enjeux politiques, moraux, spirituels et sociaux qui se jouent dans la soci\u00e9t\u00e9 actuelle ainsi que la position du magist\u00e8re de l\u2019Eglise sur ces probl\u00e8mes. Dans ce cadre, une r\u00e9flexion est \u00e0 mener sur les mercredis de Car\u00eame ou d\u2019Avent pour que soit touch\u00e9 un plus large public.<\/p>\n\n\n\n<p><strong><em>D\u00e9velopper le service des autres<br><\/em><\/strong>Nombreux sont les&nbsp; paroissiens engag\u00e9s dans&nbsp; les grandes organisations chr\u00e9tiennes, (Secours catholique, CCFD, ACAT\u2026ou dans des associations ou des \u00e9quipes d\u2019entraide,&nbsp; confessionnelles ou non, h\u00f4pital, soutien scolaire, familles chr\u00e9tiennes\u2026) et leur action est souvent discr\u00e8te.<\/p>\n\n\n\n<p>Il serait souhaitable de constituer un \u201c&nbsp;pole de solidarit\u00e9&nbsp;\u201d pour mieux se conna\u00eetre, pour faciliter la circulation de l\u2019information, \u00e9ventuellement pour permettre le soutien&nbsp; mutuel et la r\u00e9flexion sur les enjeux de notre action.<\/p>\n\n\n\n<p>Par ailleurs, un&nbsp; groupe de visite aux personnes isol\u00e9es ou malades serait tr\u00e8s utile sur la paroisse.<\/p>\n\n\n\n<p>Le souci du plus fragile doit \u00eatre au c\u0153ur de notre action.<\/p>\n\n\n\n<p>[1]&nbsp; Les expressions entre guillemets font r\u00e9f\u00e9rence \u00e0 des <em>verbatim<\/em> des paroissiens<br>[2]&nbsp; Diff\u00e9rents moyens ont \u00e9t\u00e9 sugg\u00e9r\u00e9s&nbsp;: invitation aux grandes f\u00eates, \u00e0 des conf\u00e9rences ou activit\u00e9s festives\u2026<br>[3] Voir ci-apr\u00e8s rubrique \u00ab&nbsp;Formation&nbsp;\u00bb<br>[4] P\u00e8lerinages, march\u00e9s de No\u00ebl, expositions, manifestations scoutes, brocantes\u2026<br>[5] Parrainages, t\u00e9moignages\u2026<\/p>\n","protected":false},"excerpt":{"rendered":"<p>P\u00e8re Dominique Doyh\u00e9nartCatherine JoncourH\u00e9l\u00e8ne BoureauPhilippe Herv\u00e9 Un projet paroissial pour Sainte-Bathilde Le projet paroissial d\u2019\u00e9vang\u00e9lisation de Sainte-Bathilde a \u00e9t\u00e9 r\u00e9dig\u00e9<\/p>\n","protected":false},"author":2,"featured_media":1794,"parent":0,"menu_order":0,"comment_status":"closed","ping_status":"closed","template":"","meta":{"iawp_total_views":99,"footnotes":""},"class_list":["post-901","page","type-page","status-publish","has-post-thumbnail","hentry"],"_links":{"self":[{"href":"https:\/\/paroisses-chatenay.fr\/stebathilde\/wp-json\/wp\/v2\/pages\/901","targetHints":{"allow":["GET"]}}],"collection":[{"href":"https:\/\/paroisses-chatenay.fr\/stebathilde\/wp-json\/wp\/v2\/pages"}],"about":[{"href":"https:\/\/paroisses-chatenay.fr\/stebathilde\/wp-json\/wp\/v2\/types\/page"}],"author":[{"embeddable":true,"href":"https:\/\/paroisses-chatenay.fr\/stebathilde\/wp-json\/wp\/v2\/users\/2"}],"replies":[{"embeddable":true,"href":"https:\/\/paroisses-chatenay.fr\/stebathilde\/wp-json\/wp\/v2\/comments?post=901"}],"version-history":[{"count":10,"href":"https:\/\/paroisses-chatenay.fr\/stebathilde\/wp-json\/wp\/v2\/pages\/901\/revisions"}],"predecessor-version":[{"id":4332,"href":"https:\/\/paroisses-chatenay.fr\/stebathilde\/wp-json\/wp\/v2\/pages\/901\/revisions\/4332"}],"wp:featuredmedia":[{"embeddable":true,"href":"https:\/\/paroisses-chatenay.fr\/stebathilde\/wp-json\/wp\/v2\/media\/1794"}],"wp:attachment":[{"href":"https:\/\/paroisses-chatenay.fr\/stebathilde\/wp-json\/wp\/v2\/media?parent=901"}],"curies":[{"name":"wp","href":"https:\/\/api.w.org\/{rel}","templated":true}]}}