{"id":10214,"date":"2023-10-02T14:29:21","date_gmt":"2023-10-02T12:29:21","guid":{"rendered":"https:\/\/paroisses-chatenay.fr\/stgermain\/?page_id=10214"},"modified":"2023-10-02T14:31:39","modified_gmt":"2023-10-02T12:31:39","slug":"mentions-legales","status":"publish","type":"page","link":"https:\/\/paroisses-chatenay.fr\/stgermain\/mentions-legales\/","title":{"rendered":"Mentions L\u00e9gales"},"content":{"rendered":"\n<p><\/p>\n\n\n\n<h2 class=\"wp-block-heading has-blue-color has-text-color\">\u00c9diteur<\/h2>\n\n\n\n<p>Paroisse Saint Germain l&rsquo;Auxerrois<br>2, rue du Lavoir, 92290 Ch\u00e2tenay Malabry<br>Tel : 01 46 61 04 81<br><\/p>\n\n\n\n<h2 class=\"wp-block-heading has-blue-color has-text-color\">Conception graphique et r\u00e9alisation technique<\/h2>\n\n\n\n<p>B\u00e9n\u00e9voles de la paroisse<br><\/p>\n\n\n\n<h2 class=\"wp-block-heading has-blue-color has-text-color\">Donn\u00e9es Personnelles<\/h2>\n\n\n\n<p>Les donn\u00e9es personnelles collect\u00e9es sur ce site sont destin\u00e9es \u00e0 la paroisse Saint Germain l&rsquo;Auxerrois. Elles font l\u2019objet d\u2019un traitement informatis\u00e9.<\/p>\n\n\n\n<p>Conform\u00e9ment \u00e0 la loi \u00ab Informatique et Libert\u00e9s \u00bb du 6\/01\/1978 modifi\u00e9e et au R\u00e8glement G\u00e9n\u00e9ral pour la Protection des Donn\u00e9es (RGPD) du 27\/04\/2016, un droit d\u2019acc\u00e8s aux donn\u00e9es, de rectification et d\u2019opposition \u00e0 leur traitement ou leur conservation peut \u00eatre exerc\u00e9 par toute personne concern\u00e9e.<\/p>\n\n\n\n<p>Ces droits peuvent \u00eatre exerc\u00e9s par courriel aupr\u00e8s du webmaster \u00e0 l\u2019adresse : <a href=\"mailto:communication@saintgermainchatenay.fr\" target=\"_blank\" rel=\"noreferrer noopener\">communication@saintgermainchatenay.fr<\/a>&nbsp;ou par lettre aupr\u00e8s de la paroisse<\/p>\n\n\n\n<p><\/p>\n\n\n\n<p><\/p>\n","protected":false},"excerpt":{"rendered":"<p>\u00c9diteur Paroisse Saint Germain l&rsquo;Auxerrois2, rue du Lavoir, 92290 Ch\u00e2tenay MalabryTel : 01 46 61 04 81 Conception graphique et r\u00e9alisation technique B\u00e9n\u00e9voles de la paroisse Donn\u00e9es Personnelles Les donn\u00e9es personnelles collect\u00e9es sur ce site sont destin\u00e9es \u00e0 la paroisse Saint Germain l&rsquo;Auxerrois. Elles font l\u2019objet d\u2019un traitement informatis\u00e9. Conform\u00e9ment \u00e0 la loi \u00ab Informatique et Libert\u00e9s \u00bb du 6\/01\/1978 modifi\u00e9e et au R\u00e8glement G\u00e9n\u00e9ral pour la Protection des Donn\u00e9es (RGPD) du 27\/04\/2016, un droit d\u2019acc\u00e8s aux donn\u00e9es, de rectification <a class=\"more-link\" href=\"https:\/\/paroisses-chatenay.fr\/stgermain\/mentions-legales\/\">Lire plus &#8230;<\/a><\/p>\n","protected":false},"author":1,"featured_media":0,"parent":0,"menu_order":0,"comment_status":"closed","ping_status":"closed","template":"","meta":{"_seopress_robots_primary_cat":"","_seopress_titles_title":"","_seopress_titles_desc":"","_seopress_robots_index":"","jetpack_post_was_ever_published":false,"footnotes":""},"class_list":["post-10214","page","type-page","status-publish","hentry"],"jetpack_sharing_enabled":true,"jetpack_shortlink":"https:\/\/wp.me\/P8QOZc-2EK","jetpack_likes_enabled":true,"_links":{"self":[{"href":"https:\/\/paroisses-chatenay.fr\/stgermain\/wp-json\/wp\/v2\/pages\/10214","targetHints":{"allow":["GET"]}}],"collection":[{"href":"https:\/\/paroisses-chatenay.fr\/stgermain\/wp-json\/wp\/v2\/pages"}],"about":[{"href":"https:\/\/paroisses-chatenay.fr\/stgermain\/wp-json\/wp\/v2\/types\/page"}],"author":[{"embeddable":true,"href":"https:\/\/paroisses-chatenay.fr\/stgermain\/wp-json\/wp\/v2\/users\/1"}],"replies":[{"embeddable":true,"href":"https:\/\/paroisses-chatenay.fr\/stgermain\/wp-json\/wp\/v2\/comments?post=10214"}],"version-history":[{"count":2,"href":"https:\/\/paroisses-chatenay.fr\/stgermain\/wp-json\/wp\/v2\/pages\/10214\/revisions"}],"predecessor-version":[{"id":10218,"href":"https:\/\/paroisses-chatenay.fr\/stgermain\/wp-json\/wp\/v2\/pages\/10214\/revisions\/10218"}],"wp:attachment":[{"href":"https:\/\/paroisses-chatenay.fr\/stgermain\/wp-json\/wp\/v2\/media?parent=10214"}],"curies":[{"name":"wp","href":"https:\/\/api.w.org\/{rel}","templated":true}]}}