{"id":1380,"date":"2017-10-07T12:15:46","date_gmt":"2017-10-07T10:15:46","guid":{"rendered":"http:\/\/www.paroisses-chatenay.fr\/stgermain\/?page_id=1380"},"modified":"2022-06-25T17:01:07","modified_gmt":"2022-06-25T15:01:07","slug":"le-journal-des-trois-paroisses","status":"publish","type":"page","link":"https:\/\/paroisses-chatenay.fr\/stgermain\/le-journal-des-trois-paroisses\/","title":{"rendered":"J3P Le Journal des Trois Paroisses"},"content":{"rendered":"\n<figure class=\"wp-block-image\"><img data-recalc-dims=\"1\" decoding=\"async\" src=\"https:\/\/i0.wp.com\/www.paroisses-chatenay.fr\/stgermain\/wp-content\/uploads\/2017\/03\/j3P.jpg?w=540\" alt=\"\" class=\"wp-image-322\"\/><\/figure>\n\n\n\n<p>J3P <a href=\"https:\/\/paroisses-chatenay.fr\/stgermain\/wp-content\/uploads\/2022\/06\/2022.06.27-2002.09.11-J3P.pdf\" target=\"_blank\" rel=\"noreferrer noopener\">n\u00b076 du 27 juin au 11 septembre 2022<\/a> : <strong>\u00ab Donnez-leur vous-m\u00eames \u00e0 manger \u00bb<\/strong> (Luc 9, 13)<br>J\u00e9sus donne \u00ab\u00a0aux Douze\u00a0\u00bb, les top managers du groupe des disciples, cette instruction pas trop raisonnable, vu qu\u2019il n\u2019y a que cinq pains et deux poissons. S\u2019ensuit, dans l\u2019\u00e9vangile de la f\u00eate Dieu, la fameuse \u00ab\u00a0multiplication des pains\u00a0\u00bb&#8230;<br><\/p>\n\n\n\n<p>J3P <a rel=\"noreferrer noopener\" href=\"https:\/\/paroisses-chatenay.fr\/stgermain\/wp-content\/uploads\/2022\/05\/J3P-2022.05.23-06.26-J3P.pdf\" target=\"_blank\">n\u00b075 Du 23 mai au 26 juin 2022<\/a> : <strong>Factures et<\/strong> <strong>fractures<\/strong><br>Quatre mille et quelques euros ! La facture de gaz de mars-avril d\u2019une de nos<br>paroisses marque la trace dans notre quotidien des tragiques fractures de l\u2019actualit\u00e9. Dimanche, \u00e0 la messe, J\u00e9sus nous donne un commandement Nouveau : \u00ab Aimez-vous les uns les autres comme je vous ai aim\u00e9s. \u00bb Sa situation lors de ce dernier souper n\u2019\u00e9tait pas meilleure que la n\u00f4tre &#8230;<\/p>\n\n\n\n<p>J3P\u00b0 <a rel=\"noreferrer noopener\" href=\"https:\/\/paroisses-chatenay.fr\/stgermain\/wp-content\/uploads\/2022\/04\/J3P-n\u00b074-V-DEF.pdf\" target=\"_blank\">n\u00b074 du 10 avril au 22 mai 2022<\/a> : <strong>Car\u00eame all\u00e9g\u00e9 ?<\/strong><br>Ce \u00ab titre \u00bb donn\u00e9 \u00e0 la journ\u00e9e paroissiale de sainte Th\u00e9r\u00e8se ce cinqui\u00e8me dimanche de Car\u00eame, dans son ambigu\u00eft\u00e9, exprimait \u00e0 la fois l\u2019effort de s\u2019all\u00e9ger, de se d\u00e9barrasser de ce qui emp\u00eache de marcher, et l\u2019espoir de sortir d\u2019une certaine lassitude des ann\u00e9es COVID avec tant de projets programm\u00e9s puis annul\u00e9s, avec tant de difficult\u00e9 \u00e0 se retrouver, \u00e0 se parler, \u00e0 manger et boire quelques bons coups ensemble \u2026<br><br>J3P <a rel=\"noreferrer noopener\" href=\"https:\/\/paroisses-chatenay.fr\/stgermain\/wp-content\/uploads\/2022\/03\/J3P-n\u00b073-12.03-08.04-.pdf\" target=\"_blank\">n\u00b073 du 14 mars au 10 avril 2022<\/a> : <strong>Sous l\u2019abri du Tr\u00e8s-Haut<\/strong><br>Les \u00e9v\u00e9nements difficiles dans l\u2019Eglise (CIASE) et tragiques dans le monde (guerre en Ukraine) peuvent nous affoler : nous pouvons y lire un appel \u00e0 r\u00e9sister int\u00e9rieurement \u00e0 l\u2019agitation, \u00e0 la dispersion, au sentiment d\u2019impuissance \u2013 appel \u00e0 porter avec notre P\u00e8re le souci du monde &#8230;\/&#8230;<\/p>\n\n\n\n<p>J3P <a rel=\"noreferrer noopener\" href=\"https:\/\/paroisses-chatenay.fr\/stgermain\/wp-content\/uploads\/2022\/02\/J3P-n%C2%B072.pdf\" target=\"_blank\">n\u00b072 du 21 f\u00e9vrier au 13 mars 2022<\/a> :<strong> Retour sur le p\u00e8lerinage dioc\u00e9sain \u00e0 Lourdes<\/strong><br>C\u2019est pour beaucoup un r\u00eave, un espoir qui se r\u00e9alise. Comment dire en peu de mots ce que ce voyage nous a apport\u00e9 \u00ab joie, partage, pl\u00e9nitude, paix \u2026 ?<br>Tout a commenc\u00e9 \u00e0 la gare Vaugirard-Montparnasse le dimanche 24 octobre 2021 \u00e0 7h du matin \u2026\/&#8230;<\/p>\n\n\n\n<p>J3P <a rel=\"noreferrer noopener\" href=\"https:\/\/paroisses-chatenay.fr\/stgermain\/wp-content\/uploads\/2022\/01\/J3P-n\u00b071-23-01-au-20-02-2022.pdf\" target=\"_blank\">n\u00b071 du 23 Janvier au 20 F\u00e9vrier 2022 <\/a>: <strong>Corps en Mission<\/strong><br>Ce dimanche, le Pape a voulu en faire le Dimanche de la Parole de Dieu. La parole<br>incarn\u00e9e, le petit b\u00e9b\u00e9 de la cr\u00e8che, est devenue ce jeune adulte plein d\u2019allant. Il se<br>r\u00e9v\u00e8le comme l\u2019Envoy\u00e9. Il accomplit l\u2019Ecriture ; dans sa parole habit\u00e9e et flamboyante, la Parole de Dieu s\u2019incarne, la Bonne Nouvelle est annonc\u00e9e aux pauvres. Nous sommes \u00e0 notre tour envoy\u00e9s.<br>&#8230;\/&#8230;<\/p>\n\n\n\n<p>J3P <a rel=\"noreferrer noopener\" href=\"https:\/\/paroisses-chatenay.fr\/stgermain\/wp-content\/uploads\/2021\/12\/J3P-n\u00b070-19-12-2021-au-23-01-2022.pdf\" target=\"_blank\">n\u00b070 du 19 D\u00e9cembre 2021 au 23 Janvier 2022<\/a> <strong>Que sera cet enfant ?<\/strong> <br><strong>Que sera cette ann\u00e9e ?<\/strong> Le mois dernier, l\u2019\u00e9dito \u00e9tait long et lourd, lourd de situations \u00e9prouvantes et de questions fortes. CIASE, synodalit\u00e9, les deux chantiers \u00e9voqu\u00e9s alors sont lanc\u00e9s pour une p\u00e9riode qui n\u2019est pas pr\u00e8s de finir. Pas question de \u00ab passer \u00e0 autre chose \u00bb quand la question est : comment voulons-nous faire \u00c9glise ensemble ? Quelle \u00c9glise voulons nous \u00eatre ? Mais ces sillons \u00e0 creuser ne se creuseront pas en dehors de notre vie concr\u00e8te, des rencontres, des nouveaut\u00e9s. \u2026\/\u2026<\/p>\n\n\n\n<p><\/p>\n\n\n\n<p>J3P <a rel=\"noreferrer noopener\" href=\"https:\/\/paroisses-chatenay.fr\/stgermain\/wp-content\/uploads\/2021\/11\/J3P-n\u00b069-21-11-au-19-12-2021.pdf\" target=\"_blank\">n\u00b069 &#8211; 21-11 au 19-12-2021<\/a> <strong>Faire face avec calme<\/strong><br>Pour donner un titre \u00e0 ce long \u00e9dito, j\u2019ai \u00e9t\u00e9 tent\u00e9 d\u2019emprunter \u00e0 un confr\u00e8re du voisinage le slogan \u00ab On se calme ! \u00bb, correspondant \u00e0 un constat partag\u00e9 par les cur\u00e9s des environs : apr\u00e8s les restrictions COVID et sans savoir ce qu\u2019il en adviendra dans un proche avenir, les nombreux porteurs de projets de nos communaut\u00e9s se sont lanc\u00e9s dans la fen\u00eatre de tir ouverte et ses possibilit\u00e9s de convivialit\u00e9 retrouv\u00e9e. Ce d\u00e9marrage a produit ici et l\u00e0 de grandes joies de retrouvailles, mais aussi des d\u00e9ceptions (certains n\u2019\u00e9taient pas ou plus au rendez-vous, reprise plus molle qu\u2019on n\u2019aurait r\u00eav\u00e9e), et des fatigues ou p\u00e9pins de sant\u00e9 chez plusieurs\u2026<\/p>\n\n\n\n<p>J3P <a rel=\"noreferrer noopener\" href=\"http:\/\/www.paroisses-chatenay.fr\/stgermain\/wp-content\/uploads\/2021\/10\/J3P-n%C2%B068-10-10-au-21-11-2021.pdf\" target=\"_blank\">n\u00b068 Du 10 octobre au 21 novembre 2021<\/a> <strong>Premi\u00e8res impressions d\u2019un nouveau ch\u00e2tenaisien\u2026<\/strong><br>Je me permets de vous livrer quelques impressions d&rsquo;un nouveau Ch\u00e2tenaisien,<br>assorties de quelques r\u00e9flexions sur la mission que le Christ nous a confi\u00e9e.<br>L&rsquo;Esprit et l&rsquo;\u00c9glise nous pr\u00e9c\u00e8dent toujours et nous entrons donc, \u00e0 chaque changement de paroisse, dans le travail d&rsquo;autres, qu&rsquo;il faut du temps pour d\u00e9couvrir et comprendre &#8230;\/&#8230;<\/p>\n\n\n\n<hr class=\"wp-block-separator has-css-opacity\"\/>\n\n\n\n<p>J3P <a href=\"http:\/\/www.paroisses-chatenay.fr\/stgermain\/wp-content\/uploads\/2021\/09\/J3P-n%C2%B067-19-09-au-10-10-2021.pdf\" target=\"_blank\" rel=\"noopener\">n\u00b067 du 20 Septembre au 10 Octobre 2021<\/a>&nbsp;<strong>S\u0153ur Myriam : \u00ab habiter \u00bb (avec soim\u00eame, avec les autres, \u2026)<\/strong><br>Jeudi soir, \u00e0 la maison dioc\u00e9saine, les responsables des aum\u00f4neries de l\u2019enseignement public et les pr\u00eatres ont \u00e9cout\u00e9 quelques apports sur l\u2019axe de l\u2019ann\u00e9e, l\u2019int\u00e9riorit\u00e9, tir\u00e9 de la lettre pastorale de l\u2019\u00e9v\u00eaque. S\u0153ur Myriam, de notre monast\u00e8re sainte-Bathilde de Vanves, a partag\u00e9 la vision b\u00e9n\u00e9dictine de l\u2019int\u00e9riorit\u00e9 : pas de th\u00e9orie, de pens\u00e9e grandioses ou mystiques !<br>&#8230;\/&#8230;<\/p>\n\n\n\n<hr class=\"wp-block-separator has-css-opacity is-style-wide\"\/>\n\n\n\n<p class=\"has-blue-color has-text-color has-large-font-size\">Journal des trois paroisses : <\/p>\n\n\n\n<p class=\"has-blue-color has-text-color has-large-font-size\"><a href=\"https:\/\/paroisses-chatenay.fr\/stgermain\/archives-j3p-2021\/\">&#8211; Archives 2021<\/a><\/p>\n\n\n\n<p class=\"has-blue-color has-text-color has-large-font-size\"><a href=\"https:\/\/paroisses-chatenay.fr\/stgermain\/archives-j3p-2017-2020\/\">&#8211; Archives 2017-2020<\/a><\/p>\n","protected":false},"excerpt":{"rendered":"<p>J3P n\u00b076 du 27 juin au 11 septembre 2022 : \u00ab Donnez-leur vous-m\u00eames \u00e0 manger \u00bb (Luc 9, 13)J\u00e9sus donne \u00ab\u00a0aux Douze\u00a0\u00bb, les top managers du groupe des disciples, cette instruction pas trop raisonnable, vu qu\u2019il n\u2019y a que cinq pains et deux poissons. S\u2019ensuit, dans l\u2019\u00e9vangile de la f\u00eate Dieu, la fameuse \u00ab\u00a0multiplication des pains\u00a0\u00bb&#8230; J3P n\u00b075 Du 23 mai au 26 juin 2022 : Factures et fracturesQuatre mille et quelques euros ! La facture de gaz de mars-avril <a class=\"more-link\" href=\"https:\/\/paroisses-chatenay.fr\/stgermain\/le-journal-des-trois-paroisses\/\">Lire plus &#8230;<\/a><\/p>\n","protected":false},"author":1,"featured_media":0,"parent":0,"menu_order":0,"comment_status":"closed","ping_status":"closed","template":"","meta":{"_seopress_robots_primary_cat":"","_seopress_titles_title":"","_seopress_titles_desc":"","_seopress_robots_index":"","jetpack_post_was_ever_published":false,"footnotes":""},"class_list":["post-1380","page","type-page","status-publish","hentry"],"jetpack_sharing_enabled":true,"jetpack_shortlink":"https:\/\/wp.me\/P8QOZc-mg","jetpack_likes_enabled":true,"_links":{"self":[{"href":"https:\/\/paroisses-chatenay.fr\/stgermain\/wp-json\/wp\/v2\/pages\/1380","targetHints":{"allow":["GET"]}}],"collection":[{"href":"https:\/\/paroisses-chatenay.fr\/stgermain\/wp-json\/wp\/v2\/pages"}],"about":[{"href":"https:\/\/paroisses-chatenay.fr\/stgermain\/wp-json\/wp\/v2\/types\/page"}],"author":[{"embeddable":true,"href":"https:\/\/paroisses-chatenay.fr\/stgermain\/wp-json\/wp\/v2\/users\/1"}],"replies":[{"embeddable":true,"href":"https:\/\/paroisses-chatenay.fr\/stgermain\/wp-json\/wp\/v2\/comments?post=1380"}],"version-history":[{"count":83,"href":"https:\/\/paroisses-chatenay.fr\/stgermain\/wp-json\/wp\/v2\/pages\/1380\/revisions"}],"predecessor-version":[{"id":9285,"href":"https:\/\/paroisses-chatenay.fr\/stgermain\/wp-json\/wp\/v2\/pages\/1380\/revisions\/9285"}],"wp:attachment":[{"href":"https:\/\/paroisses-chatenay.fr\/stgermain\/wp-json\/wp\/v2\/media?parent=1380"}],"curies":[{"name":"wp","href":"https:\/\/api.w.org\/{rel}","templated":true}]}}

<figure class="wp-block-image"><img data-recalc-dims="1" decoding="async" src="https://i0.wp.com/www.paroisses-chatenay.fr/stgermain/wp-content/uploads/2017/03/j3P.jpg?w=540" alt="" class="wp-image-322"/></figure>



<p>J3P <a href="https://paroisses-chatenay.fr/stgermain/wp-content/uploads/2022/06/2022.06.27-2002.09.11-J3P.pdf" target="_blank" rel="noreferrer noopener">n°76 du 27 juin au 11 septembre 2022</a> : <strong>« Donnez-leur vous-mêmes à manger »</strong> (Luc 9, 13)<br>Jésus donne « aux Douze », les top managers du groupe des disciples, cette instruction pas trop raisonnable, vu qu’il n’y a que cinq pains et deux poissons. S’ensuit, dans l’évangile de la fête Dieu, la fameuse « multiplication des pains »&#8230;<br></p>



<p>J3P <a rel="noreferrer noopener" href="https://paroisses-chatenay.fr/stgermain/wp-content/uploads/2022/05/J3P-2022.05.23-06.26-J3P.pdf" target="_blank">n°75 Du 23 mai au 26 juin 2022</a> : <strong>Factures et</strong> <strong>fractures</strong><br>Quatre mille et quelques euros ! La facture de gaz de mars-avril d’une de nos<br>paroisses marque la trace dans notre quotidien des tragiques fractures de l’actualité. Dimanche, à la messe, Jésus nous donne un commandement Nouveau : « Aimez-vous les uns les autres comme je vous ai aimés. » Sa situation lors de ce dernier souper n’était pas meilleure que la nôtre &#8230;</p>



<p>J3P° <a rel="noreferrer noopener" href="https://paroisses-chatenay.fr/stgermain/wp-content/uploads/2022/04/J3P-n°74-V-DEF.pdf" target="_blank">n°74 du 10 avril au 22 mai 2022</a> : <strong>Carême allégé ?</strong><br>Ce « titre » donné à la journée paroissiale de sainte Thérèse ce cinquième dimanche de Carême, dans son ambiguïté, exprimait à la fois l’effort de s’alléger, de se débarrasser de ce qui empêche de marcher, et l’espoir de sortir d’une certaine lassitude des années COVID avec tant de projets programmés puis annulés, avec tant de difficulté à se retrouver, à se parler, à manger et boire quelques bons coups ensemble …<br><br>J3P <a rel="noreferrer noopener" href="https://paroisses-chatenay.fr/stgermain/wp-content/uploads/2022/03/J3P-n°73-12.03-08.04-.pdf" target="_blank">n°73 du 14 mars au 10 avril 2022</a> : <strong>Sous l’abri du Très-Haut</strong><br>Les événements difficiles dans l’Eglise (CIASE) et tragiques dans le monde (guerre en Ukraine) peuvent nous affoler : nous pouvons y lire un appel à résister intérieurement à l’agitation, à la dispersion, au sentiment d’impuissance – appel à porter avec notre Père le souci du monde &#8230;/&#8230;</p>



<p>J3P <a rel="noreferrer noopener" href="https://paroisses-chatenay.fr/stgermain/wp-content/uploads/2022/02/J3P-n%C2%B072.pdf" target="_blank">n°72 du 21 février au 13 mars 2022</a> :<strong> Retour sur le pèlerinage diocésain à Lourdes</strong><br>C’est pour beaucoup un rêve, un espoir qui se réalise. Comment dire en peu de mots ce que ce voyage nous a apporté « joie, partage, plénitude, paix … ?<br>Tout a commencé à la gare Vaugirard-Montparnasse le dimanche 24 octobre 2021 à 7h du matin …/&#8230;</p>



<p>J3P <a rel="noreferrer noopener" href="https://paroisses-chatenay.fr/stgermain/wp-content/uploads/2022/01/J3P-n°71-23-01-au-20-02-2022.pdf" target="_blank">n°71 du 23 Janvier au 20 Février 2022 </a>: <strong>Corps en Mission</strong><br>Ce dimanche, le Pape a voulu en faire le Dimanche de la Parole de Dieu. La parole<br>incarnée, le petit bébé de la crèche, est devenue ce jeune adulte plein d’allant. Il se<br>révèle comme l’Envoyé. Il accomplit l’Ecriture ; dans sa parole habitée et flamboyante, la Parole de Dieu s’incarne, la Bonne Nouvelle est annoncée aux pauvres. Nous sommes à notre tour envoyés.<br>&#8230;/&#8230;</p>



<p>J3P <a rel="noreferrer noopener" href="https://paroisses-chatenay.fr/stgermain/wp-content/uploads/2021/12/J3P-n°70-19-12-2021-au-23-01-2022.pdf" target="_blank">n°70 du 19 Décembre 2021 au 23 Janvier 2022</a> <strong>Que sera cet enfant ?</strong> <br><strong>Que sera cette année ?</strong> Le mois dernier, l’édito était long et lourd, lourd de situations éprouvantes et de questions fortes. CIASE, synodalité, les deux chantiers évoqués alors sont lancés pour une période qui n’est pas près de finir. Pas question de « passer à autre chose » quand la question est : comment voulons-nous faire Église ensemble ? Quelle Église voulons nous être ? Mais ces sillons à creuser ne se creuseront pas en dehors de notre vie concrète, des rencontres, des nouveautés. …/…</p>



<p></p>



<p>J3P <a rel="noreferrer noopener" href="https://paroisses-chatenay.fr/stgermain/wp-content/uploads/2021/11/J3P-n°69-21-11-au-19-12-2021.pdf" target="_blank">n°69 &#8211; 21-11 au 19-12-2021</a> <strong>Faire face avec calme</strong><br>Pour donner un titre à ce long édito, j’ai été tenté d’emprunter à un confrère du voisinage le slogan « On se calme ! », correspondant à un constat partagé par les curés des environs : après les restrictions COVID et sans savoir ce qu’il en adviendra dans un proche avenir, les nombreux porteurs de projets de nos communautés se sont lancés dans la fenêtre de tir ouverte et ses possibilités de convivialité retrouvée. Ce démarrage a produit ici et là de grandes joies de retrouvailles, mais aussi des déceptions (certains n’étaient pas ou plus au rendez-vous, reprise plus molle qu’on n’aurait rêvée), et des fatigues ou pépins de santé chez plusieurs…</p>



<p>J3P <a rel="noreferrer noopener" href="http://www.paroisses-chatenay.fr/stgermain/wp-content/uploads/2021/10/J3P-n%C2%B068-10-10-au-21-11-2021.pdf" target="_blank">n°68 Du 10 octobre au 21 novembre 2021</a> <strong>Premières impressions d’un nouveau châtenaisien…</strong><br>Je me permets de vous livrer quelques impressions d&rsquo;un nouveau Châtenaisien,<br>assorties de quelques réflexions sur la mission que le Christ nous a confiée.<br>L&rsquo;Esprit et l&rsquo;Église nous précèdent toujours et nous entrons donc, à chaque changement de paroisse, dans le travail d&rsquo;autres, qu&rsquo;il faut du temps pour découvrir et comprendre &#8230;/&#8230;</p>



<hr class="wp-block-separator has-css-opacity"/>



<p>J3P <a href="http://www.paroisses-chatenay.fr/stgermain/wp-content/uploads/2021/09/J3P-n%C2%B067-19-09-au-10-10-2021.pdf" target="_blank" rel="noopener">n°67 du 20 Septembre au 10 Octobre 2021</a>&nbsp;<strong>Sœur Myriam : « habiter » (avec soimême, avec les autres, …)</strong><br>Jeudi soir, à la maison diocésaine, les responsables des aumôneries de l’enseignement public et les prêtres ont écouté quelques apports sur l’axe de l’année, l’intériorité, tiré de la lettre pastorale de l’évêque. Sœur Myriam, de notre monastère sainte-Bathilde de Vanves, a partagé la vision bénédictine de l’intériorité : pas de théorie, de pensée grandioses ou mystiques !<br>&#8230;/&#8230;</p>



<hr class="wp-block-separator has-css-opacity is-style-wide"/>



<p class="has-blue-color has-text-color has-large-font-size">Journal des trois paroisses : </p>



<p class="has-blue-color has-text-color has-large-font-size"><a href="https://paroisses-chatenay.fr/stgermain/archives-j3p-2021/">&#8211; Archives 2021</a></p>



<p class="has-blue-color has-text-color has-large-font-size"><a href="https://paroisses-chatenay.fr/stgermain/archives-j3p-2017-2020/">&#8211; Archives 2017-2020</a></p>

<p>J3P n°76 du 27 juin au 11 septembre 2022 : « Donnez-leur vous-mêmes à manger » (Luc 9, 13)Jésus donne « aux Douze », les top managers du groupe des disciples, cette instruction pas trop raisonnable, vu qu’il n’y a que cinq pains et deux poissons. S’ensuit, dans l’évangile de la fête Dieu, la fameuse « multiplication des pains »&#8230; J3P n°75 Du 23 mai au 26 juin 2022 : Factures et fracturesQuatre mille et quelques euros ! La facture de gaz de mars-avril <a class="more-link" href="https://paroisses-chatenay.fr/stgermain/le-journal-des-trois-paroisses/">Lire plus &#8230;</a></p>
