{"id":1638,"date":"2017-11-12T21:02:11","date_gmt":"2017-11-12T20:02:11","guid":{"rendered":"http:\/\/www.paroisses-chatenay.fr\/stgermain\/?page_id=1638"},"modified":"2017-11-12T21:02:11","modified_gmt":"2017-11-12T20:02:11","slug":"mardi-21-novembre-pelerin-chretien-en-islam-musulman-cheminant-a-taize","status":"publish","type":"page","link":"https:\/\/paroisses-chatenay.fr\/stgermain\/mardi-21-novembre-pelerin-chretien-en-islam-musulman-cheminant-a-taize\/","title":{"rendered":"Mardi 21 Novembre : P\u00e8lerin chr\u00e9tien en islam, musulman cheminant \u00e0 Taiz\u00e9"},"content":{"rendered":"<header class=\"entry-header\">\n<p class=\"entry-meta\" style=\"text-align: center;\"><span style=\"font-size: 1.5rem;\">L\u2019Association \u0153cum\u00e9nique annonce une conf\u00e9rence \u00e0 l\u2019occasion de la Semaine de Rencontres Islamo-Chr\u00e9tiennes le\u00a0<\/span><\/p>\n<p class=\"entry-meta\" style=\"text-align: center;\"><b style=\"font-size: 1.5rem;\">Mardi 21 novembre 2017 \u00e0 20h30 \u00e0 la paroisse St Jean-Baptiste, 1 rue du Dr Berger \u00e0 Sceaux (92340)\u00a0<\/b><\/p>\n<\/header>\n<div class=\"entry-content\">\n<p class=\"entry-meta\" style=\"text-align: center;\">\n<p style=\"text-align: center;\"><b><i>P\u00e8lerin chr\u00e9tien en islam,<\/i><\/b><b style=\"font-size: 1.5rem;\"><i>\u00a0musulman cheminant \u00e0 Taiz\u00e9\u00a0<\/i><\/b><\/p>\n<p style=\"text-align: center;\"><b>avec Antoine POIRIER &amp; Abdelkader AL ANDALUSSY OUKRID<\/b><\/p>\n<p style=\"text-align: center;\">tous deux membres du Groupe d\u2019Amiti\u00e9 Islamo-Chr\u00e9tienne (G.A.I.C.)<\/p>\n<p><img data-recalc-dims=\"1\" loading=\"lazy\" decoding=\"async\" data-attachment-id=\"1639\" data-permalink=\"https:\/\/paroisses-chatenay.fr\/stgermain\/mardi-21-novembre-pelerin-chretien-en-islam-musulman-cheminant-a-taize\/cimg6206\/#main\" data-orig-file=\"https:\/\/i0.wp.com\/paroisses-chatenay.fr\/stgermain\/wp-content\/uploads\/2017\/11\/CIMG6206.jpg?fit=1728%2C2304&amp;ssl=1\" data-orig-size=\"1728,2304\" data-comments-opened=\"0\" data-image-meta=\"{&quot;aperture&quot;:&quot;2.8&quot;,&quot;credit&quot;:&quot;&quot;,&quot;camera&quot;:&quot;EX-S10&quot;,&quot;caption&quot;:&quot;&quot;,&quot;created_timestamp&quot;:&quot;1509465027&quot;,&quot;copyright&quot;:&quot;&quot;,&quot;focal_length&quot;:&quot;6.3&quot;,&quot;iso&quot;:&quot;50&quot;,&quot;shutter_speed&quot;:&quot;0.003125&quot;,&quot;title&quot;:&quot;&quot;,&quot;orientation&quot;:&quot;1&quot;}\" data-image-title=\"CIMG6206\" data-image-description=\"\" data-image-caption=\"\" data-large-file=\"https:\/\/i0.wp.com\/paroisses-chatenay.fr\/stgermain\/wp-content\/uploads\/2017\/11\/CIMG6206.jpg?fit=540%2C720&amp;ssl=1\" class=\"wp-image-1639 aligncenter\" style=\"font-size: 1.5rem;\" src=\"https:\/\/i0.wp.com\/www.paroisses-chatenay.fr\/stgermain\/wp-content\/uploads\/2017\/11\/CIMG6206-768x1024.jpg?resize=221%2C295\" alt=\"\" width=\"221\" height=\"295\" srcset=\"https:\/\/i0.wp.com\/paroisses-chatenay.fr\/stgermain\/wp-content\/uploads\/2017\/11\/CIMG6206.jpg?resize=768%2C1024&amp;ssl=1 768w, https:\/\/i0.wp.com\/paroisses-chatenay.fr\/stgermain\/wp-content\/uploads\/2017\/11\/CIMG6206.jpg?resize=225%2C300&amp;ssl=1 225w, https:\/\/i0.wp.com\/paroisses-chatenay.fr\/stgermain\/wp-content\/uploads\/2017\/11\/CIMG6206.jpg?w=1728&amp;ssl=1 1728w, https:\/\/i0.wp.com\/paroisses-chatenay.fr\/stgermain\/wp-content\/uploads\/2017\/11\/CIMG6206.jpg?w=1080&amp;ssl=1 1080w, https:\/\/i0.wp.com\/paroisses-chatenay.fr\/stgermain\/wp-content\/uploads\/2017\/11\/CIMG6206.jpg?w=1620&amp;ssl=1 1620w\" sizes=\"auto, (max-width: 221px) 100vw, 221px\" \/><\/div>\n","protected":false},"excerpt":{"rendered":"<p>L\u2019Association \u0153cum\u00e9nique annonce une conf\u00e9rence \u00e0 l\u2019occasion de la Semaine de Rencontres Islamo-Chr\u00e9tiennes le\u00a0 Mardi 21 novembre 2017 \u00e0 20h30 \u00e0 la paroisse St Jean-Baptiste, 1 rue du Dr Berger \u00e0 Sceaux (92340)\u00a0 P\u00e8lerin chr\u00e9tien en islam,\u00a0musulman cheminant \u00e0 Taiz\u00e9\u00a0 avec Antoine POIRIER &amp; Abdelkader AL ANDALUSSY OUKRID tous deux membres du Groupe d\u2019Amiti\u00e9 Islamo-Chr\u00e9tienne (G.A.I.C.)<\/p>\n","protected":false},"author":1,"featured_media":0,"parent":0,"menu_order":0,"comment_status":"closed","ping_status":"closed","template":"","meta":{"_seopress_robots_primary_cat":"","_seopress_titles_title":"","_seopress_titles_desc":"","_seopress_robots_index":"","jetpack_post_was_ever_published":false,"footnotes":""},"class_list":["post-1638","page","type-page","status-publish","hentry"],"jetpack_sharing_enabled":true,"jetpack_shortlink":"https:\/\/wp.me\/P8QOZc-qq","jetpack_likes_enabled":true,"_links":{"self":[{"href":"https:\/\/paroisses-chatenay.fr\/stgermain\/wp-json\/wp\/v2\/pages\/1638","targetHints":{"allow":["GET"]}}],"collection":[{"href":"https:\/\/paroisses-chatenay.fr\/stgermain\/wp-json\/wp\/v2\/pages"}],"about":[{"href":"https:\/\/paroisses-chatenay.fr\/stgermain\/wp-json\/wp\/v2\/types\/page"}],"author":[{"embeddable":true,"href":"https:\/\/paroisses-chatenay.fr\/stgermain\/wp-json\/wp\/v2\/users\/1"}],"replies":[{"embeddable":true,"href":"https:\/\/paroisses-chatenay.fr\/stgermain\/wp-json\/wp\/v2\/comments?post=1638"}],"version-history":[{"count":1,"href":"https:\/\/paroisses-chatenay.fr\/stgermain\/wp-json\/wp\/v2\/pages\/1638\/revisions"}],"predecessor-version":[{"id":1640,"href":"https:\/\/paroisses-chatenay.fr\/stgermain\/wp-json\/wp\/v2\/pages\/1638\/revisions\/1640"}],"wp:attachment":[{"href":"https:\/\/paroisses-chatenay.fr\/stgermain\/wp-json\/wp\/v2\/media?parent=1638"}],"curies":[{"name":"wp","href":"https:\/\/api.w.org\/{rel}","templated":true}]}}

Mardi 21 Novembre : Pèlerin chrétien en islam, musulman cheminant à Taizé

<header class="entry-header">
<p class="entry-meta" style="text-align: center;"><span style="font-size: 1.5rem;">L’Association œcuménique annonce une conférence à l’occasion de la Semaine de Rencontres Islamo-Chrétiennes le </span></p>
<p class="entry-meta" style="text-align: center;"><b style="font-size: 1.5rem;">Mardi 21 novembre 2017 à 20h30 à la paroisse St Jean-Baptiste, 1 rue du Dr Berger à Sceaux (92340) </b></p>
</header>
<div class="entry-content">
<p class="entry-meta" style="text-align: center;">
<p style="text-align: center;"><b><i>Pèlerin chrétien en islam,</i></b><b style="font-size: 1.5rem;"><i> musulman cheminant à Taizé </i></b></p>
<p style="text-align: center;"><b>avec Antoine POIRIER &amp; Abdelkader AL ANDALUSSY OUKRID</b></p>
<p style="text-align: center;">tous deux membres du Groupe d’Amitié Islamo-Chrétienne (G.A.I.C.)</p>
<p><img data-recalc-dims="1" loading="lazy" decoding="async" data-attachment-id="1639" data-permalink="https://paroisses-chatenay.fr/stgermain/mardi-21-novembre-pelerin-chretien-en-islam-musulman-cheminant-a-taize/cimg6206/#main" data-orig-file="https://i0.wp.com/paroisses-chatenay.fr/stgermain/wp-content/uploads/2017/11/CIMG6206.jpg?fit=1728%2C2304&amp;ssl=1" data-orig-size="1728,2304" data-comments-opened="0" data-image-meta="{&quot;aperture&quot;:&quot;2.8&quot;,&quot;credit&quot;:&quot;&quot;,&quot;camera&quot;:&quot;EX-S10&quot;,&quot;caption&quot;:&quot;&quot;,&quot;created_timestamp&quot;:&quot;1509465027&quot;,&quot;copyright&quot;:&quot;&quot;,&quot;focal_length&quot;:&quot;6.3&quot;,&quot;iso&quot;:&quot;50&quot;,&quot;shutter_speed&quot;:&quot;0.003125&quot;,&quot;title&quot;:&quot;&quot;,&quot;orientation&quot;:&quot;1&quot;}" data-image-title="CIMG6206" data-image-description="" data-image-caption="" data-large-file="https://i0.wp.com/paroisses-chatenay.fr/stgermain/wp-content/uploads/2017/11/CIMG6206.jpg?fit=540%2C720&amp;ssl=1" class="wp-image-1639 aligncenter" style="font-size: 1.5rem;" src="https://i0.wp.com/www.paroisses-chatenay.fr/stgermain/wp-content/uploads/2017/11/CIMG6206-768x1024.jpg?resize=221%2C295" alt="" width="221" height="295" srcset="https://i0.wp.com/paroisses-chatenay.fr/stgermain/wp-content/uploads/2017/11/CIMG6206.jpg?resize=768%2C1024&amp;ssl=1 768w, https://i0.wp.com/paroisses-chatenay.fr/stgermain/wp-content/uploads/2017/11/CIMG6206.jpg?resize=225%2C300&amp;ssl=1 225w, https://i0.wp.com/paroisses-chatenay.fr/stgermain/wp-content/uploads/2017/11/CIMG6206.jpg?w=1728&amp;ssl=1 1728w, https://i0.wp.com/paroisses-chatenay.fr/stgermain/wp-content/uploads/2017/11/CIMG6206.jpg?w=1080&amp;ssl=1 1080w, https://i0.wp.com/paroisses-chatenay.fr/stgermain/wp-content/uploads/2017/11/CIMG6206.jpg?w=1620&amp;ssl=1 1620w" sizes="auto, (max-width: 221px) 100vw, 221px" /></div>

<p>L’Association œcuménique annonce une conférence à l’occasion de la Semaine de Rencontres Islamo-Chrétiennes le  Mardi 21 novembre 2017 à 20h30 à la paroisse St Jean-Baptiste, 1 rue du Dr Berger à Sceaux (92340)  Pèlerin chrétien en islam, musulman cheminant à Taizé  avec Antoine POIRIER &amp; Abdelkader AL ANDALUSSY OUKRID tous deux membres du Groupe d’Amitié Islamo-Chrétienne (G.A.I.C.)</p>
