{"id":1779,"date":"2017-12-16T09:49:40","date_gmt":"2017-12-16T08:49:40","guid":{"rendered":"http:\/\/www.paroisses-chatenay.fr\/stgermain\/?page_id=1779"},"modified":"2017-12-16T10:09:04","modified_gmt":"2017-12-16T09:09:04","slug":"points-de-repere-le-gloire-a-dieu-gloria","status":"publish","type":"page","link":"https:\/\/paroisses-chatenay.fr\/stgermain\/points-de-repere-le-gloire-a-dieu-gloria\/","title":{"rendered":"Points de Rep\u00e8re &#8211; Le Gloire \u00e0 Dieu (Gloria)"},"content":{"rendered":"<p><img data-recalc-dims=\"1\" loading=\"lazy\" decoding=\"async\" class=\"alignnone  wp-image-1783\" src=\"https:\/\/i0.wp.com\/www.paroisses-chatenay.fr\/stgermain\/wp-content\/uploads\/2017\/12\/anges-e1513415287168.jpg?resize=292%2C295\" alt=\"\" width=\"292\" height=\"295\" \/><\/p>\n<p>Ce sont les mots m\u00eames des anges la nuit de <span style=\"color: #ff0000;\"><strong>No\u00ebl<\/strong> <\/span>que l\u2019on chante \u00e0 la messe dominicale en dehors des temps de l\u2019Avent et du Car\u00eame : \u00ab Gloire \u00e0 Dieu au plus haut des cieux et paix sur la terre aux hommes qu\u2019Il aime. \u00bb (Luc 2,14).<\/p>\n<p>\u00c9labor\u00e9e entre les IIe et IVe si\u00e8cles, cette hymne trinitaire est tr\u00e8s ancienne et v\u00e9n\u00e9rable. Par elle, l\u00b4\u00c9glise, rassembl\u00e9e dans l\u00b4<span style=\"color: #ff0000;\">Esprit Saint<\/span>, glorifie <strong>Dieu<\/strong> le P\u00e8re et l\u00b4Agneau, et supplie celui-ci. Le Gloria est un mod\u00e8le de pri\u00e8re chr\u00e9tienne o\u00f9 la louange et la demande s\u2019appellent l\u2019une l\u2019autre dans une d\u00e9marche trinitaire. Nous louons Dieu et reconnaissons combien nous avons besoin de Lui.<\/p>\n<p>Chanter ou proclamer cette pri\u00e8re nous met donc dans une attitude filiale face \u00e0 <strong>Dieu<\/strong>. On la chante ou on la dit le dimanche en dehors de l\u00b4Avent et du Car\u00eame, aux solennit\u00e9s et aux f\u00eates.<\/p>\n<p>Le \u00ab Gloria \u00bb est une hymne, c&rsquo;est \u00e0 dire qu\u2018il se chante de mani\u00e8re lin\u00e9aire du d\u00e9but jusqu&rsquo;\u00e0 la fin, et n&rsquo;est pas fait pour \u00eatre d\u00e9coup\u00e9 en couplets intercal\u00e9s avec un refrain.<\/p>\n<p>Parce qu\u2019il nous a \u00e9t\u00e9 transmis ainsi, le \u00ab Gloria \u00bb ne peut \u00eatre remplac\u00e9 en tout ou partie par un autre texte, ni se voir ajouter quoi que ce soit.<\/p>\n","protected":false},"excerpt":{"rendered":"<p>Ce sont les mots m\u00eames des anges la nuit de No\u00ebl que l\u2019on chante \u00e0 la messe dominicale en dehors des temps de l\u2019Avent et du Car\u00eame : \u00ab Gloire \u00e0 Dieu au plus haut des cieux et paix sur la terre aux hommes qu\u2019Il aime. \u00bb (Luc 2,14). \u00c9labor\u00e9e entre les IIe et IVe si\u00e8cles, cette hymne trinitaire est tr\u00e8s ancienne et v\u00e9n\u00e9rable. Par elle, l\u00b4\u00c9glise, rassembl\u00e9e dans l\u00b4Esprit Saint, glorifie Dieu le P\u00e8re et l\u00b4Agneau, et supplie celui-ci. <a class=\"more-link\" href=\"https:\/\/paroisses-chatenay.fr\/stgermain\/points-de-repere-le-gloire-a-dieu-gloria\/\">Lire plus &#8230;<\/a><\/p>\n","protected":false},"author":1,"featured_media":0,"parent":0,"menu_order":0,"comment_status":"closed","ping_status":"closed","template":"","meta":{"_seopress_robots_primary_cat":"","_seopress_titles_title":"","_seopress_titles_desc":"","_seopress_robots_index":"","jetpack_post_was_ever_published":false,"footnotes":""},"class_list":["post-1779","page","type-page","status-publish","hentry"],"jetpack_sharing_enabled":true,"jetpack_shortlink":"https:\/\/wp.me\/P8QOZc-sH","jetpack_likes_enabled":true,"_links":{"self":[{"href":"https:\/\/paroisses-chatenay.fr\/stgermain\/wp-json\/wp\/v2\/pages\/1779","targetHints":{"allow":["GET"]}}],"collection":[{"href":"https:\/\/paroisses-chatenay.fr\/stgermain\/wp-json\/wp\/v2\/pages"}],"about":[{"href":"https:\/\/paroisses-chatenay.fr\/stgermain\/wp-json\/wp\/v2\/types\/page"}],"author":[{"embeddable":true,"href":"https:\/\/paroisses-chatenay.fr\/stgermain\/wp-json\/wp\/v2\/users\/1"}],"replies":[{"embeddable":true,"href":"https:\/\/paroisses-chatenay.fr\/stgermain\/wp-json\/wp\/v2\/comments?post=1779"}],"version-history":[{"count":3,"href":"https:\/\/paroisses-chatenay.fr\/stgermain\/wp-json\/wp\/v2\/pages\/1779\/revisions"}],"predecessor-version":[{"id":1785,"href":"https:\/\/paroisses-chatenay.fr\/stgermain\/wp-json\/wp\/v2\/pages\/1779\/revisions\/1785"}],"wp:attachment":[{"href":"https:\/\/paroisses-chatenay.fr\/stgermain\/wp-json\/wp\/v2\/media?parent=1779"}],"curies":[{"name":"wp","href":"https:\/\/api.w.org\/{rel}","templated":true}]}}

Points de Repère &#8211; Le Gloire à Dieu (Gloria)

<p><img data-recalc-dims="1" loading="lazy" decoding="async" class="alignnone  wp-image-1783" src="https://i0.wp.com/www.paroisses-chatenay.fr/stgermain/wp-content/uploads/2017/12/anges-e1513415287168.jpg?resize=292%2C295" alt="" width="292" height="295" /></p>
<p>Ce sont les mots mêmes des anges la nuit de <span style="color: #ff0000;"><strong>Noël</strong> </span>que l’on chante à la messe dominicale en dehors des temps de l’Avent et du Carême : « Gloire à Dieu au plus haut des cieux et paix sur la terre aux hommes qu’Il aime. » (Luc 2,14).</p>
<p>Élaborée entre les IIe et IVe siècles, cette hymne trinitaire est très ancienne et vénérable. Par elle, l´Église, rassemblée dans l´<span style="color: #ff0000;">Esprit Saint</span>, glorifie <strong>Dieu</strong> le Père et l´Agneau, et supplie celui-ci. Le Gloria est un modèle de prière chrétienne où la louange et la demande s’appellent l’une l’autre dans une démarche trinitaire. Nous louons Dieu et reconnaissons combien nous avons besoin de Lui.</p>
<p>Chanter ou proclamer cette prière nous met donc dans une attitude filiale face à <strong>Dieu</strong>. On la chante ou on la dit le dimanche en dehors de l´Avent et du Carême, aux solennités et aux fêtes.</p>
<p>Le « Gloria » est une hymne, c&rsquo;est à dire qu‘il se chante de manière linéaire du début jusqu&rsquo;à la fin, et n&rsquo;est pas fait pour être découpé en couplets intercalés avec un refrain.</p>
<p>Parce qu’il nous a été transmis ainsi, le « Gloria » ne peut être remplacé en tout ou partie par un autre texte, ni se voir ajouter quoi que ce soit.</p>

<p>Ce sont les mots mêmes des anges la nuit de Noël que l’on chante à la messe dominicale en dehors des temps de l’Avent et du Carême : « Gloire à Dieu au plus haut des cieux et paix sur la terre aux hommes qu’Il aime. » (Luc 2,14). Élaborée entre les IIe et IVe siècles, cette hymne trinitaire est très ancienne et vénérable. Par elle, l´Église, rassemblée dans l´Esprit Saint, glorifie Dieu le Père et l´Agneau, et supplie celui-ci. <a class="more-link" href="https://paroisses-chatenay.fr/stgermain/points-de-repere-le-gloire-a-dieu-gloria/">Lire plus &#8230;</a></p>
