{"id":2004,"date":"2018-02-16T21:11:04","date_gmt":"2018-02-16T20:11:04","guid":{"rendered":"http:\/\/www.paroisses-chatenay.fr\/stgermain\/?page_id=2004"},"modified":"2018-02-26T09:50:09","modified_gmt":"2018-02-26T08:50:09","slug":"point-de-repere-la-benediction-finale","status":"publish","type":"page","link":"https:\/\/paroisses-chatenay.fr\/stgermain\/point-de-repere-la-benediction-finale\/","title":{"rendered":"Point de Rep\u00e8re : La B\u00e9n\u00e9diction Finale"},"content":{"rendered":"<p>Tout au long de la c\u00e9l\u00e9bration, Dieu a combl\u00e9 son peuple de sa Pr\u00e9sence, de sa Parole, de sa propre vie. Faut-il encore lui demander sa b\u00e9n\u00e9diction \u00e0 la fin de la c\u00e9l\u00e9bration de la messe ? Oui, car la tendresse de Dieu est infinie et sans cesse nous attendons qu&rsquo;il la manifeste, \u00e0 nous qui sommes en marche et qui souvent tr\u00e9buchons.<\/p>\n<p>Le dernier geste accompli par J\u00e9sus au moment de prendre cong\u00e9 de ses disciples est de les b\u00e9nir : \u00ab Puis il les emmena jusque vers B\u00e9thanie et, levant les mains, il les b\u00e9nit. Tandis qu&rsquo;il les b\u00e9nissait, il se s\u00e9para d&rsquo;eux et fut emport\u00e9 au ciel. \u00bb (Lc 24,50).<\/p>\n<p>B\u00e9n\u00e9diction vient du latin bene dicere = bien dire.<br \/>\n\u2022 B\u00e9nir Dieu, c&rsquo;est dire du bien de lui : \u00ab Nous te louons, nous te b\u00e9nissons\u2026 \u00bb (Gloire \u00e0 Dieu) ; \u00ab Tu es b\u00e9ni, Dieu de l&rsquo;univers\u2026 \u00bb (Pr\u00e9paration des dons) ; \u00ab B\u00e9ni soit celui qui vient au nom du Seigneur\u2026 \u00bb (Sanctus) ;<\/p>\n<p>\u2022 Demander \u00e0 Dieu de nous b\u00e9nir, c&rsquo;est lui demander de dire du bien de nous et donc \u2013 puisque pour lui, parler c&rsquo;est agir \u2013 de nous faire du bien. Au moment o\u00f9 elle se disperse, l&rsquo;assembl\u00e9e implore la b\u00e9n\u00e9diction du Dieu Tr\u00e8s-Haut au nom duquel, \u00e0 pr\u00e9sent, elle va rejoindre l&rsquo;immense foule des hommes.<\/p>\n<p><img data-recalc-dims=\"1\" loading=\"lazy\" decoding=\"async\" data-attachment-id=\"2041\" data-permalink=\"https:\/\/paroisses-chatenay.fr\/stgermain\/point-de-repere-la-benediction-finale\/cimg6563\/#main\" data-orig-file=\"https:\/\/i0.wp.com\/paroisses-chatenay.fr\/stgermain\/wp-content\/uploads\/2018\/02\/CIMG6563.jpg?fit=3648%2C2736&amp;ssl=1\" data-orig-size=\"3648,2736\" data-comments-opened=\"0\" data-image-meta=\"{&quot;aperture&quot;:&quot;2.8&quot;,&quot;credit&quot;:&quot;&quot;,&quot;camera&quot;:&quot;EX-S10&quot;,&quot;caption&quot;:&quot;&quot;,&quot;created_timestamp&quot;:&quot;1519581720&quot;,&quot;copyright&quot;:&quot;&quot;,&quot;focal_length&quot;:&quot;6.3&quot;,&quot;iso&quot;:&quot;100&quot;,&quot;shutter_speed&quot;:&quot;0.0125&quot;,&quot;title&quot;:&quot;&quot;,&quot;orientation&quot;:&quot;1&quot;}\" data-image-title=\"CIMG6563\" data-image-description=\"\" data-image-caption=\"\" data-large-file=\"https:\/\/i0.wp.com\/paroisses-chatenay.fr\/stgermain\/wp-content\/uploads\/2018\/02\/CIMG6563.jpg?fit=540%2C405&amp;ssl=1\" class=\"alignnone size-large wp-image-2041\" src=\"https:\/\/i0.wp.com\/www.paroisses-chatenay.fr\/stgermain\/wp-content\/uploads\/2018\/02\/CIMG6563-1024x768.jpg?resize=540%2C405\" alt=\"\" width=\"540\" height=\"405\" srcset=\"https:\/\/i0.wp.com\/paroisses-chatenay.fr\/stgermain\/wp-content\/uploads\/2018\/02\/CIMG6563.jpg?resize=1024%2C768&amp;ssl=1 1024w, https:\/\/i0.wp.com\/paroisses-chatenay.fr\/stgermain\/wp-content\/uploads\/2018\/02\/CIMG6563.jpg?resize=300%2C225&amp;ssl=1 300w, https:\/\/i0.wp.com\/paroisses-chatenay.fr\/stgermain\/wp-content\/uploads\/2018\/02\/CIMG6563.jpg?resize=768%2C576&amp;ssl=1 768w, https:\/\/i0.wp.com\/paroisses-chatenay.fr\/stgermain\/wp-content\/uploads\/2018\/02\/CIMG6563.jpg?w=1080&amp;ssl=1 1080w, https:\/\/i0.wp.com\/paroisses-chatenay.fr\/stgermain\/wp-content\/uploads\/2018\/02\/CIMG6563.jpg?w=1620&amp;ssl=1 1620w\" sizes=\"auto, (max-width: 540px) 100vw, 540px\" \/><\/p>\n","protected":false},"excerpt":{"rendered":"<p>Tout au long de la c\u00e9l\u00e9bration, Dieu a combl\u00e9 son peuple de sa Pr\u00e9sence, de sa Parole, de sa propre vie. Faut-il encore lui demander sa b\u00e9n\u00e9diction \u00e0 la fin de la c\u00e9l\u00e9bration de la messe ? Oui, car la tendresse de Dieu est infinie et sans cesse nous attendons qu&rsquo;il la manifeste, \u00e0 nous qui sommes en marche et qui souvent tr\u00e9buchons. Le dernier geste accompli par J\u00e9sus au moment de prendre cong\u00e9 de ses disciples est de les <a class=\"more-link\" href=\"https:\/\/paroisses-chatenay.fr\/stgermain\/point-de-repere-la-benediction-finale\/\">Lire plus &#8230;<\/a><\/p>\n","protected":false},"author":1,"featured_media":0,"parent":0,"menu_order":0,"comment_status":"closed","ping_status":"closed","template":"","meta":{"_seopress_robots_primary_cat":"","_seopress_titles_title":"","_seopress_titles_desc":"","_seopress_robots_index":"","jetpack_post_was_ever_published":false,"footnotes":""},"class_list":["post-2004","page","type-page","status-publish","hentry"],"jetpack_sharing_enabled":true,"jetpack_shortlink":"https:\/\/wp.me\/P8QOZc-wk","jetpack_likes_enabled":true,"_links":{"self":[{"href":"https:\/\/paroisses-chatenay.fr\/stgermain\/wp-json\/wp\/v2\/pages\/2004","targetHints":{"allow":["GET"]}}],"collection":[{"href":"https:\/\/paroisses-chatenay.fr\/stgermain\/wp-json\/wp\/v2\/pages"}],"about":[{"href":"https:\/\/paroisses-chatenay.fr\/stgermain\/wp-json\/wp\/v2\/types\/page"}],"author":[{"embeddable":true,"href":"https:\/\/paroisses-chatenay.fr\/stgermain\/wp-json\/wp\/v2\/users\/1"}],"replies":[{"embeddable":true,"href":"https:\/\/paroisses-chatenay.fr\/stgermain\/wp-json\/wp\/v2\/comments?post=2004"}],"version-history":[{"count":3,"href":"https:\/\/paroisses-chatenay.fr\/stgermain\/wp-json\/wp\/v2\/pages\/2004\/revisions"}],"predecessor-version":[{"id":2043,"href":"https:\/\/paroisses-chatenay.fr\/stgermain\/wp-json\/wp\/v2\/pages\/2004\/revisions\/2043"}],"wp:attachment":[{"href":"https:\/\/paroisses-chatenay.fr\/stgermain\/wp-json\/wp\/v2\/media?parent=2004"}],"curies":[{"name":"wp","href":"https:\/\/api.w.org\/{rel}","templated":true}]}}