{"id":2230,"date":"2018-04-15T10:12:35","date_gmt":"2018-04-15T08:12:35","guid":{"rendered":"http:\/\/www.paroisses-chatenay.fr\/stgermain\/?page_id=2230"},"modified":"2018-04-15T10:24:13","modified_gmt":"2018-04-15T08:24:13","slug":"point-de-repere-limmixtion-dit-aussi-commixtion","status":"publish","type":"page","link":"https:\/\/paroisses-chatenay.fr\/stgermain\/point-de-repere-limmixtion-dit-aussi-commixtion\/","title":{"rendered":"Point de rep\u00e8re : l\u2019immixtion (dit aussi commixtion)"},"content":{"rendered":"<p>C&rsquo;est un rite tr\u00e8s ancien de la messe, montrant l&rsquo;unit\u00e9 du Corps et du Sang manifest\u00e9s dans l&rsquo;\u00c9glise, en communion avec le pape et les \u00e9v\u00eaques.<\/p>\n<p>Situ\u00e9 apr\u00e8s la fraction du pain, c&rsquo;est le geste pour le pr\u00eatre de mettre dans le calice un fragment de l&rsquo;hostie consacr\u00e9e. Pendant ce rite, le pr\u00eatre dit \u00e0 voix basse la pri\u00e8re suivante : \u00ab Que le Corps et le Sang de J\u00e9sus-Christ, r\u00e9unis dans cette coupe, nourrissent en nous la vie \u00e9ternelle\u00bb, ce qui souligne ainsi un des fruits de la messe : nourrir en nous la vie \u00e9ternelle, c&rsquo;est-\u00e0-dire la vie divine en notre vie humaine.<br \/>\nC&rsquo;est aujourd&rsquo;hui, ici et maintenant, que se vit cette \u00ab vie \u00e9ternelle \u00bb.<\/p>\n<p>Le Missel ne donne pas d&rsquo;explication de ce rite. Diverses interpr\u00e9tations ont \u00e9t\u00e9 propos\u00e9es :<br \/>\n\u2022 on suppose qu&rsquo;il s&rsquo;agissait primitivement du fermentum : un morceau de pain consacr\u00e9(donc le Corps du Christ) de la messe du Pape, en tant qu&rsquo;\u00e9v\u00eaque de Rome, \u00e9tait port\u00e9 aux pr\u00eatres des \u00e9glises de Rome qui, en raison du service qu&rsquo;ils assuraient aupr\u00e8s de leurs fid\u00e8les, ne pouvaient assister \u00e0 la messe papale. Cette fraction d&rsquo;hostie \u00e9tait mise alors dans le calice du pr\u00eatre c\u00e9l\u00e9brant la messe. On manifestait ainsi l&rsquo;unit\u00e9 du presbyterium, c&rsquo;est-\u00e0-dire de l&rsquo;ensemble des pr\u00eatres de Rome avec leur \u00e9v\u00eaque ;<\/p>\n<p>\u2022 il existe aussi une autre explication : le pain et le vin consacr\u00e9s sont devenus le Corps et le Sang du Christ ressuscit\u00e9. Ils apparaissent s\u00e9par\u00e9s sur l\u2019autel : ce qui repr\u00e9sente la mort du Christ. En les r\u00e9unissant dans la coupe, on signifie la r\u00e9surrection qui a r\u00e9uni \u00e0 jamais, l&rsquo;\u00e2me et le corps du Christ. Ce rite marque sous les deux esp\u00e8ces et de fa\u00e7on visible l\u2019unit\u00e9 du Corps du Christ ressuscit\u00e9.<\/p>\n","protected":false},"excerpt":{"rendered":"<p>C&rsquo;est un rite tr\u00e8s ancien de la messe, montrant l&rsquo;unit\u00e9 du Corps et du Sang manifest\u00e9s dans l&rsquo;\u00c9glise, en communion avec le pape et les \u00e9v\u00eaques. Situ\u00e9 apr\u00e8s la fraction du pain, c&rsquo;est le geste pour le pr\u00eatre de mettre dans le calice un fragment de l&rsquo;hostie consacr\u00e9e. Pendant ce rite, le pr\u00eatre dit \u00e0 voix basse la pri\u00e8re suivante : \u00ab Que le Corps et le Sang de J\u00e9sus-Christ, r\u00e9unis dans cette coupe, nourrissent en nous la vie \u00e9ternelle\u00bb, <a class=\"more-link\" href=\"https:\/\/paroisses-chatenay.fr\/stgermain\/point-de-repere-limmixtion-dit-aussi-commixtion\/\">Lire plus &#8230;<\/a><\/p>\n","protected":false},"author":1,"featured_media":0,"parent":0,"menu_order":0,"comment_status":"closed","ping_status":"closed","template":"","meta":{"_seopress_robots_primary_cat":"","_seopress_titles_title":"","_seopress_titles_desc":"","_seopress_robots_index":"","jetpack_post_was_ever_published":false,"footnotes":""},"class_list":["post-2230","page","type-page","status-publish","hentry"],"jetpack_sharing_enabled":true,"jetpack_shortlink":"https:\/\/wp.me\/P8QOZc-zY","jetpack_likes_enabled":true,"_links":{"self":[{"href":"https:\/\/paroisses-chatenay.fr\/stgermain\/wp-json\/wp\/v2\/pages\/2230","targetHints":{"allow":["GET"]}}],"collection":[{"href":"https:\/\/paroisses-chatenay.fr\/stgermain\/wp-json\/wp\/v2\/pages"}],"about":[{"href":"https:\/\/paroisses-chatenay.fr\/stgermain\/wp-json\/wp\/v2\/types\/page"}],"author":[{"embeddable":true,"href":"https:\/\/paroisses-chatenay.fr\/stgermain\/wp-json\/wp\/v2\/users\/1"}],"replies":[{"embeddable":true,"href":"https:\/\/paroisses-chatenay.fr\/stgermain\/wp-json\/wp\/v2\/comments?post=2230"}],"version-history":[{"count":1,"href":"https:\/\/paroisses-chatenay.fr\/stgermain\/wp-json\/wp\/v2\/pages\/2230\/revisions"}],"predecessor-version":[{"id":2231,"href":"https:\/\/paroisses-chatenay.fr\/stgermain\/wp-json\/wp\/v2\/pages\/2230\/revisions\/2231"}],"wp:attachment":[{"href":"https:\/\/paroisses-chatenay.fr\/stgermain\/wp-json\/wp\/v2\/media?parent=2230"}],"curies":[{"name":"wp","href":"https:\/\/api.w.org\/{rel}","templated":true}]}}