{"id":303,"date":"2017-03-11T12:34:17","date_gmt":"2017-03-11T11:34:17","guid":{"rendered":"http:\/\/www.paroisses-chatenay.fr\/stgermain\/?page_id=303"},"modified":"2025-06-28T07:52:09","modified_gmt":"2025-06-28T05:52:09","slug":"aumonerie-11-ans-et","status":"publish","type":"page","link":"https:\/\/paroisses-chatenay.fr\/stgermain\/aumonerie-11-ans-et\/","title":{"rendered":"Aum\u00f4nerie (11 ans et +)"},"content":{"rendered":"\n<p>L\u2019aum\u00f4nerie est une communaut\u00e9 pour les jeunes des coll\u00e8ges et lyc\u00e9es de l\u2019enseignement public de Ch\u00e2tenay-Malabry, donc pour les jeunes de la 3e \u00e0 la Terminale.<\/p>\n\n\n\n<p>Elle entretient des liens \u00e9troits avec les 3 paroisses de Ch\u00e2tenay-Malabry.<\/p>\n\n\n\n<p>La responsable de l\u2019Aum\u00f4nerie est envoy\u00e9 en mission par l\u2019\u00e9v\u00eaque en accord avec le recteur d\u2019acad\u00e9mie de Versailles.<\/p>\n\n\n\n<p class=\"has-text-color has-link-color wp-elements-7fd2fdb39446cdb1d3829a83f8b8192b\" style=\"color:#fb0000\"><strong>INSCRIPTIONS pour l&rsquo;ann\u00e9e 2025\/2026 : samedi 13 septembre de 11h \u00e0 18h.<\/strong><\/p>\n\n\n\n<p>L\u2019aum\u00f4nerie est une maison accueillante pour une centaine de jeunes, encadr\u00e9s par des animateurs b\u00e9n\u00e9voles (\u00e9tudiants), des responsables de niveau (adultes), un repr\u00e9sentant des parents : Monsieur <b>Adolphe DOSSOU<\/b>, pr\u00e9sident de l\u2019Association des parents de l&rsquo;Aum\u00f4nerie,&nbsp; un pr\u00eatre accompagnateur : le P\u00e8re <b>Dominique <strong>Doyhenart<\/strong><\/b>.<\/p>\n\n\n\n<p>Afin d\u2019aider les jeunes \u00e0 cheminer dans leur foi et dans leur vie, l\u2019aum\u00f4nerie est ouverte \u00e0 tous, baptis\u00e9s ou non.<\/p>\n\n\n\n<p>Elle propose aux jeunes r\u00e9partis en \u00e9quipe du m\u00eame \u00e2ge :<br>&#8211; des s\u00e9ances r\u00e9guli\u00e8res avec leurs animateurs ;<br>&#8211; des week-ends , des camps, des rencontres et des d\u00e9bats avec des \u00ab t\u00e9moins \u00bb d\u2019exp\u00e9riences diverses ;<br>&#8211; des temps forts : f\u00eate de la foi, FRAT, LISIEUX, rencontres dioc\u00e9saines\u2026 ;<br>&#8211; des retraites, des pr\u00e9parations aux sacrements (bapt\u00eame, eucharistie, confirmation), l&rsquo;\u00e9tape de la profession de foi.<\/p>\n\n\n\n<p><b>Coordonn\u00e9es<\/b><br>Aum\u00f4nerie de Ch\u00e2tenay-Malabry<br>129 Avenue Roger Salengro<br>92290 CHATENAY-MALABRY<br>mail : <a href=\"mailto:aep.chatenay@free.fr?subject=AUMONERIE%20CHATENAY%20MALABRY\">aep.chatenay@free.fr<\/a><br>TEL: Aum\u00f4nerie 01-46-83-10-14<br><\/p>\n","protected":false},"excerpt":{"rendered":"<p>L\u2019aum\u00f4nerie est une communaut\u00e9 pour les jeunes des coll\u00e8ges et lyc\u00e9es de l\u2019enseignement public de Ch\u00e2tenay-Malabry, donc pour les jeunes de la 3e \u00e0 la Terminale. Elle entretient des liens \u00e9troits avec les 3 paroisses de Ch\u00e2tenay-Malabry. La responsable de l\u2019Aum\u00f4nerie est envoy\u00e9 en mission par l\u2019\u00e9v\u00eaque en accord avec le recteur d\u2019acad\u00e9mie de Versailles. INSCRIPTIONS pour l&rsquo;ann\u00e9e 2025\/2026 : samedi 13 septembre de 11h \u00e0 18h. L\u2019aum\u00f4nerie est une maison accueillante pour une centaine de jeunes, encadr\u00e9s par des <a class=\"more-link\" href=\"https:\/\/paroisses-chatenay.fr\/stgermain\/aumonerie-11-ans-et\/\">Lire plus &#8230;<\/a><\/p>\n","protected":false},"author":1,"featured_media":7853,"parent":0,"menu_order":0,"comment_status":"closed","ping_status":"closed","template":"","meta":{"_seopress_robots_primary_cat":"","_seopress_titles_title":"","_seopress_titles_desc":"","_seopress_robots_index":"","jetpack_post_was_ever_published":false,"footnotes":""},"class_list":["post-303","page","type-page","status-publish","has-post-thumbnail","hentry"],"jetpack_sharing_enabled":true,"jetpack_shortlink":"https:\/\/wp.me\/P8QOZc-4T","jetpack_likes_enabled":true,"_links":{"self":[{"href":"https:\/\/paroisses-chatenay.fr\/stgermain\/wp-json\/wp\/v2\/pages\/303","targetHints":{"allow":["GET"]}}],"collection":[{"href":"https:\/\/paroisses-chatenay.fr\/stgermain\/wp-json\/wp\/v2\/pages"}],"about":[{"href":"https:\/\/paroisses-chatenay.fr\/stgermain\/wp-json\/wp\/v2\/types\/page"}],"author":[{"embeddable":true,"href":"https:\/\/paroisses-chatenay.fr\/stgermain\/wp-json\/wp\/v2\/users\/1"}],"replies":[{"embeddable":true,"href":"https:\/\/paroisses-chatenay.fr\/stgermain\/wp-json\/wp\/v2\/comments?post=303"}],"version-history":[{"count":12,"href":"https:\/\/paroisses-chatenay.fr\/stgermain\/wp-json\/wp\/v2\/pages\/303\/revisions"}],"predecessor-version":[{"id":11835,"href":"https:\/\/paroisses-chatenay.fr\/stgermain\/wp-json\/wp\/v2\/pages\/303\/revisions\/11835"}],"wp:featuredmedia":[{"embeddable":true,"href":"https:\/\/paroisses-chatenay.fr\/stgermain\/wp-json\/wp\/v2\/media\/7853"}],"wp:attachment":[{"href":"https:\/\/paroisses-chatenay.fr\/stgermain\/wp-json\/wp\/v2\/media?parent=303"}],"curies":[{"name":"wp","href":"https:\/\/api.w.org\/{rel}","templated":true}]}}

Aumônerie (11 ans et +)

<p>L’aumônerie est une communauté pour les jeunes des collèges et lycées de l’enseignement public de Châtenay-Malabry, donc pour les jeunes de la 3e à la Terminale.</p>



<p>Elle entretient des liens étroits avec les 3 paroisses de Châtenay-Malabry.</p>



<p>La responsable de l’Aumônerie est envoyé en mission par l’évêque en accord avec le recteur d’académie de Versailles.</p>



<p class="has-text-color has-link-color wp-elements-7fd2fdb39446cdb1d3829a83f8b8192b" style="color:#fb0000"><strong>INSCRIPTIONS pour l&rsquo;année 2025/2026 : samedi 13 septembre de 11h à 18h.</strong></p>



<p>L’aumônerie est une maison accueillante pour une centaine de jeunes, encadrés par des animateurs bénévoles (étudiants), des responsables de niveau (adultes), un représentant des parents : Monsieur <b>Adolphe DOSSOU</b>, président de l’Association des parents de l&rsquo;Aumônerie,&nbsp; un prêtre accompagnateur : le Père <b>Dominique <strong>Doyhenart</strong></b>.</p>



<p>Afin d’aider les jeunes à cheminer dans leur foi et dans leur vie, l’aumônerie est ouverte à tous, baptisés ou non.</p>



<p>Elle propose aux jeunes répartis en équipe du même âge :<br>&#8211; des séances régulières avec leurs animateurs ;<br>&#8211; des week-ends , des camps, des rencontres et des débats avec des « témoins » d’expériences diverses ;<br>&#8211; des temps forts : fête de la foi, FRAT, LISIEUX, rencontres diocésaines… ;<br>&#8211; des retraites, des préparations aux sacrements (baptême, eucharistie, confirmation), l&rsquo;étape de la profession de foi.</p>



<p><b>Coordonnées</b><br>Aumônerie de Châtenay-Malabry<br>129 Avenue Roger Salengro<br>92290 CHATENAY-MALABRY<br>mail : <a href="mailto:aep.chatenay@free.fr?subject=AUMONERIE%20CHATENAY%20MALABRY">aep.chatenay@free.fr</a><br>TEL: Aumônerie 01-46-83-10-14<br></p>

<p>L’aumônerie est une communauté pour les jeunes des collèges et lycées de l’enseignement public de Châtenay-Malabry, donc pour les jeunes de la 3e à la Terminale. Elle entretient des liens étroits avec les 3 paroisses de Châtenay-Malabry. La responsable de l’Aumônerie est envoyé en mission par l’évêque en accord avec le recteur d’académie de Versailles. INSCRIPTIONS pour l&rsquo;année 2025/2026 : samedi 13 septembre de 11h à 18h. L’aumônerie est une maison accueillante pour une centaine de jeunes, encadrés par des <a class="more-link" href="https://paroisses-chatenay.fr/stgermain/aumonerie-11-ans-et/">Lire plus &#8230;</a></p>
