{"id":353,"date":"2017-03-12T12:19:46","date_gmt":"2017-03-12T11:19:46","guid":{"rendered":"http:\/\/www.paroisses-chatenay.fr\/stgermain\/?page_id=353"},"modified":"2024-02-03T18:53:56","modified_gmt":"2024-02-03T17:53:56","slug":"sacrement-des-malades","status":"publish","type":"page","link":"https:\/\/paroisses-chatenay.fr\/stgermain\/sacrement-des-malades\/","title":{"rendered":"Sacrement des Malades"},"content":{"rendered":"<p>A tout moment, tout au long de l\u2019ann\u00e9e, le sacrement des malades peut \u00eatre re\u00e7u sur demande individuelle. Par ailleurs, une c\u00e9l\u00e9bration communautaire est propos\u00e9e dans l\u2019\u00e9glise paroissiale en f\u00e9vrier (Samedi 10 F\u00e9vrier 2018, \u00e0 17h30 dans l&rsquo;\u00e9glise)<\/p>\n<p>Contacts :<br \/>\nP\u00e8re <b>Pierre Bourdon<\/b> <a href=\"mailto:pierre.bourdon@free.fr\">pierre.bourdon@free.fr<\/a><br \/>\n<b>Claire Girard <\/b>01 41 13 72 10<\/p>\n<p><b>Sur le site de la Conf\u00e9rence des Ev\u00eaques de France<\/b><\/p>\n<p><a href=\"https:\/\/eglise.catholique.fr\/approfondir-sa-foi\/la-celebration-de-la-foi\/les-sacrements\/le-sacrement-des-malades\/\" target=\"_blank\" rel=\"noopener\">Qu&rsquo;est-ce que le sacrement des malades ?<\/a><\/p>\n","protected":false},"excerpt":{"rendered":"<p>A tout moment, tout au long de l\u2019ann\u00e9e, le sacrement des malades peut \u00eatre re\u00e7u sur demande individuelle. Par ailleurs, une c\u00e9l\u00e9bration communautaire est propos\u00e9e dans l\u2019\u00e9glise paroissiale en f\u00e9vrier (Samedi 10 F\u00e9vrier 2018, \u00e0 17h30 dans l&rsquo;\u00e9glise) Contacts : P\u00e8re Pierre Bourdon pierre.bourdon@free.fr Claire Girard 01 41 13 72 10 Sur le site de la Conf\u00e9rence des Ev\u00eaques de France Qu&rsquo;est-ce que le sacrement des malades ?<\/p>\n","protected":false},"author":1,"featured_media":0,"parent":0,"menu_order":0,"comment_status":"closed","ping_status":"closed","template":"","meta":{"_seopress_robots_primary_cat":"","_seopress_titles_title":"","_seopress_titles_desc":"","_seopress_robots_index":"","jetpack_post_was_ever_published":false,"footnotes":""},"class_list":["post-353","page","type-page","status-publish","hentry"],"jetpack_sharing_enabled":true,"jetpack_shortlink":"https:\/\/wp.me\/P8QOZc-5H","jetpack_likes_enabled":true,"_links":{"self":[{"href":"https:\/\/paroisses-chatenay.fr\/stgermain\/wp-json\/wp\/v2\/pages\/353","targetHints":{"allow":["GET"]}}],"collection":[{"href":"https:\/\/paroisses-chatenay.fr\/stgermain\/wp-json\/wp\/v2\/pages"}],"about":[{"href":"https:\/\/paroisses-chatenay.fr\/stgermain\/wp-json\/wp\/v2\/types\/page"}],"author":[{"embeddable":true,"href":"https:\/\/paroisses-chatenay.fr\/stgermain\/wp-json\/wp\/v2\/users\/1"}],"replies":[{"embeddable":true,"href":"https:\/\/paroisses-chatenay.fr\/stgermain\/wp-json\/wp\/v2\/comments?post=353"}],"version-history":[{"count":6,"href":"https:\/\/paroisses-chatenay.fr\/stgermain\/wp-json\/wp\/v2\/pages\/353\/revisions"}],"predecessor-version":[{"id":10466,"href":"https:\/\/paroisses-chatenay.fr\/stgermain\/wp-json\/wp\/v2\/pages\/353\/revisions\/10466"}],"wp:attachment":[{"href":"https:\/\/paroisses-chatenay.fr\/stgermain\/wp-json\/wp\/v2\/media?parent=353"}],"curies":[{"name":"wp","href":"https:\/\/api.w.org\/{rel}","templated":true}]}}

<p>A tout moment, tout au long de l’année, le sacrement des malades peut être reçu sur demande individuelle. Par ailleurs, une célébration communautaire est proposée dans l’église paroissiale en février (Samedi 10 Février 2018, à 17h30 dans l&rsquo;église)</p>
<p>Contacts :<br />
Père <b>Pierre Bourdon</b> <a href="mailto:pierre.bourdon@free.fr">pierre.bourdon@free.fr</a><br />
<b>Claire Girard </b>01 41 13 72 10</p>
<p><b>Sur le site de la Conférence des Evêques de France</b></p>
<p><a href="https://eglise.catholique.fr/approfondir-sa-foi/la-celebration-de-la-foi/les-sacrements/le-sacrement-des-malades/" target="_blank" rel="noopener">Qu&rsquo;est-ce que le sacrement des malades ?</a></p>

<p>A tout moment, tout au long de l’année, le sacrement des malades peut être reçu sur demande individuelle. Par ailleurs, une célébration communautaire est proposée dans l’église paroissiale en février (Samedi 10 Février 2018, à 17h30 dans l&rsquo;église) Contacts : Père Pierre Bourdon pierre.bourdon@free.fr Claire Girard 01 41 13 72 10 Sur le site de la Conférence des Evêques de France Qu&rsquo;est-ce que le sacrement des malades ?</p>
