{"id":377,"date":"2017-03-12T12:28:20","date_gmt":"2017-03-12T11:28:20","guid":{"rendered":"http:\/\/www.paroisses-chatenay.fr\/stgermain\/?page_id=377"},"modified":"2024-02-03T18:58:35","modified_gmt":"2024-02-03T17:58:35","slug":"catechumenat","status":"publish","type":"page","link":"https:\/\/paroisses-chatenay.fr\/stgermain\/catechumenat\/","title":{"rendered":"Cat\u00e9chum\u00e9nat"},"content":{"rendered":"<p>Les adultes d\u00e9sireux de se renseigner sur la pr\u00e9paration au Sacrements de l&rsquo;Initiation Chr\u00e9tienne , Bapt\u00eame, Eucharistie, Confirmation sont invit\u00e9s aux prochaines r\u00e9unions apr\u00e8s avoir rencontr\u00e9 :<br \/>\nLe P\u00e8re Pierre Bourdon &#8211; 01.46.61.04.81<br \/>\nOu Agn\u00e8s Pitoux &#8211;\u00a0 07 87 01 07 27<\/p>\n<p><b>Dates des prochaine r\u00e9unions : voir le <a href=\"https:\/\/paroisses-chatenay.fr\/stgermain\/le-journal-des-trois-paroisses\/\" target=\"_blank\" rel=\"noopener\">J3P<\/a> ou <a href=\"https:\/\/paroisses-chatenay.fr\/stgermain\/dans-vos-agendas\/\" target=\"_blank\" rel=\"noopener\">l&rsquo;agenda du site<\/a>, rubrique cat\u00e9chum\u00e9nat<br \/>\n<\/b><\/p>\n<p>On peut commencer \u00e0 tout moment &#8230;<\/p>\n<p><b>Lieu<\/b> : toutes les r\u00e9unions ont lieu de 19h30 \u00e0 22h30 (de 19h30 \u00e0 20h30 repas partag\u00e9) dans la crypte de la chapelle <b>Sainte Rita<\/b><br \/>\n7, rue Gentil Bernard<br \/>\nFontenay Aux Roses<\/p>\n<p>L\u2019\u00c9quipe du cat\u00e9chum\u00e9nat du doyenn\u00e9 de Sceaux, Ch\u00e2tenay Malabry , Fontenay aux Roses<\/p>\n<hr \/>\n<p><b>Bapt\u00eame, Eucharistie et Confirmation<img data-recalc-dims=\"1\" loading=\"lazy\" decoding=\"async\" data-attachment-id=\"386\" data-permalink=\"https:\/\/paroisses-chatenay.fr\/stgermain\/catechumenat\/catechumenat-2\/#main\" data-orig-file=\"https:\/\/i0.wp.com\/paroisses-chatenay.fr\/stgermain\/wp-content\/uploads\/2017\/03\/catechumenat.jpg?fit=250%2C322&amp;ssl=1\" data-orig-size=\"250,322\" data-comments-opened=\"0\" data-image-meta=\"{&quot;aperture&quot;:&quot;0&quot;,&quot;credit&quot;:&quot;&quot;,&quot;camera&quot;:&quot;&quot;,&quot;caption&quot;:&quot;&quot;,&quot;created_timestamp&quot;:&quot;0&quot;,&quot;copyright&quot;:&quot;&quot;,&quot;focal_length&quot;:&quot;0&quot;,&quot;iso&quot;:&quot;0&quot;,&quot;shutter_speed&quot;:&quot;0&quot;,&quot;title&quot;:&quot;&quot;,&quot;orientation&quot;:&quot;0&quot;}\" data-image-title=\"catechumenat\" data-image-description=\"\" data-image-caption=\"\" data-large-file=\"https:\/\/i0.wp.com\/paroisses-chatenay.fr\/stgermain\/wp-content\/uploads\/2017\/03\/catechumenat.jpg?fit=250%2C322&amp;ssl=1\" class=\"alignnone size-medium wp-image-386 alignright\" src=\"https:\/\/i0.wp.com\/www.paroisses-chatenay.fr\/stgermain\/wp-content\/uploads\/2017\/03\/catechumenat-233x300.jpg?resize=233%2C300\" alt=\"\" width=\"233\" height=\"300\" srcset=\"https:\/\/i0.wp.com\/paroisses-chatenay.fr\/stgermain\/wp-content\/uploads\/2017\/03\/catechumenat.jpg?resize=233%2C300&amp;ssl=1 233w, https:\/\/i0.wp.com\/paroisses-chatenay.fr\/stgermain\/wp-content\/uploads\/2017\/03\/catechumenat.jpg?w=250&amp;ssl=1 250w\" sizes=\"auto, (max-width: 233px) 100vw, 233px\" \/><\/b><\/p>\n<p>DEVENIR CHRETIEN ?<br \/>\nC&rsquo;est possible A tout \u00e2ge !<\/p>\n<p>Le cat\u00e9chum\u00e9nat accueille les adultes qui manifestent leur d\u00e9sir de recevoir un ou les sacrements de l&rsquo;Initiation Chr\u00e9tienne : Bapt\u00eame, Confirmation, Eucharistie.<\/p>\n<p>Un jour, parce qu&rsquo;ils ont v\u00e9cu un \u00e9v\u00e9nement important ou parce qu\u2019ils en ont senti la n\u00e9cessit\u00e9, ils ont pouss\u00e9 la porte de l\u2019\u00e9glise, commen\u00e7ant ainsi leur d\u00e9marche vers Dieu, en r\u00e9ponse \u00e0 un appel.<br \/>\nIls ont entre 20 et 92 ans. Ils sont venus de partout : de Paris, de province, de France, d&rsquo;Afrique, d&rsquo;Orient et d&rsquo;Occident\u2026 Ils vivent dans notre quartier ou un peu plus loin. Ils sont \u00e9tudiants, gardiens, man\u0153uvres, cadres ou m\u00e8res de famille\u2026.<\/p>\n<p>Pour vivre cette pr\u00e9paration aux sacrements, plusieurs paroisses sont regroup\u00e9es : Ste-Bathilde, St-Germain et Ste-Th\u00e9r\u00e8se \u00e0 Ch\u00e2tenay-Malabry, St-Jean-Baptiste \u00e0 Sceaux, St-Pierre-St-Paul et Ste-Rita \u00e0 Fontenay-aux-Roses.<\/p>\n<p>Au cours de r\u00e9unions r\u00e9guli\u00e8res, nous ouvrons ensemble le livre de la Parole de Dieu, la Bible. Nous \u00e9changeons sur ce que cette parole nous dit de Dieu, comment elle fait \u00e9cho dans nos vies. Nous cherchons ensemble, avec et par le Christ, le Chemin de Dieu et nous prions ensemble.<\/p>\n<p>Chacun est accompagn\u00e9 par un chr\u00e9tien qui devient son \u00ab compagnon de route \u00bb pendant le temps du cat\u00e9chum\u00e9nat, jusqu&rsquo;au bapt\u00eame, puis pendant le temps des n\u00e9ophytes pour approfondir ce qu&rsquo;ils ont d\u00e9couvert.<\/p>\n<p>\u00ab Cette initiation chr\u00e9tienne au cours du cat\u00e9chum\u00e9nat doit \u00eatre l\u2019\u0153uvre non pas des seuls cat\u00e9chistes ou des seuls pr\u00eatres, mais celle de toute la communaut\u00e9 des fid\u00e8les. \u00bb Vatican II<\/p>\n<p>C\u2019est pourquoi les paroissiens sont associ\u00e9s \u00e0 ce service d\u2019Eglise par des c\u00e9l\u00e9brations qui ponctuent le chemin : entr\u00e9e en cat\u00e9chum\u00e9nat, transmission de la foi, appel au Bapt\u00eame et sa c\u00e9l\u00e9bration lors de la Veill\u00e9e Pascale. D&rsquo;autres re\u00e7oivent l&rsquo;Eucharistie pour la premi\u00e8re fois, ou encore sont confirm\u00e9s \u00e0 la Pentec\u00f4te.<\/p>\n<p>Ces nouveaux chr\u00e9tiens ne sont pas encore tr\u00e8s familiers de l&rsquo;Eglise, mais elle a, pour eux, le visage de la communaut\u00e9 paroissiale.<\/p>\n<p>A chacun de la rendre accueillante en inventant des moyens concrets pour les guider dans leurs premiers pas.<\/p>\n<p>Site Internet : <a href=\"http:\/\/www.catechese.catholique.fr\/portail.html\" target=\"_blank\" rel=\"noopener noreferrer\">Service National de la Cat\u00e9ch\u00e8se et du Cat\u00e9chum\u00e9nat<\/a><\/p>\n","protected":false},"excerpt":{"rendered":"<p>Les adultes d\u00e9sireux de se renseigner sur la pr\u00e9paration au Sacrements de l&rsquo;Initiation Chr\u00e9tienne , Bapt\u00eame, Eucharistie, Confirmation sont invit\u00e9s aux prochaines r\u00e9unions apr\u00e8s avoir rencontr\u00e9 : Le P\u00e8re Pierre Bourdon &#8211; 01.46.61.04.81 Ou Agn\u00e8s Pitoux &#8211;\u00a0 07 87 01 07 27 Dates des prochaine r\u00e9unions : voir le J3P ou l&rsquo;agenda du site, rubrique cat\u00e9chum\u00e9nat On peut commencer \u00e0 tout moment &#8230; Lieu : toutes les r\u00e9unions ont lieu de 19h30 \u00e0 22h30 (de 19h30 \u00e0 20h30 repas partag\u00e9) <a class=\"more-link\" href=\"https:\/\/paroisses-chatenay.fr\/stgermain\/catechumenat\/\">Lire plus &#8230;<\/a><\/p>\n","protected":false},"author":1,"featured_media":0,"parent":0,"menu_order":0,"comment_status":"closed","ping_status":"closed","template":"","meta":{"_seopress_robots_primary_cat":"","_seopress_titles_title":"","_seopress_titles_desc":"","_seopress_robots_index":"","jetpack_post_was_ever_published":false,"footnotes":""},"class_list":["post-377","page","type-page","status-publish","hentry"],"jetpack_sharing_enabled":true,"jetpack_shortlink":"https:\/\/wp.me\/P8QOZc-65","jetpack_likes_enabled":true,"_links":{"self":[{"href":"https:\/\/paroisses-chatenay.fr\/stgermain\/wp-json\/wp\/v2\/pages\/377","targetHints":{"allow":["GET"]}}],"collection":[{"href":"https:\/\/paroisses-chatenay.fr\/stgermain\/wp-json\/wp\/v2\/pages"}],"about":[{"href":"https:\/\/paroisses-chatenay.fr\/stgermain\/wp-json\/wp\/v2\/types\/page"}],"author":[{"embeddable":true,"href":"https:\/\/paroisses-chatenay.fr\/stgermain\/wp-json\/wp\/v2\/users\/1"}],"replies":[{"embeddable":true,"href":"https:\/\/paroisses-chatenay.fr\/stgermain\/wp-json\/wp\/v2\/comments?post=377"}],"version-history":[{"count":9,"href":"https:\/\/paroisses-chatenay.fr\/stgermain\/wp-json\/wp\/v2\/pages\/377\/revisions"}],"predecessor-version":[{"id":10471,"href":"https:\/\/paroisses-chatenay.fr\/stgermain\/wp-json\/wp\/v2\/pages\/377\/revisions\/10471"}],"wp:attachment":[{"href":"https:\/\/paroisses-chatenay.fr\/stgermain\/wp-json\/wp\/v2\/media?parent=377"}],"curies":[{"name":"wp","href":"https:\/\/api.w.org\/{rel}","templated":true}]}}