{"id":462,"date":"2017-03-12T21:01:06","date_gmt":"2017-03-12T20:01:06","guid":{"rendered":"http:\/\/www.paroisses-chatenay.fr\/stgermain\/?page_id=462"},"modified":"2017-04-13T14:57:01","modified_gmt":"2017-04-13T12:57:01","slug":"archives","status":"publish","type":"page","link":"https:\/\/paroisses-chatenay.fr\/stgermain\/archives\/","title":{"rendered":"Archives"},"content":{"rendered":"<p><a href=\"http:\/\/www.saint.germain.free.fr\/homelies\/b2000\/index.html\" target=\"_blank\">Les hom\u00e9lies du P\u00e8re Denis Luong (1997 \u00e0 2004)<\/a>.<br \/>\n<img data-recalc-dims=\"1\" loading=\"lazy\" decoding=\"async\" data-attachment-id=\"417\" data-permalink=\"https:\/\/paroisses-chatenay.fr\/stgermain\/accueil-2\/egl68vert\/#main\" data-orig-file=\"https:\/\/i0.wp.com\/paroisses-chatenay.fr\/stgermain\/wp-content\/uploads\/2017\/02\/egl68vert.gif?fit=68%2C83&amp;ssl=1\" data-orig-size=\"68,83\" data-comments-opened=\"0\" data-image-meta=\"{&quot;aperture&quot;:&quot;0&quot;,&quot;credit&quot;:&quot;&quot;,&quot;camera&quot;:&quot;&quot;,&quot;caption&quot;:&quot;&quot;,&quot;created_timestamp&quot;:&quot;0&quot;,&quot;copyright&quot;:&quot;&quot;,&quot;focal_length&quot;:&quot;0&quot;,&quot;iso&quot;:&quot;0&quot;,&quot;shutter_speed&quot;:&quot;0&quot;,&quot;title&quot;:&quot;&quot;,&quot;orientation&quot;:&quot;0&quot;}\" data-image-title=\"egl68vert\" data-image-description=\"\" data-image-caption=\"\" data-large-file=\"https:\/\/i0.wp.com\/paroisses-chatenay.fr\/stgermain\/wp-content\/uploads\/2017\/02\/egl68vert.gif?fit=68%2C83&amp;ssl=1\" class=\"alignnone size-full wp-image-417\" src=\"https:\/\/i0.wp.com\/www.paroisses-chatenay.fr\/stgermain\/wp-content\/uploads\/2017\/02\/egl68vert.gif?resize=68%2C83\" alt=\"\" width=\"68\" height=\"83\" \/><\/p>\n<p><a href=\"http:\/\/www.saint.germain.free.fr\/germinal\/indexNum%E9rosGerm.html\" target=\"_blank\">Les num\u00e9ros de Germinal (2001 \u00e0 2008).<\/a><\/p>\n<p><img data-recalc-dims=\"1\" loading=\"lazy\" decoding=\"async\" data-attachment-id=\"816\" data-permalink=\"https:\/\/paroisses-chatenay.fr\/stgermain\/archives\/germ_pf\/#main\" data-orig-file=\"https:\/\/i0.wp.com\/paroisses-chatenay.fr\/stgermain\/wp-content\/uploads\/2017\/03\/germ_pf.gif?fit=400%2C323&amp;ssl=1\" data-orig-size=\"400,323\" data-comments-opened=\"0\" data-image-meta=\"{&quot;aperture&quot;:&quot;0&quot;,&quot;credit&quot;:&quot;&quot;,&quot;camera&quot;:&quot;&quot;,&quot;caption&quot;:&quot;&quot;,&quot;created_timestamp&quot;:&quot;0&quot;,&quot;copyright&quot;:&quot;&quot;,&quot;focal_length&quot;:&quot;0&quot;,&quot;iso&quot;:&quot;0&quot;,&quot;shutter_speed&quot;:&quot;0&quot;,&quot;title&quot;:&quot;&quot;,&quot;orientation&quot;:&quot;0&quot;}\" data-image-title=\"germ_pf\" data-image-description=\"\" data-image-caption=\"\" data-large-file=\"https:\/\/i0.wp.com\/paroisses-chatenay.fr\/stgermain\/wp-content\/uploads\/2017\/03\/germ_pf.gif?fit=400%2C323&amp;ssl=1\" class=\"alignnone wp-image-816\" src=\"https:\/\/i0.wp.com\/www.paroisses-chatenay.fr\/stgermain\/wp-content\/uploads\/2017\/03\/germ_pf.gif?resize=246%2C199\" alt=\"\" width=\"246\" height=\"199\" \/><\/p>\n<p>&nbsp;<\/p>\n<p><a href=\"http:\/\/www.saint.germain.free.fr\/\/guppy\/blogs.php?lng=fr\" target=\"_blank\">Les articles de 2008 \u00e0 2017<\/a><a href=\"http:\/\/www.saint.germain.free.fr\/\/guppy\/pages\/homelies2012\/homelies2012.php\"><br \/>\n<img data-recalc-dims=\"1\" loading=\"lazy\" decoding=\"async\" data-attachment-id=\"414\" data-permalink=\"https:\/\/paroisses-chatenay.fr\/stgermain\/bienvenue\/egl68bleu\/#main\" data-orig-file=\"https:\/\/i0.wp.com\/paroisses-chatenay.fr\/stgermain\/wp-content\/uploads\/2017\/02\/egl68bleu.png?fit=68%2C83&amp;ssl=1\" data-orig-size=\"68,83\" data-comments-opened=\"0\" data-image-meta=\"{&quot;aperture&quot;:&quot;0&quot;,&quot;credit&quot;:&quot;&quot;,&quot;camera&quot;:&quot;&quot;,&quot;caption&quot;:&quot;&quot;,&quot;created_timestamp&quot;:&quot;0&quot;,&quot;copyright&quot;:&quot;&quot;,&quot;focal_length&quot;:&quot;0&quot;,&quot;iso&quot;:&quot;0&quot;,&quot;shutter_speed&quot;:&quot;0&quot;,&quot;title&quot;:&quot;&quot;,&quot;orientation&quot;:&quot;0&quot;}\" data-image-title=\"egl68bleu\" data-image-description=\"\" data-image-caption=\"\" data-large-file=\"https:\/\/i0.wp.com\/paroisses-chatenay.fr\/stgermain\/wp-content\/uploads\/2017\/02\/egl68bleu.png?fit=68%2C83&amp;ssl=1\" class=\"alignnone size-full wp-image-414\" src=\"https:\/\/i0.wp.com\/www.paroisses-chatenay.fr\/stgermain\/wp-content\/uploads\/2017\/02\/egl68bleu.png?resize=68%2C83\" alt=\"\" width=\"68\" height=\"83\" \/><\/a><\/p>\n<p>&nbsp;<\/p>\n","protected":false},"excerpt":{"rendered":"<p>Les hom\u00e9lies du P\u00e8re Denis Luong (1997 \u00e0 2004). Les num\u00e9ros de Germinal (2001 \u00e0 2008). &nbsp; Les articles de 2008 \u00e0 2017 &nbsp;<\/p>\n","protected":false},"author":1,"featured_media":0,"parent":0,"menu_order":0,"comment_status":"closed","ping_status":"closed","template":"","meta":{"_seopress_robots_primary_cat":"","_seopress_titles_title":"","_seopress_titles_desc":"","_seopress_robots_index":"","jetpack_post_was_ever_published":false,"footnotes":""},"class_list":["post-462","page","type-page","status-publish","hentry"],"jetpack_sharing_enabled":true,"jetpack_shortlink":"https:\/\/wp.me\/P8QOZc-7s","jetpack_likes_enabled":true,"_links":{"self":[{"href":"https:\/\/paroisses-chatenay.fr\/stgermain\/wp-json\/wp\/v2\/pages\/462","targetHints":{"allow":["GET"]}}],"collection":[{"href":"https:\/\/paroisses-chatenay.fr\/stgermain\/wp-json\/wp\/v2\/pages"}],"about":[{"href":"https:\/\/paroisses-chatenay.fr\/stgermain\/wp-json\/wp\/v2\/types\/page"}],"author":[{"embeddable":true,"href":"https:\/\/paroisses-chatenay.fr\/stgermain\/wp-json\/wp\/v2\/users\/1"}],"replies":[{"embeddable":true,"href":"https:\/\/paroisses-chatenay.fr\/stgermain\/wp-json\/wp\/v2\/comments?post=462"}],"version-history":[{"count":6,"href":"https:\/\/paroisses-chatenay.fr\/stgermain\/wp-json\/wp\/v2\/pages\/462\/revisions"}],"predecessor-version":[{"id":828,"href":"https:\/\/paroisses-chatenay.fr\/stgermain\/wp-json\/wp\/v2\/pages\/462\/revisions\/828"}],"wp:attachment":[{"href":"https:\/\/paroisses-chatenay.fr\/stgermain\/wp-json\/wp\/v2\/media?parent=462"}],"curies":[{"name":"wp","href":"https:\/\/api.w.org\/{rel}","templated":true}]}}