{"id":4659,"date":"2019-09-21T21:36:25","date_gmt":"2019-09-21T19:36:25","guid":{"rendered":"http:\/\/www.paroisses-chatenay.fr\/stgermain\/?page_id=4659"},"modified":"2019-09-21T21:36:27","modified_gmt":"2019-09-21T19:36:27","slug":"maison-de-la-parole","status":"publish","type":"page","link":"https:\/\/paroisses-chatenay.fr\/stgermain\/maison-de-la-parole\/","title":{"rendered":"Maison de la Parole"},"content":{"rendered":"\n<p>Maison de la Parole \u2013 4bis rue H\u00e9l\u00e8ne Loiret \u00e0 Meudon<br \/>Renseignements : 01.46.26.84.30 \u2013 <a href=\"mailto:contatcmdp92@gmail.com\" target=\"_blank\" rel=\"noopener noreferrer\">contatcmdp92@gmail.com<\/a> \u2013 <a href=\"http:\/\/maisondelaparole.diocese92.fr\" target=\"_blank\" rel=\"noopener noreferrer\">http:\/\/maisondelaparole.diocese92.fr<\/a><\/p>\n<p><br \/><strong>MARCHE ET PRI\u00c8RE POUR C\u00c9L\u00c9BRER LA SAISON DE LA <\/strong>CR\u00c9ATION<br \/>Samedi 28 septembre 2019 de 14h \u00e0 18h, nous vous proposons une marche-pri\u00e8re (pour adultes ou familles) dans l\u2019\u00eele Saint-Germain, environ 3 km aller\/retour, promenades et haltes dans le parc. <br \/>Rendez-vous \u00e0 la Maison de la Parole \u00e0 13h45.<\/p>\n<p>En toile de fond : l\u2019appel du Pape Fran\u00e7ois \u00e0 c\u00e9l\u00e9brer la Saison de la Cr\u00e9ation et son encyclique \u00ab Laudato Si \u00bb<\/p>\n<p>Merci de vous inscrire avant le 26 septembre \u00e0 l\u2019adresse marcherpriermdp@gmail.com<\/p>\n<p>L\u2019inscription est gratuite, mais une participation financi\u00e8re pour la Maison de la Parole sera bienvenue.<\/p>\n","protected":false},"excerpt":{"rendered":"<p>Maison de la Parole \u2013 4bis rue H\u00e9l\u00e8ne Loiret \u00e0 MeudonRenseignements : 01.46.26.84.30 \u2013 contatcmdp92@gmail.com \u2013 http:\/\/maisondelaparole.diocese92.fr MARCHE ET PRI\u00c8RE POUR C\u00c9L\u00c9BRER LA SAISON DE LA CR\u00c9ATIONSamedi 28 septembre 2019 de 14h \u00e0 18h, nous vous proposons une marche-pri\u00e8re (pour adultes ou familles) dans l\u2019\u00eele Saint-Germain, environ 3 km aller\/retour, promenades et haltes dans le parc. Rendez-vous \u00e0 la Maison de la Parole \u00e0 13h45. En toile de fond : l\u2019appel du Pape Fran\u00e7ois \u00e0 c\u00e9l\u00e9brer la Saison de la <a class=\"more-link\" href=\"https:\/\/paroisses-chatenay.fr\/stgermain\/maison-de-la-parole\/\">Lire plus &#8230;<\/a><\/p>\n","protected":false},"author":1,"featured_media":0,"parent":0,"menu_order":0,"comment_status":"closed","ping_status":"closed","template":"","meta":{"_seopress_robots_primary_cat":"","_seopress_titles_title":"","_seopress_titles_desc":"","_seopress_robots_index":"","jetpack_post_was_ever_published":false,"footnotes":""},"class_list":["post-4659","page","type-page","status-publish","hentry"],"jetpack_sharing_enabled":true,"jetpack_shortlink":"https:\/\/wp.me\/P8QOZc-1d9","jetpack_likes_enabled":true,"_links":{"self":[{"href":"https:\/\/paroisses-chatenay.fr\/stgermain\/wp-json\/wp\/v2\/pages\/4659","targetHints":{"allow":["GET"]}}],"collection":[{"href":"https:\/\/paroisses-chatenay.fr\/stgermain\/wp-json\/wp\/v2\/pages"}],"about":[{"href":"https:\/\/paroisses-chatenay.fr\/stgermain\/wp-json\/wp\/v2\/types\/page"}],"author":[{"embeddable":true,"href":"https:\/\/paroisses-chatenay.fr\/stgermain\/wp-json\/wp\/v2\/users\/1"}],"replies":[{"embeddable":true,"href":"https:\/\/paroisses-chatenay.fr\/stgermain\/wp-json\/wp\/v2\/comments?post=4659"}],"version-history":[{"count":1,"href":"https:\/\/paroisses-chatenay.fr\/stgermain\/wp-json\/wp\/v2\/pages\/4659\/revisions"}],"predecessor-version":[{"id":4666,"href":"https:\/\/paroisses-chatenay.fr\/stgermain\/wp-json\/wp\/v2\/pages\/4659\/revisions\/4666"}],"wp:attachment":[{"href":"https:\/\/paroisses-chatenay.fr\/stgermain\/wp-json\/wp\/v2\/media?parent=4659"}],"curies":[{"name":"wp","href":"https:\/\/api.w.org\/{rel}","templated":true}]}}

<p>Maison de la Parole – 4bis rue Hélène Loiret à Meudon<br />Renseignements : 01.46.26.84.30 – <a href="mailto:contatcmdp92@gmail.com" target="_blank" rel="noopener noreferrer">contatcmdp92@gmail.com</a> – <a href="http://maisondelaparole.diocese92.fr" target="_blank" rel="noopener noreferrer">http://maisondelaparole.diocese92.fr</a></p>
<p><br /><strong>MARCHE ET PRIÈRE POUR CÉLÉBRER LA SAISON DE LA </strong>CRÉATION<br />Samedi 28 septembre 2019 de 14h à 18h, nous vous proposons une marche-prière (pour adultes ou familles) dans l’île Saint-Germain, environ 3 km aller/retour, promenades et haltes dans le parc. <br />Rendez-vous à la Maison de la Parole à 13h45.</p>
<p>En toile de fond : l’appel du Pape François à célébrer la Saison de la Création et son encyclique « Laudato Si »</p>
<p>Merci de vous inscrire avant le 26 septembre à l’adresse marcherpriermdp@gmail.com</p>
<p>L’inscription est gratuite, mais une participation financière pour la Maison de la Parole sera bienvenue.</p>

<p>Maison de la Parole – 4bis rue Hélène Loiret à MeudonRenseignements : 01.46.26.84.30 – contatcmdp92@gmail.com – http://maisondelaparole.diocese92.fr MARCHE ET PRIÈRE POUR CÉLÉBRER LA SAISON DE LA CRÉATIONSamedi 28 septembre 2019 de 14h à 18h, nous vous proposons une marche-prière (pour adultes ou familles) dans l’île Saint-Germain, environ 3 km aller/retour, promenades et haltes dans le parc. Rendez-vous à la Maison de la Parole à 13h45. En toile de fond : l’appel du Pape François à célébrer la Saison de la <a class="more-link" href="https://paroisses-chatenay.fr/stgermain/maison-de-la-parole/">Lire plus &#8230;</a></p>
