{"id":526,"date":"2017-03-14T19:49:45","date_gmt":"2017-03-14T18:49:45","guid":{"rendered":"http:\/\/www.paroisses-chatenay.fr\/stgermain\/?page_id=526"},"modified":"2021-09-19T13:33:35","modified_gmt":"2021-09-19T11:33:35","slug":"entretiens-de-robinson","status":"publish","type":"page","link":"https:\/\/paroisses-chatenay.fr\/stgermain\/entretiens-de-robinson\/","title":{"rendered":"Entretiens de Robinson"},"content":{"rendered":"<p>\u00ab Appelons vis\u00e9e \u00e9thique le souhait de vivre bien, avec et pour les autres, dans des institutions justes \u00bb Paul Ric\u0153ur<\/p>\n<p>Cr\u00e9\u00e9s il y a une vingtaine d\u2019ann\u00e9e \u00e0 l\u2019initiative, entre autres, du philosophe Paul Ricoeur (d\u00e9c\u00e9d\u00e9 en 2005) alors paroissien de la communaut\u00e9 r\u00e9form\u00e9e de Robinson, les <b>Entretiens de Robinson<\/b> ont pour but de traiter, avec des intervenants de qualit\u00e9, d\u2019un th\u00e8me important,\u00a0 en 3 r\u00e9unions, chacune s\u2019attachant \u00e0 une approche soci\u00e9tale, puis philosophique, puis th\u00e9ologique.<\/p>\n<p>Ces rencontres ont lieu au Centre protestant, 36 rue Jean Longuet \u00e0 Ch\u00e2tenay, le dimanche de 16h \u00e0 18h.<\/p>\n<p><b><i>Contact : 01 46 60 30 40<br \/>\nEglise R\u00e9form\u00e9e de Robinson, 36 rue Jean Longuet &#8211; Ch\u00e2tenay<\/i><\/b><\/p>\n<div class=\"entry-content\">\n<p>Contacts : 01 46 60 30 40 \u2013 <a href=\"http:\/\/www.erf-robinson.org\" target=\"_blank\" rel=\"noopener\">www.erf-robinson.org<\/a> \u2013 <a href=\"http:\/\/wwwfondsricoeur.fr\" target=\"_blank\" rel=\"noopener\">wwwfondsricoeur.fr<\/a><\/p>\n<\/div>\n","protected":false},"excerpt":{"rendered":"<p>\u00ab Appelons vis\u00e9e \u00e9thique le souhait de vivre bien, avec et pour les autres, dans des institutions justes \u00bb Paul Ric\u0153ur Cr\u00e9\u00e9s il y a une vingtaine d\u2019ann\u00e9e \u00e0 l\u2019initiative, entre autres, du philosophe Paul Ricoeur (d\u00e9c\u00e9d\u00e9 en 2005) alors paroissien de la communaut\u00e9 r\u00e9form\u00e9e de Robinson, les Entretiens de Robinson ont pour but de traiter, avec des intervenants de qualit\u00e9, d\u2019un th\u00e8me important,\u00a0 en 3 r\u00e9unions, chacune s\u2019attachant \u00e0 une approche soci\u00e9tale, puis philosophique, puis th\u00e9ologique. Ces rencontres ont <a class=\"more-link\" href=\"https:\/\/paroisses-chatenay.fr\/stgermain\/entretiens-de-robinson\/\">Lire plus &#8230;<\/a><\/p>\n","protected":false},"author":1,"featured_media":0,"parent":0,"menu_order":0,"comment_status":"closed","ping_status":"closed","template":"","meta":{"_seopress_robots_primary_cat":"","_seopress_titles_title":"","_seopress_titles_desc":"","_seopress_robots_index":"","jetpack_post_was_ever_published":false,"footnotes":""},"class_list":["post-526","page","type-page","status-publish","hentry"],"jetpack_sharing_enabled":true,"jetpack_shortlink":"https:\/\/wp.me\/P8QOZc-8u","jetpack_likes_enabled":true,"_links":{"self":[{"href":"https:\/\/paroisses-chatenay.fr\/stgermain\/wp-json\/wp\/v2\/pages\/526","targetHints":{"allow":["GET"]}}],"collection":[{"href":"https:\/\/paroisses-chatenay.fr\/stgermain\/wp-json\/wp\/v2\/pages"}],"about":[{"href":"https:\/\/paroisses-chatenay.fr\/stgermain\/wp-json\/wp\/v2\/types\/page"}],"author":[{"embeddable":true,"href":"https:\/\/paroisses-chatenay.fr\/stgermain\/wp-json\/wp\/v2\/users\/1"}],"replies":[{"embeddable":true,"href":"https:\/\/paroisses-chatenay.fr\/stgermain\/wp-json\/wp\/v2\/comments?post=526"}],"version-history":[{"count":5,"href":"https:\/\/paroisses-chatenay.fr\/stgermain\/wp-json\/wp\/v2\/pages\/526\/revisions"}],"predecessor-version":[{"id":7799,"href":"https:\/\/paroisses-chatenay.fr\/stgermain\/wp-json\/wp\/v2\/pages\/526\/revisions\/7799"}],"wp:attachment":[{"href":"https:\/\/paroisses-chatenay.fr\/stgermain\/wp-json\/wp\/v2\/media?parent=526"}],"curies":[{"name":"wp","href":"https:\/\/api.w.org\/{rel}","templated":true}]}}