{"id":527,"date":"2017-03-14T19:49:45","date_gmt":"2017-03-14T18:49:45","guid":{"rendered":"http:\/\/www.paroisses-chatenay.fr\/stgermain\/?page_id=527"},"modified":"2023-09-25T22:22:17","modified_gmt":"2023-09-25T20:22:17","slug":"viens-et-vois","status":"publish","type":"page","link":"https:\/\/paroisses-chatenay.fr\/stgermain\/viens-et-vois\/","title":{"rendered":"Viens et Vois"},"content":{"rendered":"<p style=\"text-align: center;\">J\u00e9sus, voyant qu&rsquo;ils s&rsquo;\u00e9taient mis \u00e0 le suivre leur dit\u00a0 :<br \/>\n\u00ab\u00a0Que cherchez-vous ?\u00a0\u00bb<br \/>\nIls r\u00e9pondirent :<br \/>\n\u00ab\u00a0Ma\u00eetre o\u00f9 demeures-tu ?\u00a0\u00bb<br \/>\nIl leur dit<br \/>\n<strong>\u00ab\u00a0Venez et vous verrez\u00a0\u00bb<\/strong><br \/>\n(Evangile selon Saint Jean)<\/p>\n<p style=\"text-align: center;\"><img data-recalc-dims=\"1\" loading=\"lazy\" decoding=\"async\" data-attachment-id=\"547\" data-permalink=\"https:\/\/paroisses-chatenay.fr\/stgermain\/viens-et-vois\/viensetvoisbulles\/#main\" data-orig-file=\"https:\/\/i0.wp.com\/paroisses-chatenay.fr\/stgermain\/wp-content\/uploads\/2017\/03\/ViensEtVoisBulles.jpg?fit=831%2C558&amp;ssl=1\" data-orig-size=\"831,558\" data-comments-opened=\"0\" data-image-meta=\"{&quot;aperture&quot;:&quot;0&quot;,&quot;credit&quot;:&quot;Peyrard, Pierre (Nokia - FR)&quot;,&quot;camera&quot;:&quot;&quot;,&quot;caption&quot;:&quot;&quot;,&quot;created_timestamp&quot;:&quot;1474923835&quot;,&quot;copyright&quot;:&quot;&quot;,&quot;focal_length&quot;:&quot;0&quot;,&quot;iso&quot;:&quot;0&quot;,&quot;shutter_speed&quot;:&quot;0&quot;,&quot;title&quot;:&quot;&quot;,&quot;orientation&quot;:&quot;0&quot;}\" data-image-title=\"ViensEtVoisBulles\" data-image-description=\"\" data-image-caption=\"\" data-large-file=\"https:\/\/i0.wp.com\/paroisses-chatenay.fr\/stgermain\/wp-content\/uploads\/2017\/03\/ViensEtVoisBulles.jpg?fit=540%2C363&amp;ssl=1\" class=\"alignnone wp-image-547\" src=\"https:\/\/i0.wp.com\/www.paroisses-chatenay.fr\/stgermain\/wp-content\/uploads\/2017\/03\/ViensEtVoisBulles.jpg?resize=540%2C363\" alt=\"\" width=\"540\" height=\"363\" srcset=\"https:\/\/i0.wp.com\/paroisses-chatenay.fr\/stgermain\/wp-content\/uploads\/2017\/03\/ViensEtVoisBulles.jpg?w=831&amp;ssl=1 831w, https:\/\/i0.wp.com\/paroisses-chatenay.fr\/stgermain\/wp-content\/uploads\/2017\/03\/ViensEtVoisBulles.jpg?resize=300%2C201&amp;ssl=1 300w, https:\/\/i0.wp.com\/paroisses-chatenay.fr\/stgermain\/wp-content\/uploads\/2017\/03\/ViensEtVoisBulles.jpg?resize=768%2C516&amp;ssl=1 768w\" sizes=\"auto, (max-width: 540px) 100vw, 540px\" \/><\/p>\n<p style=\"text-align: center;\">Venez rencontrer le groupe \u00ab\u00a0Viens et Vois\u00a0\u00bb<br \/>\net partagez avec nous chaleur, amiti\u00e9 et questions<br \/>\nmais aussi r\u00e9ponses,<br \/>\nen toute libert\u00e9.<\/p>\n<p>Viens et vois est un groupe chaleureux qui se r\u00e9unit une fois par<br \/>\nmois pour red\u00e9couvrir la foi chr\u00e9tienne et partager questions et<br \/>\nr\u00e9ponses sur l\u2019\u00e9vangile.<\/p>\n<p><strong><em>Contacts et renseignements : <\/em><\/strong><br \/>\nJean Marie Parant\u00a0\u00a0\u00a0\u00a0 01 43 50 98 42 <a href=\"mailto:famillecjm.parant@orange.fr?subject=VIENS%20ET%20VOIS!\">famillecjm.parant@orange.fr<\/a><br \/>\nChristine Cauly 06 25 20 50 97 <a href=\"mailto:christine.cauly@wanadoo.fr?subject=VIENS%20ET%20VOIS%20!\">christine.cauly@wanadoo.fr<\/a><\/p>\n","protected":false},"excerpt":{"rendered":"<p>J\u00e9sus, voyant qu&rsquo;ils s&rsquo;\u00e9taient mis \u00e0 le suivre leur dit\u00a0 : \u00ab\u00a0Que cherchez-vous ?\u00a0\u00bb Ils r\u00e9pondirent : \u00ab\u00a0Ma\u00eetre o\u00f9 demeures-tu ?\u00a0\u00bb Il leur dit \u00ab\u00a0Venez et vous verrez\u00a0\u00bb (Evangile selon Saint Jean) Venez rencontrer le groupe \u00ab\u00a0Viens et Vois\u00a0\u00bb et partagez avec nous chaleur, amiti\u00e9 et questions mais aussi r\u00e9ponses, en toute libert\u00e9. Viens et vois est un groupe chaleureux qui se r\u00e9unit une fois par mois pour red\u00e9couvrir la foi chr\u00e9tienne et partager questions et r\u00e9ponses sur l\u2019\u00e9vangile. Contacts <a class=\"more-link\" href=\"https:\/\/paroisses-chatenay.fr\/stgermain\/viens-et-vois\/\">Lire plus &#8230;<\/a><\/p>\n","protected":false},"author":1,"featured_media":0,"parent":0,"menu_order":0,"comment_status":"closed","ping_status":"closed","template":"","meta":{"_seopress_robots_primary_cat":"","_seopress_titles_title":"","_seopress_titles_desc":"","_seopress_robots_index":"","jetpack_post_was_ever_published":false,"footnotes":""},"class_list":["post-527","page","type-page","status-publish","hentry"],"jetpack_sharing_enabled":true,"jetpack_shortlink":"https:\/\/wp.me\/P8QOZc-8v","jetpack_likes_enabled":true,"_links":{"self":[{"href":"https:\/\/paroisses-chatenay.fr\/stgermain\/wp-json\/wp\/v2\/pages\/527","targetHints":{"allow":["GET"]}}],"collection":[{"href":"https:\/\/paroisses-chatenay.fr\/stgermain\/wp-json\/wp\/v2\/pages"}],"about":[{"href":"https:\/\/paroisses-chatenay.fr\/stgermain\/wp-json\/wp\/v2\/types\/page"}],"author":[{"embeddable":true,"href":"https:\/\/paroisses-chatenay.fr\/stgermain\/wp-json\/wp\/v2\/users\/1"}],"replies":[{"embeddable":true,"href":"https:\/\/paroisses-chatenay.fr\/stgermain\/wp-json\/wp\/v2\/comments?post=527"}],"version-history":[{"count":8,"href":"https:\/\/paroisses-chatenay.fr\/stgermain\/wp-json\/wp\/v2\/pages\/527\/revisions"}],"predecessor-version":[{"id":10165,"href":"https:\/\/paroisses-chatenay.fr\/stgermain\/wp-json\/wp\/v2\/pages\/527\/revisions\/10165"}],"wp:attachment":[{"href":"https:\/\/paroisses-chatenay.fr\/stgermain\/wp-json\/wp\/v2\/media?parent=527"}],"curies":[{"name":"wp","href":"https:\/\/api.w.org\/{rel}","templated":true}]}}

<p style="text-align: center;">Jésus, voyant qu&rsquo;ils s&rsquo;étaient mis à le suivre leur dit  :<br />
« Que cherchez-vous ? »<br />
Ils répondirent :<br />
« Maître où demeures-tu ? »<br />
Il leur dit<br />
<strong>« Venez et vous verrez »</strong><br />
(Evangile selon Saint Jean)</p>
<p style="text-align: center;"><img data-recalc-dims="1" loading="lazy" decoding="async" data-attachment-id="547" data-permalink="https://paroisses-chatenay.fr/stgermain/viens-et-vois/viensetvoisbulles/#main" data-orig-file="https://i0.wp.com/paroisses-chatenay.fr/stgermain/wp-content/uploads/2017/03/ViensEtVoisBulles.jpg?fit=831%2C558&amp;ssl=1" data-orig-size="831,558" data-comments-opened="0" data-image-meta="{&quot;aperture&quot;:&quot;0&quot;,&quot;credit&quot;:&quot;Peyrard, Pierre (Nokia - FR)&quot;,&quot;camera&quot;:&quot;&quot;,&quot;caption&quot;:&quot;&quot;,&quot;created_timestamp&quot;:&quot;1474923835&quot;,&quot;copyright&quot;:&quot;&quot;,&quot;focal_length&quot;:&quot;0&quot;,&quot;iso&quot;:&quot;0&quot;,&quot;shutter_speed&quot;:&quot;0&quot;,&quot;title&quot;:&quot;&quot;,&quot;orientation&quot;:&quot;0&quot;}" data-image-title="ViensEtVoisBulles" data-image-description="" data-image-caption="" data-large-file="https://i0.wp.com/paroisses-chatenay.fr/stgermain/wp-content/uploads/2017/03/ViensEtVoisBulles.jpg?fit=540%2C363&amp;ssl=1" class="alignnone wp-image-547" src="https://i0.wp.com/www.paroisses-chatenay.fr/stgermain/wp-content/uploads/2017/03/ViensEtVoisBulles.jpg?resize=540%2C363" alt="" width="540" height="363" srcset="https://i0.wp.com/paroisses-chatenay.fr/stgermain/wp-content/uploads/2017/03/ViensEtVoisBulles.jpg?w=831&amp;ssl=1 831w, https://i0.wp.com/paroisses-chatenay.fr/stgermain/wp-content/uploads/2017/03/ViensEtVoisBulles.jpg?resize=300%2C201&amp;ssl=1 300w, https://i0.wp.com/paroisses-chatenay.fr/stgermain/wp-content/uploads/2017/03/ViensEtVoisBulles.jpg?resize=768%2C516&amp;ssl=1 768w" sizes="auto, (max-width: 540px) 100vw, 540px" /></p>
<p style="text-align: center;">Venez rencontrer le groupe « Viens et Vois »<br />
et partagez avec nous chaleur, amitié et questions<br />
mais aussi réponses,<br />
en toute liberté.</p>
<p>Viens et vois est un groupe chaleureux qui se réunit une fois par<br />
mois pour redécouvrir la foi chrétienne et partager questions et<br />
réponses sur l’évangile.</p>
<p><strong><em>Contacts et renseignements : </em></strong><br />
Jean Marie Parant     01 43 50 98 42 <a href="mailto:famillecjm.parant@orange.fr?subject=VIENS%20ET%20VOIS!">famillecjm.parant@orange.fr</a><br />
Christine Cauly 06 25 20 50 97 <a href="mailto:christine.cauly@wanadoo.fr?subject=VIENS%20ET%20VOIS%20!">christine.cauly@wanadoo.fr</a></p>

<p>Jésus, voyant qu&rsquo;ils s&rsquo;étaient mis à le suivre leur dit  : « Que cherchez-vous ? » Ils répondirent : « Maître où demeures-tu ? » Il leur dit « Venez et vous verrez » (Evangile selon Saint Jean) Venez rencontrer le groupe « Viens et Vois » et partagez avec nous chaleur, amitié et questions mais aussi réponses, en toute liberté. Viens et vois est un groupe chaleureux qui se réunit une fois par mois pour redécouvrir la foi chrétienne et partager questions et réponses sur l’évangile. Contacts <a class="more-link" href="https://paroisses-chatenay.fr/stgermain/viens-et-vois/">Lire plus &#8230;</a></p>
