{"id":631,"date":"2017-03-18T18:31:37","date_gmt":"2017-03-18T17:31:37","guid":{"rendered":"http:\/\/www.paroisses-chatenay.fr\/stgermain\/?page_id=631"},"modified":"2018-09-14T23:12:09","modified_gmt":"2018-09-14T21:12:09","slug":"groupe-de-priere-charistmatique-les-coheritiers-du-christ-a-sainte-therese","status":"publish","type":"page","link":"https:\/\/paroisses-chatenay.fr\/stgermain\/groupe-de-priere-charistmatique-les-coheritiers-du-christ-a-sainte-therese\/","title":{"rendered":"Groupe de Pri\u00e8re Charistmatique &#8211; \u00ab Les Coh\u00e9ritiers du Christ \u00bb (\u00e0 Sainte Th\u00e9r\u00e8se)"},"content":{"rendered":"<p>Groupe de pri\u00e8re charismatique (pri\u00e8res, louange, enseignement, t\u00e9moignages) qui se r\u00e9unit chaque premier samedi du mois \u00e0 partir du 6 octobre 2018 de 16h \u00e0 19h30 dans l\u2019\u00e9glise <b>SAINTE-TH\u00c9R\u00c8SE<\/b>.<img data-recalc-dims=\"1\" loading=\"lazy\" decoding=\"async\" class=\"size-full wp-image-647 alignright\" src=\"https:\/\/i0.wp.com\/www.paroisses-chatenay.fr\/stgermain\/wp-content\/uploads\/2017\/03\/charistmatique.jpg?resize=138%2C98\" alt=\"\" width=\"138\" height=\"98\" \/><\/p>\n<p>Puis repas partag\u00e9 dans la salle du Foyer.<\/p>\n<p>Contact : Gwladys KouadioSpettel 06.11.01.43.06.<\/p>\n","protected":false},"excerpt":{"rendered":"<p>Groupe de pri\u00e8re charismatique (pri\u00e8res, louange, enseignement, t\u00e9moignages) qui se r\u00e9unit chaque premier samedi du mois \u00e0 partir du 6 octobre 2018 de 16h \u00e0 19h30 dans l\u2019\u00e9glise SAINTE-TH\u00c9R\u00c8SE. Puis repas partag\u00e9 dans la salle du Foyer. Contact : Gwladys KouadioSpettel 06.11.01.43.06.<\/p>\n","protected":false},"author":1,"featured_media":0,"parent":0,"menu_order":0,"comment_status":"closed","ping_status":"closed","template":"","meta":{"_seopress_robots_primary_cat":"","_seopress_titles_title":"","_seopress_titles_desc":"","_seopress_robots_index":"","jetpack_post_was_ever_published":false,"footnotes":""},"class_list":["post-631","page","type-page","status-publish","hentry"],"jetpack_sharing_enabled":true,"jetpack_shortlink":"https:\/\/wp.me\/P8QOZc-ab","jetpack_likes_enabled":true,"_links":{"self":[{"href":"https:\/\/paroisses-chatenay.fr\/stgermain\/wp-json\/wp\/v2\/pages\/631","targetHints":{"allow":["GET"]}}],"collection":[{"href":"https:\/\/paroisses-chatenay.fr\/stgermain\/wp-json\/wp\/v2\/pages"}],"about":[{"href":"https:\/\/paroisses-chatenay.fr\/stgermain\/wp-json\/wp\/v2\/types\/page"}],"author":[{"embeddable":true,"href":"https:\/\/paroisses-chatenay.fr\/stgermain\/wp-json\/wp\/v2\/users\/1"}],"replies":[{"embeddable":true,"href":"https:\/\/paroisses-chatenay.fr\/stgermain\/wp-json\/wp\/v2\/comments?post=631"}],"version-history":[{"count":3,"href":"https:\/\/paroisses-chatenay.fr\/stgermain\/wp-json\/wp\/v2\/pages\/631\/revisions"}],"predecessor-version":[{"id":2582,"href":"https:\/\/paroisses-chatenay.fr\/stgermain\/wp-json\/wp\/v2\/pages\/631\/revisions\/2582"}],"wp:attachment":[{"href":"https:\/\/paroisses-chatenay.fr\/stgermain\/wp-json\/wp\/v2\/media?parent=631"}],"curies":[{"name":"wp","href":"https:\/\/api.w.org\/{rel}","templated":true}]}}

Groupe de Prière Charistmatique &#8211; « Les Cohéritiers du Christ » (à Sainte Thérèse)

<p>Groupe de prière charismatique (prières, louange, enseignement, témoignages) qui se réunit chaque premier samedi du mois à partir du 6 octobre 2018 de 16h à 19h30 dans l’église <b>SAINTE-THÉRÈSE</b>.<img data-recalc-dims="1" loading="lazy" decoding="async" class="size-full wp-image-647 alignright" src="https://i0.wp.com/www.paroisses-chatenay.fr/stgermain/wp-content/uploads/2017/03/charistmatique.jpg?resize=138%2C98" alt="" width="138" height="98" /></p>
<p>Puis repas partagé dans la salle du Foyer.</p>
<p>Contact : Gwladys KouadioSpettel 06.11.01.43.06.</p>

<p>Groupe de prière charismatique (prières, louange, enseignement, témoignages) qui se réunit chaque premier samedi du mois à partir du 6 octobre 2018 de 16h à 19h30 dans l’église SAINTE-THÉRÈSE. Puis repas partagé dans la salle du Foyer. Contact : Gwladys KouadioSpettel 06.11.01.43.06.</p>
