{"id":7633,"date":"2021-06-27T07:18:45","date_gmt":"2021-06-27T05:18:45","guid":{"rendered":"http:\/\/www.paroisses-chatenay.fr\/stgermain\/?page_id=7633"},"modified":"2023-12-15T18:45:10","modified_gmt":"2023-12-15T17:45:10","slug":"hiver-solidaire","status":"publish","type":"page","link":"https:\/\/paroisses-chatenay.fr\/stgermain\/hiver-solidaire\/","title":{"rendered":"Hiver Solidaire"},"content":{"rendered":"\n<p><\/p>\n\n\n\n<p>VIVRE LA FRATERNITE AVEC DES PERSONNES DE LA RUE<\/p>\n\n\n\n<p>Reprise de l&rsquo;accueil au centre paroissial de Saint-Germain le 15 d\u00e9cembre 2023<\/p>\n\n\n\n<p>Si vous disposez d&rsquo;un peu de temps pour partager un repas avec les personnes accueillies, passer une nuit sur place avec elles, ou encore participer \u00e0 l&rsquo;entretien des lieux au cours de la journ\u00e9e, rejoignez-nous.<\/p>\n\n\n\n<p>Nous avons besoin de nombreux b\u00e9n\u00e9voles avec une participation \u00ab&nbsp;\u00e0 la carte&nbsp;\u00bb.<\/p>\n\n\n\n<p>Une soir\u00e9e de b\u00e9n\u00e9volat dans tout l\u2019hiver suffit pour que vous apportiez votre pierre \u00e0 la r\u00e9ussite du projet.<\/p>\n\n\n\n<p>Visitez notre site&nbsp;: &nbsp;<a href=\"https:\/\/hiversolidairechatenay.wordpress.com\">https:\/\/hiversolidairechatenay.wordpress.com<\/a><\/p>\n\n\n\n<hr class=\"wp-block-separator has-css-opacity\"\/>\n\n\n\n<p>H\u00e9bergement la nuit l\u2019hiver dans des locaux de la paroisse catholique Saint-Germain l&rsquo;Auxerrois de Ch\u00e2tenay de quelques personnes \u00e0 la rue en lien avec le CCAS.<\/p>\n\n\n\n<p><\/p>\n\n\n\n<p>Contact : 06 73 95 71 62<\/p>\n\n\n\n<p><a href=\"mailto:hiver.solidaire.chatenay@gmail.com\" target=\"_blank\" rel=\"noreferrer noopener\">hiver.solidaire.chatenay@gmail.com<\/a><\/p>\n\n\n\n<p><\/p>\n\n\n\n<p><\/p>\n","protected":false},"excerpt":{"rendered":"<p>VIVRE LA FRATERNITE AVEC DES PERSONNES DE LA RUE Reprise de l&rsquo;accueil au centre paroissial de Saint-Germain le 15 d\u00e9cembre 2023 Si vous disposez d&rsquo;un peu de temps pour partager un repas avec les personnes accueillies, passer une nuit sur place avec elles, ou encore participer \u00e0 l&rsquo;entretien des lieux au cours de la journ\u00e9e, rejoignez-nous. Nous avons besoin de nombreux b\u00e9n\u00e9voles avec une participation \u00ab&nbsp;\u00e0 la carte&nbsp;\u00bb. Une soir\u00e9e de b\u00e9n\u00e9volat dans tout l\u2019hiver suffit pour que vous apportiez <a class=\"more-link\" href=\"https:\/\/paroisses-chatenay.fr\/stgermain\/hiver-solidaire\/\">Lire plus &#8230;<\/a><\/p>\n","protected":false},"author":1,"featured_media":7937,"parent":0,"menu_order":0,"comment_status":"closed","ping_status":"closed","template":"","meta":{"_seopress_robots_primary_cat":"","_seopress_titles_title":"","_seopress_titles_desc":"","_seopress_robots_index":"","jetpack_post_was_ever_published":false,"footnotes":""},"class_list":["post-7633","page","type-page","status-publish","has-post-thumbnail","hentry"],"jetpack_sharing_enabled":true,"jetpack_shortlink":"https:\/\/wp.me\/P8QOZc-1Z7","jetpack_likes_enabled":true,"_links":{"self":[{"href":"https:\/\/paroisses-chatenay.fr\/stgermain\/wp-json\/wp\/v2\/pages\/7633","targetHints":{"allow":["GET"]}}],"collection":[{"href":"https:\/\/paroisses-chatenay.fr\/stgermain\/wp-json\/wp\/v2\/pages"}],"about":[{"href":"https:\/\/paroisses-chatenay.fr\/stgermain\/wp-json\/wp\/v2\/types\/page"}],"author":[{"embeddable":true,"href":"https:\/\/paroisses-chatenay.fr\/stgermain\/wp-json\/wp\/v2\/users\/1"}],"replies":[{"embeddable":true,"href":"https:\/\/paroisses-chatenay.fr\/stgermain\/wp-json\/wp\/v2\/comments?post=7633"}],"version-history":[{"count":3,"href":"https:\/\/paroisses-chatenay.fr\/stgermain\/wp-json\/wp\/v2\/pages\/7633\/revisions"}],"predecessor-version":[{"id":10362,"href":"https:\/\/paroisses-chatenay.fr\/stgermain\/wp-json\/wp\/v2\/pages\/7633\/revisions\/10362"}],"wp:featuredmedia":[{"embeddable":true,"href":"https:\/\/paroisses-chatenay.fr\/stgermain\/wp-json\/wp\/v2\/media\/7937"}],"wp:attachment":[{"href":"https:\/\/paroisses-chatenay.fr\/stgermain\/wp-json\/wp\/v2\/media?parent=7633"}],"curies":[{"name":"wp","href":"https:\/\/api.w.org\/{rel}","templated":true}]}}

<p></p>



<p>VIVRE LA FRATERNITE AVEC DES PERSONNES DE LA RUE</p>



<p>Reprise de l&rsquo;accueil au centre paroissial de Saint-Germain le 15 décembre 2023</p>



<p>Si vous disposez d&rsquo;un peu de temps pour partager un repas avec les personnes accueillies, passer une nuit sur place avec elles, ou encore participer à l&rsquo;entretien des lieux au cours de la journée, rejoignez-nous.</p>



<p>Nous avons besoin de nombreux bénévoles avec une participation «&nbsp;à la carte&nbsp;».</p>



<p>Une soirée de bénévolat dans tout l’hiver suffit pour que vous apportiez votre pierre à la réussite du projet.</p>



<p>Visitez notre site&nbsp;: &nbsp;<a href="https://hiversolidairechatenay.wordpress.com">https://hiversolidairechatenay.wordpress.com</a></p>



<hr class="wp-block-separator has-css-opacity"/>



<p>Hébergement la nuit l’hiver dans des locaux de la paroisse catholique Saint-Germain l&rsquo;Auxerrois de Châtenay de quelques personnes à la rue en lien avec le CCAS.</p>



<p></p>



<p>Contact : 06 73 95 71 62</p>



<p><a href="mailto:hiver.solidaire.chatenay@gmail.com" target="_blank" rel="noreferrer noopener">hiver.solidaire.chatenay@gmail.com</a></p>



<p></p>



<p></p>

<p>VIVRE LA FRATERNITE AVEC DES PERSONNES DE LA RUE Reprise de l&rsquo;accueil au centre paroissial de Saint-Germain le 15 décembre 2023 Si vous disposez d&rsquo;un peu de temps pour partager un repas avec les personnes accueillies, passer une nuit sur place avec elles, ou encore participer à l&rsquo;entretien des lieux au cours de la journée, rejoignez-nous. Nous avons besoin de nombreux bénévoles avec une participation «&nbsp;à la carte&nbsp;». Une soirée de bénévolat dans tout l’hiver suffit pour que vous apportiez <a class="more-link" href="https://paroisses-chatenay.fr/stgermain/hiver-solidaire/">Lire plus &#8230;</a></p>
