{"id":7919,"date":"2021-10-23T09:57:06","date_gmt":"2021-10-23T07:57:06","guid":{"rendered":"https:\/\/paroisses-chatenay.fr\/stgermain\/?page_id=7919"},"modified":"2021-10-23T10:04:21","modified_gmt":"2021-10-23T08:04:21","slug":"christiday-en-route-vers-le-jmj-2023","status":"publish","type":"page","link":"https:\/\/paroisses-chatenay.fr\/stgermain\/christiday-en-route-vers-le-jmj-2023\/","title":{"rendered":"Christiday &#8211; En route vers les JMJ 2023"},"content":{"rendered":"\n<p>A l\u2019appel du pape Fran\u00e7ois, le dioc\u00e8se organise une rencontre&nbsp;<strong>Christiday pour les lyc\u00e9ens (1\u00e8re\/Term.) et jeunes adultes le 21 Novembre 2021 (date de la Journ\u00e9e mondiale de la Jeunesse en dioc\u00e8se).<\/strong><\/p>\n\n\n\n<p><strong>Lieux \u00e0 Boulogne-Billancourt&nbsp;:<br>&nbsp; 10h \u00e0 l\u2019\u00e9glise Sainte-Th\u00e9r\u00e8se pour les jeunes adultes<br>&nbsp; 11h \u00e0 l\u2019\u00e9glise de l\u2019Immacul\u00e9e-Conception pour les lyc\u00e9ens).<\/strong><br><img data-recalc-dims=\"1\" loading=\"lazy\" decoding=\"async\" src=\"https:\/\/i0.wp.com\/diocese92.fr\/squelettes-dist\/puce.gif?resize=8%2C11&#038;ssl=1\" width=\"8\" height=\"11\" alt=\"-\">&nbsp;&nbsp;<strong>18h, Messe tous ensemble \u00e0 l\u2019Immacul\u00e9e Conception.<\/strong><\/p>\n\n\n\n<p><em>Cette journ\u00e9e sera la premi\u00e8re \u00e9tape de l\u2019organisation dioc\u00e9saine pour les JMJ2023 \u00e0 Lisbonne&nbsp;: d\u00e9couverte des \u00e9quipes et r\u00e9f\u00e9rents locaux, planning 2021 \u00e0 2023.<\/em><\/p>\n\n\n\n<p><strong>Programme&nbsp;:&nbsp;<\/strong>une journ\u00e9e de pri\u00e8re et de louange, des t\u00e9moignages, un forum d\u2019initiatives, des activit\u00e9s et des grands jeux.<\/p>\n\n\n\n<p><strong>Pr\u00e9voir un pique-nique pour le d\u00e9jeuner.<\/strong><\/p>\n\n\n\n<p><strong>Informations&nbsp;:<\/strong>&nbsp;<a href=\"mailto:jeunesadultes@diocese92.fr\">jeunesadultes@diocese92.fr<\/a><\/p>\n\n\n\n<p>Plus sur <a rel=\"noreferrer noopener\" href=\"https:\/\/diocese92.fr\/CHRISTIDAY-EN-ROUTE-VERS-LES-JMJ\" target=\"_blank\">https:\/\/diocese92.fr\/CHRISTIDAY-EN-ROUTE-VERS-LES-JMJ<\/a> <\/p>\n\n\n\n<p><strong><u>D\u00e9tail du programme de cette journ\u00e9e pour les lyc\u00e9ens \u00e0 l&rsquo;Immacul\u00e9e Conception :&nbsp;<\/u><\/strong><\/p>\n\n\n\n<p>&#8211; 11h00 Accueil&nbsp;fraternel (mais avec pass sanitaire si toujours en vigueur)<\/p>\n\n\n\n<p>&#8211; Louange \u00ab\u00a0Praise\u00a0\u00bb avec comme Grand t\u00e9moin : Cl\u00e9mence de Calonne : la co-fondatrice de Y&rsquo;a dl&rsquo;a&nbsp;Joie !<\/p>\n\n\n\n<p>&#8211; D\u00e9jeuner tir\u00e9 du sac et forum d&rsquo;initiatives pour que les jeunes se l\u00e8vent !<\/p>\n\n\n\n<p>&#8211; Carrefour sur Ac 26,16 : L\u00e8ve-toi et sois t\u00e9moin !<\/p>\n\n\n\n<p>&#8211; Escape Game dans la Crypte<\/p>\n\n\n\n<p>&#8211; Go\u00fbter&nbsp;offert au couleurs du Portugal<\/p>\n\n\n\n<p>&#8211; Lancement officiel de la dynamique JMJ92<\/p>\n\n\n\n<p>&#8211; 18h00 Messe tous ensemble \u00e0 l&rsquo;Immacul\u00e9e Conception<\/p>\n","protected":false},"excerpt":{"rendered":"<p>A l\u2019appel du pape Fran\u00e7ois, le dioc\u00e8se organise une rencontre&nbsp;Christiday pour les lyc\u00e9ens (1\u00e8re\/Term.) et jeunes adultes le 21 Novembre 2021 (date de la Journ\u00e9e mondiale de la Jeunesse en dioc\u00e8se). Lieux \u00e0 Boulogne-Billancourt&nbsp;:&nbsp; 10h \u00e0 l\u2019\u00e9glise Sainte-Th\u00e9r\u00e8se pour les jeunes adultes&nbsp; 11h \u00e0 l\u2019\u00e9glise de l\u2019Immacul\u00e9e-Conception pour les lyc\u00e9ens).&nbsp;&nbsp;18h, Messe tous ensemble \u00e0 l\u2019Immacul\u00e9e Conception. Cette journ\u00e9e sera la premi\u00e8re \u00e9tape de l\u2019organisation dioc\u00e9saine pour les JMJ2023 \u00e0 Lisbonne&nbsp;: d\u00e9couverte des \u00e9quipes et r\u00e9f\u00e9rents locaux, planning 2021 \u00e0 2023. <a class=\"more-link\" href=\"https:\/\/paroisses-chatenay.fr\/stgermain\/christiday-en-route-vers-le-jmj-2023\/\">Lire plus &#8230;<\/a><\/p>\n","protected":false},"author":1,"featured_media":0,"parent":0,"menu_order":0,"comment_status":"closed","ping_status":"closed","template":"","meta":{"_seopress_robots_primary_cat":"","_seopress_titles_title":"","_seopress_titles_desc":"","_seopress_robots_index":"","jetpack_post_was_ever_published":false,"footnotes":""},"class_list":["post-7919","page","type-page","status-publish","hentry"],"jetpack_sharing_enabled":true,"jetpack_shortlink":"https:\/\/wp.me\/P8QOZc-23J","jetpack_likes_enabled":true,"_links":{"self":[{"href":"https:\/\/paroisses-chatenay.fr\/stgermain\/wp-json\/wp\/v2\/pages\/7919","targetHints":{"allow":["GET"]}}],"collection":[{"href":"https:\/\/paroisses-chatenay.fr\/stgermain\/wp-json\/wp\/v2\/pages"}],"about":[{"href":"https:\/\/paroisses-chatenay.fr\/stgermain\/wp-json\/wp\/v2\/types\/page"}],"author":[{"embeddable":true,"href":"https:\/\/paroisses-chatenay.fr\/stgermain\/wp-json\/wp\/v2\/users\/1"}],"replies":[{"embeddable":true,"href":"https:\/\/paroisses-chatenay.fr\/stgermain\/wp-json\/wp\/v2\/comments?post=7919"}],"version-history":[{"count":3,"href":"https:\/\/paroisses-chatenay.fr\/stgermain\/wp-json\/wp\/v2\/pages\/7919\/revisions"}],"predecessor-version":[{"id":7925,"href":"https:\/\/paroisses-chatenay.fr\/stgermain\/wp-json\/wp\/v2\/pages\/7919\/revisions\/7925"}],"wp:attachment":[{"href":"https:\/\/paroisses-chatenay.fr\/stgermain\/wp-json\/wp\/v2\/media?parent=7919"}],"curies":[{"name":"wp","href":"https:\/\/api.w.org\/{rel}","templated":true}]}}

<p>A l’appel du pape François, le diocèse organise une rencontre&nbsp;<strong>Christiday pour les lycéens (1ère/Term.) et jeunes adultes le 21 Novembre 2021 (date de la Journée mondiale de la Jeunesse en diocèse).</strong></p>



<p><strong>Lieux à Boulogne-Billancourt&nbsp;:<br>&nbsp; 10h à l’église Sainte-Thérèse pour les jeunes adultes<br>&nbsp; 11h à l’église de l’Immaculée-Conception pour les lycéens).</strong><br><img data-recalc-dims="1" loading="lazy" decoding="async" src="https://i0.wp.com/diocese92.fr/squelettes-dist/puce.gif?resize=8%2C11&#038;ssl=1" width="8" height="11" alt="-">&nbsp;&nbsp;<strong>18h, Messe tous ensemble à l’Immaculée Conception.</strong></p>



<p><em>Cette journée sera la première étape de l’organisation diocésaine pour les JMJ2023 à Lisbonne&nbsp;: découverte des équipes et référents locaux, planning 2021 à 2023.</em></p>



<p><strong>Programme&nbsp;:&nbsp;</strong>une journée de prière et de louange, des témoignages, un forum d’initiatives, des activités et des grands jeux.</p>



<p><strong>Prévoir un pique-nique pour le déjeuner.</strong></p>



<p><strong>Informations&nbsp;:</strong>&nbsp;<a href="mailto:jeunesadultes@diocese92.fr">jeunesadultes@diocese92.fr</a></p>



<p>Plus sur <a rel="noreferrer noopener" href="https://diocese92.fr/CHRISTIDAY-EN-ROUTE-VERS-LES-JMJ" target="_blank">https://diocese92.fr/CHRISTIDAY-EN-ROUTE-VERS-LES-JMJ</a> </p>



<p><strong><u>Détail du programme de cette journée pour les lycéens à l&rsquo;Immaculée Conception :&nbsp;</u></strong></p>



<p>&#8211; 11h00 Accueil&nbsp;fraternel (mais avec pass sanitaire si toujours en vigueur)</p>



<p>&#8211; Louange « Praise » avec comme Grand témoin : Clémence de Calonne : la co-fondatrice de Y&rsquo;a dl&rsquo;a&nbsp;Joie !</p>



<p>&#8211; Déjeuner tiré du sac et forum d&rsquo;initiatives pour que les jeunes se lèvent !</p>



<p>&#8211; Carrefour sur Ac 26,16 : Lève-toi et sois témoin !</p>



<p>&#8211; Escape Game dans la Crypte</p>



<p>&#8211; Goûter&nbsp;offert au couleurs du Portugal</p>



<p>&#8211; Lancement officiel de la dynamique JMJ92</p>



<p>&#8211; 18h00 Messe tous ensemble à l&rsquo;Immaculée Conception</p>

<p>A l’appel du pape François, le diocèse organise une rencontre&nbsp;Christiday pour les lycéens (1ère/Term.) et jeunes adultes le 21 Novembre 2021 (date de la Journée mondiale de la Jeunesse en diocèse). Lieux à Boulogne-Billancourt&nbsp;:&nbsp; 10h à l’église Sainte-Thérèse pour les jeunes adultes&nbsp; 11h à l’église de l’Immaculée-Conception pour les lycéens).&nbsp;&nbsp;18h, Messe tous ensemble à l’Immaculée Conception. Cette journée sera la première étape de l’organisation diocésaine pour les JMJ2023 à Lisbonne&nbsp;: découverte des équipes et référents locaux, planning 2021 à 2023. <a class="more-link" href="https://paroisses-chatenay.fr/stgermain/christiday-en-route-vers-le-jmj-2023/">Lire plus &#8230;</a></p>
