{"id":8468,"date":"2022-01-22T13:03:00","date_gmt":"2022-01-22T12:03:00","guid":{"rendered":"https:\/\/paroisses-chatenay.fr\/stgermain\/?page_id=8468"},"modified":"2022-01-22T13:03:02","modified_gmt":"2022-01-22T12:03:02","slug":"archives-j3p-2021","status":"publish","type":"page","link":"https:\/\/paroisses-chatenay.fr\/stgermain\/archives-j3p-2021\/","title":{"rendered":"Archives J3P 2021"},"content":{"rendered":"\n<p>J3P <a href=\"http:\/\/www.paroisses-chatenay.fr\/stgermain\/wp-content\/uploads\/2021\/06\/J3P-n\u00b066-20-06-au-19-09-21.pdf\" target=\"_blank\" rel=\"noopener\">n\u00b066 du 20 Juin au 19 Septembre 2021<\/a><br><strong>Le bouchon de juin\u2026<\/strong><br>Juin est traditionnellement un mois sous le signe des bouchons et des bulles. Toute ressemblance avec une boisson l\u00e9g\u00e8rement alcoolis\u00e9e et remplie de bulles ne serait pas du tout l\u2019effet du hasard.<br>Le bouchon (ou l\u2019entonnoir, ou le goulot d\u2019\u00e9tranglement) de juin : tout ce qu\u2019on a<br>ambitionn\u00e9 de faire avant les vacances d\u2019\u00e9t\u00e9, en terme de c\u00e9l\u00e9brations (bapt\u00eames, communions, confirmations, professions de foi, divers), en termes de grands rassemblements, d\u2019anniversaires d\u2019ordinations ou autres, d\u2019adieux, de relectures d\u2019ann\u00e9es pour pr\u00e9parer la rentr\u00e9e sur de bonnes bases, il faut les caser, c\u2019est maintenant ou jamais &#8230;<\/p>\n\n\n\n<hr class=\"wp-block-separator\"\/>\n\n\n\n<p>J3P <a href=\"http:\/\/www.paroisses-chatenay.fr\/stgermain\/wp-content\/uploads\/2021\/05\/J3P-n\u00b065-23-05-au-20-06-21.pdf\" target=\"_blank\" rel=\"noopener\">n\u00b065 du 24 Mai au 19 Juin 2021<\/a><br><strong>Joseph ou la saintet\u00e9 qui s\u2019adapte<\/strong><br>Mai, mois de Marie (voir en page 2). Je vais donc vous parler de Joseph. Il y aurait certes beaucoup \u00e0 dire sur le COVID, les incertitudes sur le contenu effectif des ouvertures gouvernementales, les casse-t\u00eates permanents sur les projets qu\u2019on peut faire ou pas faire \u00e0 telle date, ceci cela etc&#8230; \u00e7a pourrait vous, me, lasser. C\u2019est devenu la routine : je sais que je ne sais rien. Et puis est tomb\u00e9 du ciel romain ce texte saisissant, \u00ab Avec un c\u0153ur de p\u00e8re \u00bb (Patris Corde en latin) : \u00e7a parle aussi (en mieux), de ce qui nous pr\u00e9occupe, de notre actualit\u00e9<br>covidifi\u00e9e. Le livret propos\u00e9 par le dioc\u00e8se nous aidera s\u00fbrement \u00e0 en faire notre miel. En attendant, voici quelques perles vues de ma fen\u00eatre, et paresseusement vol\u00e9es dans le texte lui-m\u00eame &#8230;<\/p>\n\n\n\n<hr class=\"wp-block-separator\"\/>\n\n\n\n<p>J3P <a href=\"http:\/\/www.paroisses-chatenay.fr\/stgermain\/wp-content\/uploads\/2021\/04\/J3P-n\u00b064-18-04-au-23-05-21.pdf\" target=\"_blank\" rel=\"noopener\">n\u00b064 du 18 Avril au 23 Mai 2021<\/a><br><strong>Chaleurs et incertitudes<\/strong><br>Le bonheur de se retrouver dans les diverses c\u00e9l\u00e9brations pascales, les bapt\u00eames de Marie-Gr\u00e2ce, No\u00e9mie, Korumba, \u00c9lodie et Charles, la multiplication des P\u00e2querettes sur nos prairies et la sortie du soleil de printemps m\u00eame froid\u2026, il y a dans l\u2019air comme un soup\u00e7on de r\u00e9chauffement climatique spirituel, une envie de se mettre en mouvement ensemble. En \u00ab pr\u00e9sentiel \u00bb ou en \u00ab visio \u00bb, nos diverses \u00e9quipes pastorales et autres conseils de communaut\u00e9s continuent \u00e0 faire des projets anciens ou nouveaux, tout en tenant compte des nombreux \u00ab rattrapages \u00bb dont je parlais dans le pr\u00e9c\u00e9dent \u00e9dito, et de la limitation des horaires disponibles pour les raisons que vous savez.<br>&#8230;\/&#8230;<\/p>\n\n\n\n<hr class=\"wp-block-separator\"\/>\n\n\n\n<p><br>J3P <a href=\"http:\/\/www.paroisses-chatenay.fr\/stgermain\/wp-content\/uploads\/2021\/03\/J3P-n%C2%B063-21-03-au-18-04-21.pdf\" target=\"_blank\" rel=\"noopener\">n\u00b063 du 22 Mars au 18 Avril 2021<\/a><br>Embouteillage : Le temps est court, et le couvre-feu r\u00e9duit les espaces possibles de rencontres ou de c\u00e9l\u00e9brations, concentr\u00e9s sur les samedi et dimanche avant 19h. Les jauges &#8230;<br>ENCYCLIQUE FRATELLI TUTTI : Les membres de l\u2019\u00e9quipe de r\u00e9daction du J3P ont choisi quelques paragraphes tir\u00e9s de l\u2019encyclique, pour donner envie de d\u00e9couvrir cette fraternit\u00e9 dont parle le pape Fran\u00e7ois et \u00e0 laquelle nous sommes tous appel\u00e9s.<br>CCFD Terre Solidaire<br>&#8230;\/&#8230;<br><br>J3P <a href=\"http:\/\/www.paroisses-chatenay.fr\/stgermain\/wp-content\/uploads\/2021\/02\/J3P-n%C2%B062-14-02-au-21-03-21.pdf\" target=\"_blank\" rel=\"noopener\">n\u00b062 du 14 F\u00e9vrier au 21 Mars 2021. <\/a><br>14 jeunes de notre aum\u00f4nerie et de celle de Meudon-la-For\u00eat ont re\u00e7u le sacrement de confirmation, samedi 30 janvier &#8230;<\/p>\n\n\n\n<p>J3P <a href=\"http:\/\/www.paroisses-chatenay.fr\/stgermain\/wp-content\/uploads\/2021\/01\/J3P-n\u00b061.pdf\" target=\"_blank\" rel=\"noopener\">n\u00b061 du 17 Janvier au 14 F\u00e9vrier 2021<\/a><br>Laurence R\u00e9zeau, pr\u00e9sidente de Chr\u00e9tiens ensemble, l\u2019association \u0153cum\u00e9nique de la r\u00e9gion de Bourg-la-Reine, nous a offert un \u00e9dito cl\u00e9-en-mains pour les feuilles paroissiales et les sites de notre bassin de rencontre \u0153cum\u00e9nique<\/p>\n\n\n\n<p>J3P <a href=\"http:\/\/www.paroisses-chatenay.fr\/stgermain\/wp-content\/uploads\/2020\/12\/J3P-n\u00b060.pdf\" target=\"_blank\" rel=\"noopener\">n\u00b060 du 14 D\u00e9cembre au 17 Janvier 2021<\/a><br>Nous y sommes. Et il y a de quoi attraper le tournis : valse des \u00ab jauges \u00bb, tango des bonnes et mauvaises nouvelles\u2026<\/p>\n","protected":false},"excerpt":{"rendered":"<p>J3P n\u00b066 du 20 Juin au 19 Septembre 2021Le bouchon de juin\u2026Juin est traditionnellement un mois sous le signe des bouchons et des bulles. Toute ressemblance avec une boisson l\u00e9g\u00e8rement alcoolis\u00e9e et remplie de bulles ne serait pas du tout l\u2019effet du hasard.Le bouchon (ou l\u2019entonnoir, ou le goulot d\u2019\u00e9tranglement) de juin : tout ce qu\u2019on aambitionn\u00e9 de faire avant les vacances d\u2019\u00e9t\u00e9, en terme de c\u00e9l\u00e9brations (bapt\u00eames, communions, confirmations, professions de foi, divers), en termes de grands rassemblements, d\u2019anniversaires <a class=\"more-link\" href=\"https:\/\/paroisses-chatenay.fr\/stgermain\/archives-j3p-2021\/\">Lire plus &#8230;<\/a><\/p>\n","protected":false},"author":1,"featured_media":0,"parent":0,"menu_order":0,"comment_status":"closed","ping_status":"closed","template":"","meta":{"_seopress_robots_primary_cat":"","_seopress_titles_title":"","_seopress_titles_desc":"","_seopress_robots_index":"","jetpack_post_was_ever_published":false,"footnotes":""},"class_list":["post-8468","page","type-page","status-publish","hentry"],"jetpack_sharing_enabled":true,"jetpack_shortlink":"https:\/\/wp.me\/P8QOZc-2cA","jetpack_likes_enabled":true,"_links":{"self":[{"href":"https:\/\/paroisses-chatenay.fr\/stgermain\/wp-json\/wp\/v2\/pages\/8468","targetHints":{"allow":["GET"]}}],"collection":[{"href":"https:\/\/paroisses-chatenay.fr\/stgermain\/wp-json\/wp\/v2\/pages"}],"about":[{"href":"https:\/\/paroisses-chatenay.fr\/stgermain\/wp-json\/wp\/v2\/types\/page"}],"author":[{"embeddable":true,"href":"https:\/\/paroisses-chatenay.fr\/stgermain\/wp-json\/wp\/v2\/users\/1"}],"replies":[{"embeddable":true,"href":"https:\/\/paroisses-chatenay.fr\/stgermain\/wp-json\/wp\/v2\/comments?post=8468"}],"version-history":[{"count":1,"href":"https:\/\/paroisses-chatenay.fr\/stgermain\/wp-json\/wp\/v2\/pages\/8468\/revisions"}],"predecessor-version":[{"id":8470,"href":"https:\/\/paroisses-chatenay.fr\/stgermain\/wp-json\/wp\/v2\/pages\/8468\/revisions\/8470"}],"wp:attachment":[{"href":"https:\/\/paroisses-chatenay.fr\/stgermain\/wp-json\/wp\/v2\/media?parent=8468"}],"curies":[{"name":"wp","href":"https:\/\/api.w.org\/{rel}","templated":true}]}}

<p>J3P <a href="http://www.paroisses-chatenay.fr/stgermain/wp-content/uploads/2021/06/J3P-n°66-20-06-au-19-09-21.pdf" target="_blank" rel="noopener">n°66 du 20 Juin au 19 Septembre 2021</a><br><strong>Le bouchon de juin…</strong><br>Juin est traditionnellement un mois sous le signe des bouchons et des bulles. Toute ressemblance avec une boisson légèrement alcoolisée et remplie de bulles ne serait pas du tout l’effet du hasard.<br>Le bouchon (ou l’entonnoir, ou le goulot d’étranglement) de juin : tout ce qu’on a<br>ambitionné de faire avant les vacances d’été, en terme de célébrations (baptêmes, communions, confirmations, professions de foi, divers), en termes de grands rassemblements, d’anniversaires d’ordinations ou autres, d’adieux, de relectures d’années pour préparer la rentrée sur de bonnes bases, il faut les caser, c’est maintenant ou jamais &#8230;</p>



<hr class="wp-block-separator"/>



<p>J3P <a href="http://www.paroisses-chatenay.fr/stgermain/wp-content/uploads/2021/05/J3P-n°65-23-05-au-20-06-21.pdf" target="_blank" rel="noopener">n°65 du 24 Mai au 19 Juin 2021</a><br><strong>Joseph ou la sainteté qui s’adapte</strong><br>Mai, mois de Marie (voir en page 2). Je vais donc vous parler de Joseph. Il y aurait certes beaucoup à dire sur le COVID, les incertitudes sur le contenu effectif des ouvertures gouvernementales, les casse-têtes permanents sur les projets qu’on peut faire ou pas faire à telle date, ceci cela etc&#8230; ça pourrait vous, me, lasser. C’est devenu la routine : je sais que je ne sais rien. Et puis est tombé du ciel romain ce texte saisissant, « Avec un cœur de père » (Patris Corde en latin) : ça parle aussi (en mieux), de ce qui nous préoccupe, de notre actualité<br>covidifiée. Le livret proposé par le diocèse nous aidera sûrement à en faire notre miel. En attendant, voici quelques perles vues de ma fenêtre, et paresseusement volées dans le texte lui-même &#8230;</p>



<hr class="wp-block-separator"/>



<p>J3P <a href="http://www.paroisses-chatenay.fr/stgermain/wp-content/uploads/2021/04/J3P-n°64-18-04-au-23-05-21.pdf" target="_blank" rel="noopener">n°64 du 18 Avril au 23 Mai 2021</a><br><strong>Chaleurs et incertitudes</strong><br>Le bonheur de se retrouver dans les diverses célébrations pascales, les baptêmes de Marie-Grâce, Noémie, Korumba, Élodie et Charles, la multiplication des Pâquerettes sur nos prairies et la sortie du soleil de printemps même froid…, il y a dans l’air comme un soupçon de réchauffement climatique spirituel, une envie de se mettre en mouvement ensemble. En « présentiel » ou en « visio », nos diverses équipes pastorales et autres conseils de communautés continuent à faire des projets anciens ou nouveaux, tout en tenant compte des nombreux « rattrapages » dont je parlais dans le précédent édito, et de la limitation des horaires disponibles pour les raisons que vous savez.<br>&#8230;/&#8230;</p>



<hr class="wp-block-separator"/>



<p><br>J3P <a href="http://www.paroisses-chatenay.fr/stgermain/wp-content/uploads/2021/03/J3P-n%C2%B063-21-03-au-18-04-21.pdf" target="_blank" rel="noopener">n°63 du 22 Mars au 18 Avril 2021</a><br>Embouteillage : Le temps est court, et le couvre-feu réduit les espaces possibles de rencontres ou de célébrations, concentrés sur les samedi et dimanche avant 19h. Les jauges &#8230;<br>ENCYCLIQUE FRATELLI TUTTI : Les membres de l’équipe de rédaction du J3P ont choisi quelques paragraphes tirés de l’encyclique, pour donner envie de découvrir cette fraternité dont parle le pape François et à laquelle nous sommes tous appelés.<br>CCFD Terre Solidaire<br>&#8230;/&#8230;<br><br>J3P <a href="http://www.paroisses-chatenay.fr/stgermain/wp-content/uploads/2021/02/J3P-n%C2%B062-14-02-au-21-03-21.pdf" target="_blank" rel="noopener">n°62 du 14 Février au 21 Mars 2021. </a><br>14 jeunes de notre aumônerie et de celle de Meudon-la-Forêt ont reçu le sacrement de confirmation, samedi 30 janvier &#8230;</p>



<p>J3P <a href="http://www.paroisses-chatenay.fr/stgermain/wp-content/uploads/2021/01/J3P-n°61.pdf" target="_blank" rel="noopener">n°61 du 17 Janvier au 14 Février 2021</a><br>Laurence Rézeau, présidente de Chrétiens ensemble, l’association œcuménique de la région de Bourg-la-Reine, nous a offert un édito clé-en-mains pour les feuilles paroissiales et les sites de notre bassin de rencontre œcuménique</p>



<p>J3P <a href="http://www.paroisses-chatenay.fr/stgermain/wp-content/uploads/2020/12/J3P-n°60.pdf" target="_blank" rel="noopener">n°60 du 14 Décembre au 17 Janvier 2021</a><br>Nous y sommes. Et il y a de quoi attraper le tournis : valse des « jauges », tango des bonnes et mauvaises nouvelles…</p>

<p>J3P n°66 du 20 Juin au 19 Septembre 2021Le bouchon de juin…Juin est traditionnellement un mois sous le signe des bouchons et des bulles. Toute ressemblance avec une boisson légèrement alcoolisée et remplie de bulles ne serait pas du tout l’effet du hasard.Le bouchon (ou l’entonnoir, ou le goulot d’étranglement) de juin : tout ce qu’on aambitionné de faire avant les vacances d’été, en terme de célébrations (baptêmes, communions, confirmations, professions de foi, divers), en termes de grands rassemblements, d’anniversaires <a class="more-link" href="https://paroisses-chatenay.fr/stgermain/archives-j3p-2021/">Lire plus &#8230;</a></p>
